{"id":72,"date":"2022-07-19T21:11:39","date_gmt":"2022-07-19T21:11:39","guid":{"rendered":"https:\/\/derecho.udd.cl\/doctorado\/?page_id=72"},"modified":"2022-08-09T15:15:20","modified_gmt":"2022-08-09T15:15:20","slug":"linea-derechos-fundamentales-e-instituciones-politicas","status":"publish","type":"page","link":"https:\/\/derecho.udd.cl\/doctorado\/linea-derechos-fundamentales-e-instituciones-politicas\/","title":{"rendered":"L\u00cdNEA DERECHOS FUNDAMENTALES E INSTITUCIONES POL\u00cdTICAS"},"content":{"rendered":"\n<figure class=\"wp-block-image size-large is-resized\"><img loading=\"lazy\" decoding=\"async\" src=\"https:\/\/derecho.udd.cl\/doctorado\/files\/2022\/07\/court-hammer-and-books-judgment-and-law-concept-1024x683.jpeg\" alt=\"\" class=\"wp-image-267\" width=\"768\" height=\"512\" srcset=\"https:\/\/derecho.udd.cl\/doctorado\/files\/2022\/07\/court-hammer-and-books-judgment-and-law-concept-1024x683.jpeg 1024w, https:\/\/derecho.udd.cl\/doctorado\/files\/2022\/07\/court-hammer-and-books-judgment-and-law-concept-300x200.jpeg 300w, https:\/\/derecho.udd.cl\/doctorado\/files\/2022\/07\/court-hammer-and-books-judgment-and-law-concept-768x512.jpeg 768w, https:\/\/derecho.udd.cl\/doctorado\/files\/2022\/07\/court-hammer-and-books-judgment-and-law-concept-1536x1024.jpeg 1536w, https:\/\/derecho.udd.cl\/doctorado\/files\/2022\/07\/court-hammer-and-books-judgment-and-law-concept-2048x1365.jpeg 2048w\" sizes=\"auto, (max-width: 768px) 100vw, 768px\" \/><\/figure>\n\n\n\n<p>Esta l\u00ednea se enfoca en el Derecho P\u00fablico (Derecho Constitucional, Derecho Administrativo, Derecho Pol\u00edtico, Teor\u00eda Constitucional), aunque reconociendo la transversalidad de estas materias, se extiende a otras ramas complementarias (por ej., Historia del Derecho, Filosof\u00eda del Derecho). Su objeto se vincula estrechamente al trabajo del Centro de Justicia Constitucional, promoviendo el desarrollo de la dogm\u00e1tica publicista nacional.<\/p>\n","protected":false},"excerpt":{"rendered":"<p>Esta l\u00ednea se enfoca en el Derecho P\u00fablico (Derecho Constitucional, Derecho Administrativo, Derecho Pol\u00edtico, Teor\u00eda Constitucional), aunque reconociendo la transversalidad de estas materias, se extiende a otras ramas complementarias (por ej., Historia del Derecho, Filosof\u00eda del Derecho). Su objeto se vincula estrechamente al trabajo del Centro de Justicia Constitucional, promoviendo el desarrollo de la dogm\u00e1tica [&hellip;]<\/p>\n","protected":false},"author":70,"featured_media":0,"parent":0,"menu_order":0,"comment_status":"closed","ping_status":"closed","template":"","meta":{"footnotes":""},"class_list":["post-72","page","type-page","status-publish","hentry"],"yoast_head":"<!-- This site is optimized with the Yoast SEO plugin v26.9 - https:\/\/yoast.com\/product\/yoast-seo-wordpress\/ -->\n<title>L\u00cdNEA DERECHOS FUNDAMENTALES E INSTITUCIONES POL\u00cdTICAS - DOCTORADO EN DERECHO<\/title>\n<meta name=\"robots\" content=\"index, follow, max-snippet:-1, max-image-preview:large, max-video-preview:-1\" \/>\n<link rel=\"canonical\" href=\"https:\/\/derecho.udd.cl\/doctorado\/linea-derechos-fundamentales-e-instituciones-politicas\/\" \/>\n<meta property=\"og:locale\" content=\"es_ES\" \/>\n<meta property=\"og:type\" content=\"article\" \/>\n<meta property=\"og:title\" content=\"L\u00cdNEA DERECHOS FUNDAMENTALES E INSTITUCIONES POL\u00cdTICAS - DOCTORADO EN DERECHO\" \/>\n<meta property=\"og:description\" content=\"Esta l\u00ednea se enfoca en el Derecho P\u00fablico (Derecho Constitucional, Derecho Administrativo, Derecho Pol\u00edtico, Teor\u00eda Constitucional), aunque reconociendo la transversalidad de estas materias, se extiende a otras ramas complementarias (por ej., Historia del Derecho, Filosof\u00eda del Derecho). Su objeto se vincula estrechamente al trabajo del Centro de Justicia Constitucional, promoviendo el desarrollo de la dogm\u00e1tica [&hellip;]\" \/>\n<meta property=\"og:url\" content=\"https:\/\/derecho.udd.cl\/doctorado\/linea-derechos-fundamentales-e-instituciones-politicas\/\" \/>\n<meta property=\"og:site_name\" content=\"DOCTORADO EN DERECHO\" \/>\n<meta property=\"article:modified_time\" content=\"2022-08-09T15:15:20+00:00\" \/>\n<meta property=\"og:image\" content=\"https:\/\/derecho.udd.cl\/doctorado\/files\/2022\/07\/court-hammer-and-books-judgment-and-law-concept-1024x683.jpeg\" \/>\n<meta name=\"twitter:card\" content=\"summary_large_image\" \/>\n<script type=\"application\/ld+json\" class=\"yoast-schema-graph\">{\"@context\":\"https:\/\/schema.org\",\"@graph\":[{\"@type\":\"WebPage\",\"@id\":\"https:\/\/derecho.udd.cl\/doctorado\/linea-derechos-fundamentales-e-instituciones-politicas\/\",\"url\":\"https:\/\/derecho.udd.cl\/doctorado\/linea-derechos-fundamentales-e-instituciones-politicas\/\",\"name\":\"L\u00cdNEA DERECHOS FUNDAMENTALES E INSTITUCIONES POL\u00cdTICAS - DOCTORADO EN DERECHO\",\"isPartOf\":{\"@id\":\"https:\/\/derecho.udd.cl\/doctorado\/#website\"},\"primaryImageOfPage\":{\"@id\":\"https:\/\/derecho.udd.cl\/doctorado\/linea-derechos-fundamentales-e-instituciones-politicas\/#primaryimage\"},\"image\":{\"@id\":\"https:\/\/derecho.udd.cl\/doctorado\/linea-derechos-fundamentales-e-instituciones-politicas\/#primaryimage\"},\"thumbnailUrl\":\"https:\/\/derecho.udd.cl\/doctorado\/files\/2022\/07\/court-hammer-and-books-judgment-and-law-concept-1024x683.jpeg\",\"datePublished\":\"2022-07-19T21:11:39+00:00\",\"dateModified\":\"2022-08-09T15:15:20+00:00\",\"breadcrumb\":{\"@id\":\"https:\/\/derecho.udd.cl\/doctorado\/linea-derechos-fundamentales-e-instituciones-politicas\/#breadcrumb\"},\"inLanguage\":\"es\",\"potentialAction\":[{\"@type\":\"ReadAction\",\"target\":[\"https:\/\/derecho.udd.cl\/doctorado\/linea-derechos-fundamentales-e-instituciones-politicas\/\"]}]},{\"@type\":\"ImageObject\",\"inLanguage\":\"es\",\"@id\":\"https:\/\/derecho.udd.cl\/doctorado\/linea-derechos-fundamentales-e-instituciones-politicas\/#primaryimage\",\"url\":\"https:\/\/derecho.udd.cl\/doctorado\/files\/2022\/07\/court-hammer-and-books-judgment-and-law-concept-1024x683.jpeg\",\"contentUrl\":\"https:\/\/derecho.udd.cl\/doctorado\/files\/2022\/07\/court-hammer-and-books-judgment-and-law-concept-1024x683.jpeg\"},{\"@type\":\"BreadcrumbList\",\"@id\":\"https:\/\/derecho.udd.cl\/doctorado\/linea-derechos-fundamentales-e-instituciones-politicas\/#breadcrumb\",\"itemListElement\":[{\"@type\":\"ListItem\",\"position\":1,\"name\":\"Portada\",\"item\":\"https:\/\/derecho.udd.cl\/doctorado\/\"},{\"@type\":\"ListItem\",\"position\":2,\"name\":\"L\u00cdNEA DERECHOS FUNDAMENTALES E INSTITUCIONES POL\u00cdTICAS\"}]},{\"@type\":\"WebSite\",\"@id\":\"https:\/\/derecho.udd.cl\/doctorado\/#website\",\"url\":\"https:\/\/derecho.udd.cl\/doctorado\/\",\"name\":\"DOCTORADO EN DERECHO\",\"description\":\"Facultad de Derecho UDD\",\"inLanguage\":\"es\"}]}<\/script>\n<!-- \/ Yoast SEO plugin. -->","yoast_head_json":{"title":"L\u00cdNEA DERECHOS FUNDAMENTALES E INSTITUCIONES POL\u00cdTICAS - DOCTORADO EN DERECHO","robots":{"index":"index","follow":"follow","max-snippet":"max-snippet:-1","max-image-preview":"max-image-preview:large","max-video-preview":"max-video-preview:-1"},"canonical":"https:\/\/derecho.udd.cl\/doctorado\/linea-derechos-fundamentales-e-instituciones-politicas\/","og_locale":"es_ES","og_type":"article","og_title":"L\u00cdNEA DERECHOS FUNDAMENTALES E INSTITUCIONES POL\u00cdTICAS - DOCTORADO EN DERECHO","og_description":"Esta l\u00ednea se enfoca en el Derecho P\u00fablico (Derecho Constitucional, Derecho Administrativo, Derecho Pol\u00edtico, Teor\u00eda Constitucional), aunque reconociendo la transversalidad de estas materias, se extiende a otras ramas complementarias (por ej., Historia del Derecho, Filosof\u00eda del Derecho). Su objeto se vincula estrechamente al trabajo del Centro de Justicia Constitucional, promoviendo el desarrollo de la dogm\u00e1tica [&hellip;]","og_url":"https:\/\/derecho.udd.cl\/doctorado\/linea-derechos-fundamentales-e-instituciones-politicas\/","og_site_name":"DOCTORADO EN DERECHO","article_modified_time":"2022-08-09T15:15:20+00:00","og_image":[{"url":"https:\/\/derecho.udd.cl\/doctorado\/files\/2022\/07\/court-hammer-and-books-judgment-and-law-concept-1024x683.jpeg","type":"","width":"","height":""}],"twitter_card":"summary_large_image","schema":{"@context":"https:\/\/schema.org","@graph":[{"@type":"WebPage","@id":"https:\/\/derecho.udd.cl\/doctorado\/linea-derechos-fundamentales-e-instituciones-politicas\/","url":"https:\/\/derecho.udd.cl\/doctorado\/linea-derechos-fundamentales-e-instituciones-politicas\/","name":"L\u00cdNEA DERECHOS FUNDAMENTALES E INSTITUCIONES POL\u00cdTICAS - DOCTORADO EN DERECHO","isPartOf":{"@id":"https:\/\/derecho.udd.cl\/doctorado\/#website"},"primaryImageOfPage":{"@id":"https:\/\/derecho.udd.cl\/doctorado\/linea-derechos-fundamentales-e-instituciones-politicas\/#primaryimage"},"image":{"@id":"https:\/\/derecho.udd.cl\/doctorado\/linea-derechos-fundamentales-e-instituciones-politicas\/#primaryimage"},"thumbnailUrl":"https:\/\/derecho.udd.cl\/doctorado\/files\/2022\/07\/court-hammer-and-books-judgment-and-law-concept-1024x683.jpeg","datePublished":"2022-07-19T21:11:39+00:00","dateModified":"2022-08-09T15:15:20+00:00","breadcrumb":{"@id":"https:\/\/derecho.udd.cl\/doctorado\/linea-derechos-fundamentales-e-instituciones-politicas\/#breadcrumb"},"inLanguage":"es","potentialAction":[{"@type":"ReadAction","target":["https:\/\/derecho.udd.cl\/doctorado\/linea-derechos-fundamentales-e-instituciones-politicas\/"]}]},{"@type":"ImageObject","inLanguage":"es","@id":"https:\/\/derecho.udd.cl\/doctorado\/linea-derechos-fundamentales-e-instituciones-politicas\/#primaryimage","url":"https:\/\/derecho.udd.cl\/doctorado\/files\/2022\/07\/court-hammer-and-books-judgment-and-law-concept-1024x683.jpeg","contentUrl":"https:\/\/derecho.udd.cl\/doctorado\/files\/2022\/07\/court-hammer-and-books-judgment-and-law-concept-1024x683.jpeg"},{"@type":"BreadcrumbList","@id":"https:\/\/derecho.udd.cl\/doctorado\/linea-derechos-fundamentales-e-instituciones-politicas\/#breadcrumb","itemListElement":[{"@type":"ListItem","position":1,"name":"Portada","item":"https:\/\/derecho.udd.cl\/doctorado\/"},{"@type":"ListItem","position":2,"name":"L\u00cdNEA DERECHOS FUNDAMENTALES E INSTITUCIONES POL\u00cdTICAS"}]},{"@type":"WebSite","@id":"https:\/\/derecho.udd.cl\/doctorado\/#website","url":"https:\/\/derecho.udd.cl\/doctorado\/","name":"DOCTORADO EN DERECHO","description":"Facultad de Derecho UDD","inLanguage":"es"}]}},"_links":{"self":[{"href":"https:\/\/derecho.udd.cl\/doctorado\/wp-json\/wp\/v2\/pages\/72","targetHints":{"allow":["GET"]}}],"collection":[{"href":"https:\/\/derecho.udd.cl\/doctorado\/wp-json\/wp\/v2\/pages"}],"about":[{"href":"https:\/\/derecho.udd.cl\/doctorado\/wp-json\/wp\/v2\/types\/page"}],"author":[{"embeddable":true,"href":"https:\/\/derecho.udd.cl\/doctorado\/wp-json\/wp\/v2\/users\/70"}],"replies":[{"embeddable":true,"href":"https:\/\/derecho.udd.cl\/doctorado\/wp-json\/wp\/v2\/comments?post=72"}],"version-history":[{"count":8,"href":"https:\/\/derecho.udd.cl\/doctorado\/wp-json\/wp\/v2\/pages\/72\/revisions"}],"predecessor-version":[{"id":442,"href":"https:\/\/derecho.udd.cl\/doctorado\/wp-json\/wp\/v2\/pages\/72\/revisions\/442"}],"wp:attachment":[{"href":"https:\/\/derecho.udd.cl\/doctorado\/wp-json\/wp\/v2\/media?parent=72"}],"curies":[{"name":"wp","href":"https:\/\/api.w.org\/{rel}","templated":true}]}}