{"id":1351,"date":"2022-05-02T17:05:50","date_gmt":"2022-05-02T17:05:50","guid":{"rendered":"http:\/\/derecho.udd.cl\/clinica-juridica-concepcion\/?post_type=person&#038;p=1351"},"modified":"2026-04-17T12:55:38","modified_gmt":"2026-04-17T16:55:38","slug":"cristobal-silva-schultz-2","status":"publish","type":"person","link":"https:\/\/derecho.udd.cl\/clinica-juridica-concepcion\/persona\/cristobal-silva-schultz-2\/","title":{"rendered":"Crist\u00f3bal  Silva Schultz"},"content":{"rendered":"<p>\u00c1rea de Tramitaci\u00f3n Civil<\/p>\n","protected":false},"author":70,"featured_media":1348,"template":"","people_tax":[],"class_list":["post-1351","person","type-person","status-publish","has-post-thumbnail","hentry"],"email":"","tel_job":"","role":"Profesor Cl\u00ednica Jur\u00eddica","modal":"<div class=\"person-modal person-modal--scl\">\n<header class=\"person-modal__header\">\n<div class=\"person-modal__bg\"><\/div>\n<div class=\"modal-container\">\n<div class=\"person-modal__media\">\n\t\t\t\t<img decoding=\"async\" width=\"500\" height=\"500\" src=\"https:\/\/derecho.udd.cl\/clinica-juridica-concepcion\/files\/2022\/05\/CSilva-62x62.png\" class=\"person-modal__image wp-post-image lazyload\" alt=\"\" loading=\"lazy\" data-src=\"https:\/\/derecho.udd.cl\/clinica-juridica-concepcion\/files\/2022\/05\/CSilva-500x500.png\" data-srcset=\"https:\/\/derecho.udd.cl\/clinica-juridica-concepcion\/files\/2022\/05\/CSilva-500x500.png 500w, https:\/\/derecho.udd.cl\/clinica-juridica-concepcion\/files\/2022\/05\/CSilva-150x150.png 150w, https:\/\/derecho.udd.cl\/clinica-juridica-concepcion\/files\/2022\/05\/CSilva-62x62.png 62w, https:\/\/derecho.udd.cl\/clinica-juridica-concepcion\/files\/2022\/05\/CSilva-750x750.png 750w, https:\/\/derecho.udd.cl\/clinica-juridica-concepcion\/files\/2022\/05\/CSilva-250x250.png 250w, https:\/\/derecho.udd.cl\/clinica-juridica-concepcion\/files\/2022\/05\/CSilva-126x126.png 126w\" \/>\t\t\t<\/div>\n<div class=\"person-modal__data\">\n<h1 class=\"person-modal__name\">Crist\u00f3bal  Silva Schultz<\/h1>\n<p>\t\t\t\t\t\t\t<span class=\"person-modal__description\">Profesor Cl\u00ednica Jur\u00eddica<\/span>\n\t\t\t\t\t\t\t\t\t\t\t\t\t\t\t<\/div>\n<\/p><\/div>\n<\/header>\n<div class=\"modal-container\">\n<div class=\"person-modal__content text\">\n<p>\u00c1rea de Tramitaci\u00f3n Civil<\/p>\n<ul>\n<li>Abogado Universidad del Desarrollo<\/li>\n<li>LLM International Economic Law, University of Edinburgh<\/li>\n<li>Mag\u00edster Derecho Privado Universidad de Concepci\u00f3n<\/li>\n<\/ul>\n<p>\u00c1rea de Tramitaci\u00f3n Civil<\/p>\n<\/p><\/div>\n<\/p><\/div>\n<\/div>\n","_links":{"self":[{"href":"https:\/\/derecho.udd.cl\/clinica-juridica-concepcion\/wp-json\/wp\/v2\/people\/1351","targetHints":{"allow":["GET"]}}],"collection":[{"href":"https:\/\/derecho.udd.cl\/clinica-juridica-concepcion\/wp-json\/wp\/v2\/people"}],"about":[{"href":"https:\/\/derecho.udd.cl\/clinica-juridica-concepcion\/wp-json\/wp\/v2\/types\/person"}],"author":[{"embeddable":true,"href":"https:\/\/derecho.udd.cl\/clinica-juridica-concepcion\/wp-json\/wp\/v2\/users\/70"}],"version-history":[{"count":1,"href":"https:\/\/derecho.udd.cl\/clinica-juridica-concepcion\/wp-json\/wp\/v2\/people\/1351\/revisions"}],"predecessor-version":[{"id":1936,"href":"https:\/\/derecho.udd.cl\/clinica-juridica-concepcion\/wp-json\/wp\/v2\/people\/1351\/revisions\/1936"}],"wp:featuredmedia":[{"embeddable":true,"href":"https:\/\/derecho.udd.cl\/clinica-juridica-concepcion\/wp-json\/wp\/v2\/media\/1348"}],"wp:attachment":[{"href":"https:\/\/derecho.udd.cl\/clinica-juridica-concepcion\/wp-json\/wp\/v2\/media?parent=1351"}],"wp:term":[{"taxonomy":"people_tax","embeddable":true,"href":"https:\/\/derecho.udd.cl\/clinica-juridica-concepcion\/wp-json\/wp\/v2\/people_tax?post=1351"}],"curies":[{"name":"wp","href":"https:\/\/api.w.org\/{rel}","templated":true}]}}

Cristóbal  Silva Schultz

<p>Área de Tramitación Civil</p>

Profesor Clínica Jurídica

<div class="person-modal person-modal--scl">
<header class="person-modal__header">
<div class="person-modal__bg"></div>
<div class="modal-container">
<div class="person-modal__media">
				<img decoding="async" width="500" height="500" src="https://derecho.udd.cl/clinica-juridica-concepcion/files/2022/05/CSilva-62x62.png" class="person-modal__image wp-post-image lazyload" alt="" loading="lazy" data-src="https://derecho.udd.cl/clinica-juridica-concepcion/files/2022/05/CSilva-500x500.png" data-srcset="https://derecho.udd.cl/clinica-juridica-concepcion/files/2022/05/CSilva-500x500.png 500w, https://derecho.udd.cl/clinica-juridica-concepcion/files/2022/05/CSilva-150x150.png 150w, https://derecho.udd.cl/clinica-juridica-concepcion/files/2022/05/CSilva-62x62.png 62w, https://derecho.udd.cl/clinica-juridica-concepcion/files/2022/05/CSilva-750x750.png 750w, https://derecho.udd.cl/clinica-juridica-concepcion/files/2022/05/CSilva-250x250.png 250w, https://derecho.udd.cl/clinica-juridica-concepcion/files/2022/05/CSilva-126x126.png 126w" />			</div>
<div class="person-modal__data">
<h1 class="person-modal__name">Cristóbal  Silva Schultz</h1>
<p>							<span class="person-modal__description">Profesor Clínica Jurídica</span>
															</div>
</p></div>
</header>
<div class="modal-container">
<div class="person-modal__content text">
<p>Área de Tramitación Civil</p>
<ul>
<li>Abogado Universidad del Desarrollo</li>
<li>LLM International Economic Law, University of Edinburgh</li>
<li>Magíster Derecho Privado Universidad de Concepción</li>
</ul>
<p>Área de Tramitación Civil</p>
</p></div>
</p></div>
</div>
