{"id":4017,"date":"2021-09-27T15:48:11","date_gmt":"2021-09-27T15:48:11","guid":{"rendered":"https:\/\/derecho.udd.cl\/centro-justicia-constitucional\/?post_type=person&#038;p=4017"},"modified":"2026-04-17T12:54:23","modified_gmt":"2026-04-17T16:54:23","slug":"jose-manuel-diaz-de-valdes-2","status":"publish","type":"person","link":"https:\/\/derecho.udd.cl\/centro-justicia-constitucional\/persona\/jose-manuel-diaz-de-valdes-2\/","title":{"rendered":"Jos\u00e9 Manuel  D\u00edaz de Vald\u00e9s Juli\u00e1"},"content":{"rendered":"<p class=\"MsoNormal\"><b><u><span>Courses at Universidad del Desarrollo:<\/span><\/u><\/b><\/p>\n<p>&nbsp;<\/p>\n<p class=\"MsoNormal\"><span lang=\"EN-US\">Political Right <\/span><\/p>\n<p>&nbsp;<\/p>\n<p class=\"MsoNormal\"><b><u><span lang=\"EN-US\">Other appointments:<\/span><\/u><\/b><\/p>\n<p>&nbsp;<\/p>\n<p class=\"MsoNormal\"><span lang=\"EN-US\">Has professional experience in the private sector advising on wide-ranging public law matters<\/span><\/p>\n<p>&nbsp;<\/p>\n<p class=\"MsoNormal\"><span lang=\"EN-US\">Member of the Editorial Board of the International Journal of Constitutional Law\u00a0<\/span><span lang=\"EN-US\">(<\/span><span><a href=\"https:\/\/academic.oup.com\/icon\/pages\/Editorial_Board\"><span lang=\"EN-US\">ICON<\/span><\/a><\/span><span lang=\"EN-US\">)<\/span><\/p>\n<p>&nbsp;<\/p>\n<p class=\"MsoNormal\"><span lang=\"EN-US\">Member of the Editorial Board of\u00a0\u2018Sentencias Destacadas\u2019 (Instituto Libertad y Desarrollo)<\/span><\/p>\n<p>&nbsp;<\/p>\n<p class=\"MsoNormal\"><span lang=\"EN-US\">Member of the Editorial Board of &#8216;Actualidad Jur\u00eddica&#8217;<\/span><\/p>\n<p>&nbsp;<\/p>\n<p class=\"MsoNormal\"><span lang=\"EN-US\">Member of the Chilean Bar Association A.G.; the Cambridge Overseas Society; the <\/span><\/p>\n<p class=\"MsoNormal\"><span lang=\"EN-US\">Chilean Constitutional Law Association; and the Oxford Alumni Society Chile<\/span><\/p>\n<p>&nbsp;<\/p>\n<p class=\"MsoNormal\"><b><u><span lang=\"EN-US\">Publications:<\/span><\/u><\/b><\/p>\n<p class=\"MsoNormal\"><span lang=\"EN-US\">See Jos\u00e9 Manuel D\u00edaz de Vald\u00e9s\u2019s publications\u00a0<\/span><span><a href=\"https:\/\/scholar.google.com\/citations?user=W2NR7agAAAAJ&amp;hl=es&amp;oi=ao\"><span>here<\/span><\/a><\/span><\/p>\n","protected":false},"author":61,"featured_media":2343,"template":"","people_tax":[],"class_list":["post-4017","person","type-person","status-publish","has-post-thumbnail","hentry"],"email":"jdiazdevaldes@udd.cl","tel_job":"","role":"Research professor ","modal":"<div class=\"person-modal person-modal--scl\">\n<header class=\"person-modal__header\">\n<div class=\"person-modal__bg\"><\/div>\n<div class=\"modal-container\">\n<div class=\"person-modal__media\">\n\t\t\t\t<img decoding=\"async\" width=\"500\" height=\"500\" src=\"https:\/\/derecho.udd.cl\/centro-justicia-constitucional\/files\/2016\/09\/Jose\u0301-Manuel-Di\u0301az-de-Valde\u0301s-Julia\u0301-62x62.jpg\" class=\"person-modal__image wp-post-image lazyload\" alt=\"\" loading=\"lazy\" data-src=\"https:\/\/derecho.udd.cl\/centro-justicia-constitucional\/files\/2016\/09\/Jos\u00e9-Manuel-D\u00edaz-de-Vald\u00e9s-Juli\u00e1-500x500.jpg\" data-srcset=\"https:\/\/derecho.udd.cl\/centro-justicia-constitucional\/files\/2016\/09\/Jos\u00e9-Manuel-D\u00edaz-de-Vald\u00e9s-Juli\u00e1-500x500.jpg 500w, https:\/\/derecho.udd.cl\/centro-justicia-constitucional\/files\/2016\/09\/Jos\u00e9-Manuel-D\u00edaz-de-Vald\u00e9s-Juli\u00e1-150x150.jpg 150w, https:\/\/derecho.udd.cl\/centro-justicia-constitucional\/files\/2016\/09\/Jos\u00e9-Manuel-D\u00edaz-de-Vald\u00e9s-Juli\u00e1-62x62.jpg 62w, https:\/\/derecho.udd.cl\/centro-justicia-constitucional\/files\/2016\/09\/Jos\u00e9-Manuel-D\u00edaz-de-Vald\u00e9s-Juli\u00e1-750x750.jpg 750w, https:\/\/derecho.udd.cl\/centro-justicia-constitucional\/files\/2016\/09\/Jos\u00e9-Manuel-D\u00edaz-de-Vald\u00e9s-Juli\u00e1-250x250.jpg 250w, https:\/\/derecho.udd.cl\/centro-justicia-constitucional\/files\/2016\/09\/Jos\u00e9-Manuel-D\u00edaz-de-Vald\u00e9s-Juli\u00e1-126x126.jpg 126w\" \/>\t\t\t<\/div>\n<div class=\"person-modal__data\">\n<h1 class=\"person-modal__name\">Jos\u00e9 Manuel  D\u00edaz de Vald\u00e9s Juli\u00e1<\/h1>\n<p>\t\t\t\t\t\t\t<span class=\"person-modal__description\">Research professor <\/span><br \/>\n\t\t\t\t\t\t\t\t\t\t\t\t\t<a href=\"mailto:&#106;&#100;&#105;&#097;&#122;&#100;&#101;vald&#101;&#115;&#064;u&#100;&#100;.cl\" class=\"person-modal__email\">jdia&#122;de&#118;&#097;&#108;d&#101;&#115;&#064;u&#100;d&#046;cl<\/a>\n\t\t\t\t\t\t\t\t\t<\/div>\n<\/p><\/div>\n<\/header>\n<div class=\"modal-container\">\n<div class=\"person-modal__content text\">\n<p>His research interests include Constitutional Law, Fundamental Rights and Constitutional Justice.<\/p>\n<ul>\n<li>Doctor of Philosophy of the Laws (DPhil in Law), University of Oxford <\/li>\n<li>Master of Laws (LL.M.), Harvard University <\/li>\n<li>Master (LL.M.) in Public Law &#8211; Constitutional Law, Pontificia Universidad Cat\u00f3lica de Chile <\/li>\n<li>Master of Laws (LL.M.), University of Cambridge <\/li>\n<li>Lawyer, Supreme Court (2001)<\/li>\n<li>Law Degree, Pontificia Universidad Cat\u00f3lica de Chile (1997) <\/li>\n<\/ul>\n<p class=\"MsoNormal\"><b><u><span>Courses at Universidad del Desarrollo:<\/span><\/u><\/b><\/p>\n<p>&nbsp;<\/p>\n<p class=\"MsoNormal\"><span lang=\"EN-US\">Political Right <\/span><\/p>\n<p>&nbsp;<\/p>\n<p class=\"MsoNormal\"><b><u><span lang=\"EN-US\">Other appointments:<\/span><\/u><\/b><\/p>\n<p>&nbsp;<\/p>\n<p class=\"MsoNormal\"><span lang=\"EN-US\">Has professional experience in the private sector advising on wide-ranging public law matters<\/span><\/p>\n<p>&nbsp;<\/p>\n<p class=\"MsoNormal\"><span lang=\"EN-US\">Member of the Editorial Board of the International Journal of Constitutional Law\u00a0<\/span><span lang=\"EN-US\">(<\/span><span><a href=\"https:\/\/academic.oup.com\/icon\/pages\/Editorial_Board\"><span lang=\"EN-US\">ICON<\/span><\/a><\/span><span lang=\"EN-US\">)<\/span><\/p>\n<p>&nbsp;<\/p>\n<p class=\"MsoNormal\"><span lang=\"EN-US\">Member of the Editorial Board of\u00a0\u2018Sentencias Destacadas\u2019 (Instituto Libertad y Desarrollo)<\/span><\/p>\n<p>&nbsp;<\/p>\n<p class=\"MsoNormal\"><span lang=\"EN-US\">Member of the Editorial Board of &#8216;Actualidad Jur\u00eddica&#8217;<\/span><\/p>\n<p>&nbsp;<\/p>\n<p class=\"MsoNormal\"><span lang=\"EN-US\">Member of the Chilean Bar Association A.G.; the Cambridge Overseas Society; the <\/span><\/p>\n<p class=\"MsoNormal\"><span lang=\"EN-US\">Chilean Constitutional Law Association; and the Oxford Alumni Society Chile<\/span><\/p>\n<p>&nbsp;<\/p>\n<p class=\"MsoNormal\"><b><u><span lang=\"EN-US\">Publications:<\/span><\/u><\/b><\/p>\n<p class=\"MsoNormal\"><span lang=\"EN-US\">See Jos\u00e9 Manuel D\u00edaz de Vald\u00e9s\u2019s publications\u00a0<\/span><span><a href=\"https:\/\/scholar.google.com\/citations?user=W2NR7agAAAAJ&amp;hl=es&amp;oi=ao\"><span>here<\/span><\/a><\/span><\/p>\n<p class=\"MsoNormal\"><b><u><span>Courses at Universidad del Desarrollo:<\/span><\/u><\/b><\/p>\n<p>&nbsp;<\/p>\n<p class=\"MsoNormal\"><span lang=\"EN-US\">Political Right <\/span><\/p>\n<p>&nbsp;<\/p>\n<p class=\"MsoNormal\"><b><u><span lang=\"EN-US\">Other appointments:<\/span><\/u><\/b><\/p>\n<p>&nbsp;<\/p>\n<p class=\"MsoNormal\"><span lang=\"EN-US\">Has professional experience in the private sector advising on wide-ranging public law matters<\/span><\/p>\n<p>&nbsp;<\/p>\n<p class=\"MsoNormal\"><span lang=\"EN-US\">Member of the Editorial Board of the International Journal of Constitutional Law\u00a0<\/span><span lang=\"EN-US\">(<\/span><span><a href=\"https:\/\/academic.oup.com\/icon\/pages\/Editorial_Board\"><span lang=\"EN-US\">ICON<\/span><\/a><\/span><span lang=\"EN-US\">)<\/span><\/p>\n<p>&nbsp;<\/p>\n<p class=\"MsoNormal\"><span lang=\"EN-US\">Member of the Editorial Board of\u00a0\u2018Sentencias Destacadas\u2019 (Instituto Libertad y Desarrollo)<\/span><\/p>\n<p>&nbsp;<\/p>\n<p class=\"MsoNormal\"><span lang=\"EN-US\">Member of the Editorial Board of &#8216;Actualidad Jur\u00eddica&#8217;<\/span><\/p>\n<p>&nbsp;<\/p>\n<p class=\"MsoNormal\"><span lang=\"EN-US\">Member of the Chilean Bar Association A.G.; the Cambridge Overseas Society; the <\/span><\/p>\n<p class=\"MsoNormal\"><span lang=\"EN-US\">Chilean Constitutional Law Association; and the Oxford Alumni Society Chile<\/span><\/p>\n<p>&nbsp;<\/p>\n<p class=\"MsoNormal\"><b><u><span lang=\"EN-US\">Publications:<\/span><\/u><\/b><\/p>\n<p class=\"MsoNormal\"><span lang=\"EN-US\">See Jos\u00e9 Manuel D\u00edaz de Vald\u00e9s\u2019s publications\u00a0<\/span><span><a href=\"https:\/\/scholar.google.com\/citations?user=W2NR7agAAAAJ&amp;hl=es&amp;oi=ao\"><span>here<\/span><\/a><\/span><\/p>\n<\/p><\/div>\n<\/p><\/div>\n<\/div>\n","_links":{"self":[{"href":"https:\/\/derecho.udd.cl\/centro-justicia-constitucional\/wp-json\/wp\/v2\/people\/4017","targetHints":{"allow":["GET"]}}],"collection":[{"href":"https:\/\/derecho.udd.cl\/centro-justicia-constitucional\/wp-json\/wp\/v2\/people"}],"about":[{"href":"https:\/\/derecho.udd.cl\/centro-justicia-constitucional\/wp-json\/wp\/v2\/types\/person"}],"author":[{"embeddable":true,"href":"https:\/\/derecho.udd.cl\/centro-justicia-constitucional\/wp-json\/wp\/v2\/users\/61"}],"version-history":[{"count":2,"href":"https:\/\/derecho.udd.cl\/centro-justicia-constitucional\/wp-json\/wp\/v2\/people\/4017\/revisions"}],"predecessor-version":[{"id":7454,"href":"https:\/\/derecho.udd.cl\/centro-justicia-constitucional\/wp-json\/wp\/v2\/people\/4017\/revisions\/7454"}],"wp:featuredmedia":[{"embeddable":true,"href":"https:\/\/derecho.udd.cl\/centro-justicia-constitucional\/wp-json\/wp\/v2\/media\/2343"}],"wp:attachment":[{"href":"https:\/\/derecho.udd.cl\/centro-justicia-constitucional\/wp-json\/wp\/v2\/media?parent=4017"}],"wp:term":[{"taxonomy":"people_tax","embeddable":true,"href":"https:\/\/derecho.udd.cl\/centro-justicia-constitucional\/wp-json\/wp\/v2\/people_tax?post=4017"}],"curies":[{"name":"wp","href":"https:\/\/api.w.org\/{rel}","templated":true}]}}

José Manuel  Díaz de Valdés Juliá

<p class="MsoNormal"><b><u><span>Courses at Universidad del Desarrollo:</span></u></b></p>
<p>&nbsp;</p>
<p class="MsoNormal"><span lang="EN-US">Political Right </span></p>
<p>&nbsp;</p>
<p class="MsoNormal"><b><u><span lang="EN-US">Other appointments:</span></u></b></p>
<p>&nbsp;</p>
<p class="MsoNormal"><span lang="EN-US">Has professional experience in the private sector advising on wide-ranging public law matters</span></p>
<p>&nbsp;</p>
<p class="MsoNormal"><span lang="EN-US">Member of the Editorial Board of the International Journal of Constitutional Law </span><span lang="EN-US">(</span><span><a href="https://academic.oup.com/icon/pages/Editorial_Board"><span lang="EN-US">ICON</span></a></span><span lang="EN-US">)</span></p>
<p>&nbsp;</p>
<p class="MsoNormal"><span lang="EN-US">Member of the Editorial Board of ‘Sentencias Destacadas’ (Instituto Libertad y Desarrollo)</span></p>
<p>&nbsp;</p>
<p class="MsoNormal"><span lang="EN-US">Member of the Editorial Board of &#8216;Actualidad Jurídica&#8217;</span></p>
<p>&nbsp;</p>
<p class="MsoNormal"><span lang="EN-US">Member of the Chilean Bar Association A.G.; the Cambridge Overseas Society; the </span></p>
<p class="MsoNormal"><span lang="EN-US">Chilean Constitutional Law Association; and the Oxford Alumni Society Chile</span></p>
<p>&nbsp;</p>
<p class="MsoNormal"><b><u><span lang="EN-US">Publications:</span></u></b></p>
<p class="MsoNormal"><span lang="EN-US">See José Manuel Díaz de Valdés’s publications </span><span><a href="https://scholar.google.com/citations?user=W2NR7agAAAAJ&amp;hl=es&amp;oi=ao"><span>here</span></a></span></p>

<div class="person-modal person-modal--scl">
<header class="person-modal__header">
<div class="person-modal__bg"></div>
<div class="modal-container">
<div class="person-modal__media">
				<img decoding="async" width="500" height="500" src="https://derecho.udd.cl/centro-justicia-constitucional/files/2016/09/José-Manuel-Díaz-de-Valdés-Juliá-62x62.jpg" class="person-modal__image wp-post-image lazyload" alt="" loading="lazy" data-src="https://derecho.udd.cl/centro-justicia-constitucional/files/2016/09/José-Manuel-Díaz-de-Valdés-Juliá-500x500.jpg" data-srcset="https://derecho.udd.cl/centro-justicia-constitucional/files/2016/09/José-Manuel-Díaz-de-Valdés-Juliá-500x500.jpg 500w, https://derecho.udd.cl/centro-justicia-constitucional/files/2016/09/José-Manuel-Díaz-de-Valdés-Juliá-150x150.jpg 150w, https://derecho.udd.cl/centro-justicia-constitucional/files/2016/09/José-Manuel-Díaz-de-Valdés-Juliá-62x62.jpg 62w, https://derecho.udd.cl/centro-justicia-constitucional/files/2016/09/José-Manuel-Díaz-de-Valdés-Juliá-750x750.jpg 750w, https://derecho.udd.cl/centro-justicia-constitucional/files/2016/09/José-Manuel-Díaz-de-Valdés-Juliá-250x250.jpg 250w, https://derecho.udd.cl/centro-justicia-constitucional/files/2016/09/José-Manuel-Díaz-de-Valdés-Juliá-126x126.jpg 126w" />			</div>
<div class="person-modal__data">
<h1 class="person-modal__name">José Manuel  Díaz de Valdés Juliá</h1>
<p>							<span class="person-modal__description">Research professor </span><br />
													<a href="mailto:&#106;&#100;&#105;&#097;&#122;&#100;&#101;vald&#101;&#115;&#064;u&#100;&#100;.cl" class="person-modal__email">jdia&#122;de&#118;&#097;&#108;d&#101;&#115;&#064;u&#100;d&#046;cl</a>
									</div>
</p></div>
</header>
<div class="modal-container">
<div class="person-modal__content text">
<p>His research interests include Constitutional Law, Fundamental Rights and Constitutional Justice.</p>
<ul>
<li>Doctor of Philosophy of the Laws (DPhil in Law), University of Oxford </li>
<li>Master of Laws (LL.M.), Harvard University </li>
<li>Master (LL.M.) in Public Law &#8211; Constitutional Law, Pontificia Universidad Católica de Chile </li>
<li>Master of Laws (LL.M.), University of Cambridge </li>
<li>Lawyer, Supreme Court (2001)</li>
<li>Law Degree, Pontificia Universidad Católica de Chile (1997) </li>
</ul>
<p class="MsoNormal"><b><u><span>Courses at Universidad del Desarrollo:</span></u></b></p>
<p>&nbsp;</p>
<p class="MsoNormal"><span lang="EN-US">Political Right </span></p>
<p>&nbsp;</p>
<p class="MsoNormal"><b><u><span lang="EN-US">Other appointments:</span></u></b></p>
<p>&nbsp;</p>
<p class="MsoNormal"><span lang="EN-US">Has professional experience in the private sector advising on wide-ranging public law matters</span></p>
<p>&nbsp;</p>
<p class="MsoNormal"><span lang="EN-US">Member of the Editorial Board of the International Journal of Constitutional Law </span><span lang="EN-US">(</span><span><a href="https://academic.oup.com/icon/pages/Editorial_Board"><span lang="EN-US">ICON</span></a></span><span lang="EN-US">)</span></p>
<p>&nbsp;</p>
<p class="MsoNormal"><span lang="EN-US">Member of the Editorial Board of ‘Sentencias Destacadas’ (Instituto Libertad y Desarrollo)</span></p>
<p>&nbsp;</p>
<p class="MsoNormal"><span lang="EN-US">Member of the Editorial Board of &#8216;Actualidad Jurídica&#8217;</span></p>
<p>&nbsp;</p>
<p class="MsoNormal"><span lang="EN-US">Member of the Chilean Bar Association A.G.; the Cambridge Overseas Society; the </span></p>
<p class="MsoNormal"><span lang="EN-US">Chilean Constitutional Law Association; and the Oxford Alumni Society Chile</span></p>
<p>&nbsp;</p>
<p class="MsoNormal"><b><u><span lang="EN-US">Publications:</span></u></b></p>
<p class="MsoNormal"><span lang="EN-US">See José Manuel Díaz de Valdés’s publications </span><span><a href="https://scholar.google.com/citations?user=W2NR7agAAAAJ&amp;hl=es&amp;oi=ao"><span>here</span></a></span></p>
<p class="MsoNormal"><b><u><span>Courses at Universidad del Desarrollo:</span></u></b></p>
<p>&nbsp;</p>
<p class="MsoNormal"><span lang="EN-US">Political Right </span></p>
<p>&nbsp;</p>
<p class="MsoNormal"><b><u><span lang="EN-US">Other appointments:</span></u></b></p>
<p>&nbsp;</p>
<p class="MsoNormal"><span lang="EN-US">Has professional experience in the private sector advising on wide-ranging public law matters</span></p>
<p>&nbsp;</p>
<p class="MsoNormal"><span lang="EN-US">Member of the Editorial Board of the International Journal of Constitutional Law </span><span lang="EN-US">(</span><span><a href="https://academic.oup.com/icon/pages/Editorial_Board"><span lang="EN-US">ICON</span></a></span><span lang="EN-US">)</span></p>
<p>&nbsp;</p>
<p class="MsoNormal"><span lang="EN-US">Member of the Editorial Board of ‘Sentencias Destacadas’ (Instituto Libertad y Desarrollo)</span></p>
<p>&nbsp;</p>
<p class="MsoNormal"><span lang="EN-US">Member of the Editorial Board of &#8216;Actualidad Jurídica&#8217;</span></p>
<p>&nbsp;</p>
<p class="MsoNormal"><span lang="EN-US">Member of the Chilean Bar Association A.G.; the Cambridge Overseas Society; the </span></p>
<p class="MsoNormal"><span lang="EN-US">Chilean Constitutional Law Association; and the Oxford Alumni Society Chile</span></p>
<p>&nbsp;</p>
<p class="MsoNormal"><b><u><span lang="EN-US">Publications:</span></u></b></p>
<p class="MsoNormal"><span lang="EN-US">See José Manuel Díaz de Valdés’s publications </span><span><a href="https://scholar.google.com/citations?user=W2NR7agAAAAJ&amp;hl=es&amp;oi=ao"><span>here</span></a></span></p>
</p></div>
</p></div>
</div>
