{"id":5307,"date":"2023-01-13T17:31:23","date_gmt":"2023-01-13T17:31:23","guid":{"rendered":"https:\/\/derecho.udd.cl\/centro-justicia-constitucional\/?page_id=5307"},"modified":"2024-04-04T16:12:59","modified_gmt":"2024-04-04T19:12:59","slug":"convocatoria-a-concurso-ayudantes-de-investigacion","status":"publish","type":"page","link":"https:\/\/derecho.udd.cl\/centro-justicia-constitucional\/convocatoria-a-concurso-ayudantes-de-investigacion\/","title":{"rendered":"Concurso ayudante de investigaci\u00f3n CJC"},"content":{"rendered":"\n<p><strong>Los invitamos a participar de una nueva convocatoria de ayudantes de investigaci\u00f3n para el primer semestre del a\u00f1o 2024<\/strong><\/p>\n\n\n\n<h3 class=\"wp-block-heading\">Requisitos para ser ayudante de investigaci\u00f3n<\/h3>\n\n\n\n<ol class=\"wp-block-list\">\n<li class=\"has-large-font-size\">Ser alumno regular (4\u00b0 &#8211; 5\u00b0 a\u00f1o) o egresado de la carrera de Derecho de la Universidad del Desarrollo<\/li>\n\n\n\n<li class=\"has-large-font-size\">Haber cursado los primeros seis semestres de la carrera de Derecho en el caso de los egresados de la carrera de Derecho, no tener un plazo de egreso mayor a tres a\u00f1os. <\/li>\n\n\n\n<li class=\"has-large-font-size\">Haber aprobado todos los cursos m\u00ednimos del Ciclo de Derecho Pol\u00edtico y Derecho Constitucional. <\/li>\n\n\n\n<li class=\"has-large-font-size\">Tener un promedio ponderado acumulado sobre 5,5.<\/li>\n\n\n\n<li class=\"has-large-font-size\">Tener una carga acad\u00e9mica compatible con las responsabilidad que corresponden al ayudante. <\/li>\n\n\n\n<li class=\"has-large-font-size\">No haber reprobado el examen de grado. <\/li>\n\n\n\n<li class=\"has-large-font-size\">Compromiso para efectuar labores investigativas basales, como exploraci\u00f3n, b\u00fasqueda y recolecci\u00f3n de doctrina y jurisprudencia, revisi\u00f3n bibliogr\u00e1fica, trabajo de campo y otras an\u00e1logas requeridas por el Director del centro o investigadores. <\/li>\n\n\n\n<li class=\"has-large-font-size\">Compromiso para aportar material doctrinario , jurisprudencial y medi\u00e1tico. <\/li>\n\n\n\n<li class=\"has-large-font-size\">Dominio de lectura en ingl\u00e9s. <\/li>\n<\/ol>\n\n\n\n<h3 class=\"wp-block-heading\">\u00bfQu\u00e9 investigadores buscan ayudante?<\/h3>\n\n\n\n<figure class=\"wp-block-table\"><table><thead><tr><th class=\"has-text-align-center\" data-align=\"center\"><strong>Investigador<\/strong><\/th><th class=\"has-text-align-center\" data-align=\"center\"><strong>\u00c1reas de investigaci\u00f3n<\/strong><\/th><\/tr><\/thead><tbody><tr><td class=\"has-text-align-center\" data-align=\"center\"><strong>Centro de Justicia Constitucional<\/strong><\/td><td class=\"has-text-align-center\" data-align=\"center\"><strong>Jurisprudencia sobre acci\u00f3n de inaplicabilidad<\/strong><\/td><\/tr><tr><td class=\"has-text-align-center\" data-align=\"center\"><strong><strong>Catalina Salem<\/strong><\/strong><\/td><td class=\"has-text-align-center\" data-align=\"center\"><strong>Justicia Constitucional (espec\u00edficamente en las atribuciones del Tribunal Constitucional)<\/strong><\/td><\/tr><\/tbody><\/table><\/figure>\n\n\n\n<h3 class=\"wp-block-heading\">\u00bfC\u00f3mo postular?<\/h3>\n\n\n\n<h4 class=\"wp-block-heading alignfull has-text-align-left\">Los interesados deben enviar sus antecedentes <strong>(carta de intenci\u00f3n, curr\u00edculum y ficha curricular con concentraci\u00f3n de notas)<\/strong> v\u00eda e-mail a&nbsp;<strong><a href=\"mailto:cjc@udd.cl\">cjc@udd.cl<\/a>&nbsp;con el asunto \u00abAyudante de investigaci\u00f3n + nombre del investigador al que postula\u00bb<\/strong>, <strong>hasta las 18:00 hrs. del mi\u00e9rcoles 10 de abril de 2024<\/strong>.<\/h4>\n","protected":false},"excerpt":{"rendered":"<p>Los invitamos a participar de una nueva convocatoria de ayudantes de investigaci\u00f3n para el primer semestre del a\u00f1o 2024 Requisitos para ser ayudante de investigaci\u00f3n \u00bfQu\u00e9 investigadores buscan ayudante? Investigador \u00c1reas de investigaci\u00f3n Centro de Justicia Constitucional Jurisprudencia sobre acci\u00f3n de inaplicabilidad Catalina Salem Justicia Constitucional (espec\u00edficamente en las atribuciones del Tribunal Constitucional) \u00bfC\u00f3mo postular? [&hellip;]<\/p>\n","protected":false},"author":40,"featured_media":0,"parent":0,"menu_order":0,"comment_status":"closed","ping_status":"closed","template":"","meta":{"footnotes":""},"class_list":["post-5307","page","type-page","status-publish","hentry"],"_links":{"self":[{"href":"https:\/\/derecho.udd.cl\/centro-justicia-constitucional\/wp-json\/wp\/v2\/pages\/5307","targetHints":{"allow":["GET"]}}],"collection":[{"href":"https:\/\/derecho.udd.cl\/centro-justicia-constitucional\/wp-json\/wp\/v2\/pages"}],"about":[{"href":"https:\/\/derecho.udd.cl\/centro-justicia-constitucional\/wp-json\/wp\/v2\/types\/page"}],"author":[{"embeddable":true,"href":"https:\/\/derecho.udd.cl\/centro-justicia-constitucional\/wp-json\/wp\/v2\/users\/40"}],"replies":[{"embeddable":true,"href":"https:\/\/derecho.udd.cl\/centro-justicia-constitucional\/wp-json\/wp\/v2\/comments?post=5307"}],"version-history":[{"count":6,"href":"https:\/\/derecho.udd.cl\/centro-justicia-constitucional\/wp-json\/wp\/v2\/pages\/5307\/revisions"}],"predecessor-version":[{"id":6531,"href":"https:\/\/derecho.udd.cl\/centro-justicia-constitucional\/wp-json\/wp\/v2\/pages\/5307\/revisions\/6531"}],"wp:attachment":[{"href":"https:\/\/derecho.udd.cl\/centro-justicia-constitucional\/wp-json\/wp\/v2\/media?parent=5307"}],"curies":[{"name":"wp","href":"https:\/\/api.w.org\/{rel}","templated":true}]}}

Concurso ayudante de investigación CJC

<p><strong>Los invitamos a participar de una nueva convocatoria de ayudantes de investigación para el primer semestre del año 2024</strong></p>



<h3 class="wp-block-heading">Requisitos para ser ayudante de investigación</h3>



<ol class="wp-block-list">
<li class="has-large-font-size">Ser alumno regular (4° &#8211; 5° año) o egresado de la carrera de Derecho de la Universidad del Desarrollo</li>



<li class="has-large-font-size">Haber cursado los primeros seis semestres de la carrera de Derecho en el caso de los egresados de la carrera de Derecho, no tener un plazo de egreso mayor a tres años. </li>



<li class="has-large-font-size">Haber aprobado todos los cursos mínimos del Ciclo de Derecho Político y Derecho Constitucional. </li>



<li class="has-large-font-size">Tener un promedio ponderado acumulado sobre 5,5.</li>



<li class="has-large-font-size">Tener una carga académica compatible con las responsabilidad que corresponden al ayudante. </li>



<li class="has-large-font-size">No haber reprobado el examen de grado. </li>



<li class="has-large-font-size">Compromiso para efectuar labores investigativas basales, como exploración, búsqueda y recolección de doctrina y jurisprudencia, revisión bibliográfica, trabajo de campo y otras análogas requeridas por el Director del centro o investigadores. </li>



<li class="has-large-font-size">Compromiso para aportar material doctrinario , jurisprudencial y mediático. </li>



<li class="has-large-font-size">Dominio de lectura en inglés. </li>
</ol>



<h3 class="wp-block-heading">¿Qué investigadores buscan ayudante?</h3>



<figure class="wp-block-table"><table><thead><tr><th class="has-text-align-center" data-align="center"><strong>Investigador</strong></th><th class="has-text-align-center" data-align="center"><strong>Áreas de investigación</strong></th></tr></thead><tbody><tr><td class="has-text-align-center" data-align="center"><strong>Centro de Justicia Constitucional</strong></td><td class="has-text-align-center" data-align="center"><strong>Jurisprudencia sobre acción de inaplicabilidad</strong></td></tr><tr><td class="has-text-align-center" data-align="center"><strong><strong>Catalina Salem</strong></strong></td><td class="has-text-align-center" data-align="center"><strong>Justicia Constitucional (específicamente en las atribuciones del Tribunal Constitucional)</strong></td></tr></tbody></table></figure>



<h3 class="wp-block-heading">¿Cómo postular?</h3>



<h4 class="wp-block-heading alignfull has-text-align-left">Los interesados deben enviar sus antecedentes <strong>(carta de intención, currículum y ficha curricular con concentración de notas)</strong> vía e-mail a&nbsp;<strong><a href="mailto:cjc@udd.cl">cjc@udd.cl</a>&nbsp;con el asunto «Ayudante de investigación + nombre del investigador al que postula»</strong>, <strong>hasta las 18:00 hrs. del miércoles 10 de abril de 2024</strong>.</h4>

<p>Los invitamos a participar de una nueva convocatoria de ayudantes de investigación para el primer semestre del año 2024 Requisitos para ser ayudante de investigación ¿Qué investigadores buscan ayudante? Investigador Áreas de investigación Centro de Justicia Constitucional Jurisprudencia sobre acción de inaplicabilidad Catalina Salem Justicia Constitucional (específicamente en las atribuciones del Tribunal Constitucional) ¿Cómo postular? [&hellip;]</p>
