{"id":4925,"date":"2022-05-20T15:27:26","date_gmt":"2022-05-20T15:27:26","guid":{"rendered":"https:\/\/derecho.udd.cl\/centro-justicia-constitucional\/?page_id=4925"},"modified":"2022-05-24T17:32:20","modified_gmt":"2022-05-24T17:32:20","slug":"proximo-martes-31-de-mayo-conversa-con-tu-convencional","status":"publish","type":"page","link":"https:\/\/derecho.udd.cl\/centro-justicia-constitucional\/proximo-martes-31-de-mayo-conversa-con-tu-convencional\/","title":{"rendered":"Pr\u00f3ximo martes 31 de mayo: Conversa con tu convencional"},"content":{"rendered":"\n<p>El Centro de Justicia Constitucional de la Facultad de Derecho (CJC) invita a <strong>todos los estudiantes de la Universidad del Desarrollo<\/strong> a participar en este ciclo de conversaciones sobre el borrador de nueva Constituci\u00f3n.&nbsp;<\/p>\n\n\n\n<p>En esta primera sesi\u00f3n, el invitado especial es <strong>Gaspar Dom\u00ednguez<\/strong>, Vicepresidente de la Convenci\u00f3n Constitucional, quien expondr\u00e1 junto a Marisol Pe\u00f1a, Profesora Investigadora CJC, y Sergio Verdugo, Director CJC.<\/p>\n\n\n\n<p>La actividad se llevar\u00e1 a cabo de manera presencial el pr\u00f3ximo <strong>martes 31 de mayo a las 15:30 hrs. en la sala O235 del campus Rector Ernesto Silva Bafalluy, previa inscripci\u00f3n, y online para todos los estudiantes UDD de la Sede Concepci\u00f3n. Adem\u00e1s, ser\u00e1 transmitido a trav\u00e9s de <a href=\"https:\/\/uddtv.udd.cl\/streaming\/charla-conversa-con-tu-convencional\/\">UDDTV.<\/a> <\/strong><\/p>\n\n\n\n<p>Inscr\u00edbete: <a href=\"https:\/\/derecho.udd.cl\/ver-seminario\/conversa-con-tu-convencional\/\">AQU\u00cd<\/a> (actividad exclusiva para estudiantes UDD).<\/p>\n\n\n\n<div class=\"wp-block-image\"><figure class=\"alignleft size-large is-resized\"><img loading=\"lazy\" decoding=\"async\" src=\"https:\/\/derecho.udd.cl\/centro-justicia-constitucional\/files\/2022\/05\/POST-CONVERSA-CON-TU-CONVENCIONAL-1024x1024.png\" alt=\"\" class=\"wp-image-4926\" width=\"561\" height=\"561\" srcset=\"https:\/\/derecho.udd.cl\/centro-justicia-constitucional\/files\/2022\/05\/POST-CONVERSA-CON-TU-CONVENCIONAL-1024x1024.png 1024w, https:\/\/derecho.udd.cl\/centro-justicia-constitucional\/files\/2022\/05\/POST-CONVERSA-CON-TU-CONVENCIONAL-300x300.png 300w, https:\/\/derecho.udd.cl\/centro-justicia-constitucional\/files\/2022\/05\/POST-CONVERSA-CON-TU-CONVENCIONAL-150x150.png 150w, https:\/\/derecho.udd.cl\/centro-justicia-constitucional\/files\/2022\/05\/POST-CONVERSA-CON-TU-CONVENCIONAL-768x768.png 768w, https:\/\/derecho.udd.cl\/centro-justicia-constitucional\/files\/2022\/05\/POST-CONVERSA-CON-TU-CONVENCIONAL-62x62.png 62w, https:\/\/derecho.udd.cl\/centro-justicia-constitucional\/files\/2022\/05\/POST-CONVERSA-CON-TU-CONVENCIONAL-750x750.png 750w, https:\/\/derecho.udd.cl\/centro-justicia-constitucional\/files\/2022\/05\/POST-CONVERSA-CON-TU-CONVENCIONAL-500x500.png 500w, https:\/\/derecho.udd.cl\/centro-justicia-constitucional\/files\/2022\/05\/POST-CONVERSA-CON-TU-CONVENCIONAL-250x250.png 250w, https:\/\/derecho.udd.cl\/centro-justicia-constitucional\/files\/2022\/05\/POST-CONVERSA-CON-TU-CONVENCIONAL-126x126.png 126w, https:\/\/derecho.udd.cl\/centro-justicia-constitucional\/files\/2022\/05\/POST-CONVERSA-CON-TU-CONVENCIONAL.png 1200w\" sizes=\"auto, (max-width: 561px) 100vw, 561px\" \/><\/figure><\/div>\n\n\n\n<p><\/p>\n","protected":false},"excerpt":{"rendered":"<p>El Centro de Justicia Constitucional de la Facultad de Derecho (CJC) invita a todos los estudiantes de la Universidad del Desarrollo a participar en este ciclo de conversaciones sobre el borrador de nueva Constituci\u00f3n.&nbsp; En esta primera sesi\u00f3n, el invitado especial es Gaspar Dom\u00ednguez, Vicepresidente de la Convenci\u00f3n Constitucional, quien expondr\u00e1 junto a Marisol Pe\u00f1a, [&hellip;]<\/p>\n","protected":false},"author":61,"featured_media":0,"parent":0,"menu_order":0,"comment_status":"closed","ping_status":"closed","template":"","meta":{"footnotes":""},"class_list":["post-4925","page","type-page","status-publish","hentry"],"_links":{"self":[{"href":"https:\/\/derecho.udd.cl\/centro-justicia-constitucional\/wp-json\/wp\/v2\/pages\/4925","targetHints":{"allow":["GET"]}}],"collection":[{"href":"https:\/\/derecho.udd.cl\/centro-justicia-constitucional\/wp-json\/wp\/v2\/pages"}],"about":[{"href":"https:\/\/derecho.udd.cl\/centro-justicia-constitucional\/wp-json\/wp\/v2\/types\/page"}],"author":[{"embeddable":true,"href":"https:\/\/derecho.udd.cl\/centro-justicia-constitucional\/wp-json\/wp\/v2\/users\/61"}],"replies":[{"embeddable":true,"href":"https:\/\/derecho.udd.cl\/centro-justicia-constitucional\/wp-json\/wp\/v2\/comments?post=4925"}],"version-history":[{"count":5,"href":"https:\/\/derecho.udd.cl\/centro-justicia-constitucional\/wp-json\/wp\/v2\/pages\/4925\/revisions"}],"predecessor-version":[{"id":4955,"href":"https:\/\/derecho.udd.cl\/centro-justicia-constitucional\/wp-json\/wp\/v2\/pages\/4925\/revisions\/4955"}],"wp:attachment":[{"href":"https:\/\/derecho.udd.cl\/centro-justicia-constitucional\/wp-json\/wp\/v2\/media?parent=4925"}],"curies":[{"name":"wp","href":"https:\/\/api.w.org\/{rel}","templated":true}]}}

Próximo martes 31 de mayo: Conversa con tu convencional

<p>El Centro de Justicia Constitucional de la Facultad de Derecho (CJC) invita a <strong>todos los estudiantes de la Universidad del Desarrollo</strong> a participar en este ciclo de conversaciones sobre el borrador de nueva Constitución.&nbsp;</p>



<p>En esta primera sesión, el invitado especial es <strong>Gaspar Domínguez</strong>, Vicepresidente de la Convención Constitucional, quien expondrá junto a Marisol Peña, Profesora Investigadora CJC, y Sergio Verdugo, Director CJC.</p>



<p>La actividad se llevará a cabo de manera presencial el próximo <strong>martes 31 de mayo a las 15:30 hrs. en la sala O235 del campus Rector Ernesto Silva Bafalluy, previa inscripción, y online para todos los estudiantes UDD de la Sede Concepción. Además, será transmitido a través de <a href="https://uddtv.udd.cl/streaming/charla-conversa-con-tu-convencional/">UDDTV.</a> </strong></p>



<p>Inscríbete: <a href="https://derecho.udd.cl/ver-seminario/conversa-con-tu-convencional/">AQUÍ</a> (actividad exclusiva para estudiantes UDD).</p>



<div class="wp-block-image"><figure class="alignleft size-large is-resized"><img loading="lazy" decoding="async" src="https://derecho.udd.cl/centro-justicia-constitucional/files/2022/05/POST-CONVERSA-CON-TU-CONVENCIONAL-1024x1024.png" alt="" class="wp-image-4926" width="561" height="561" srcset="https://derecho.udd.cl/centro-justicia-constitucional/files/2022/05/POST-CONVERSA-CON-TU-CONVENCIONAL-1024x1024.png 1024w, https://derecho.udd.cl/centro-justicia-constitucional/files/2022/05/POST-CONVERSA-CON-TU-CONVENCIONAL-300x300.png 300w, https://derecho.udd.cl/centro-justicia-constitucional/files/2022/05/POST-CONVERSA-CON-TU-CONVENCIONAL-150x150.png 150w, https://derecho.udd.cl/centro-justicia-constitucional/files/2022/05/POST-CONVERSA-CON-TU-CONVENCIONAL-768x768.png 768w, https://derecho.udd.cl/centro-justicia-constitucional/files/2022/05/POST-CONVERSA-CON-TU-CONVENCIONAL-62x62.png 62w, https://derecho.udd.cl/centro-justicia-constitucional/files/2022/05/POST-CONVERSA-CON-TU-CONVENCIONAL-750x750.png 750w, https://derecho.udd.cl/centro-justicia-constitucional/files/2022/05/POST-CONVERSA-CON-TU-CONVENCIONAL-500x500.png 500w, https://derecho.udd.cl/centro-justicia-constitucional/files/2022/05/POST-CONVERSA-CON-TU-CONVENCIONAL-250x250.png 250w, https://derecho.udd.cl/centro-justicia-constitucional/files/2022/05/POST-CONVERSA-CON-TU-CONVENCIONAL-126x126.png 126w, https://derecho.udd.cl/centro-justicia-constitucional/files/2022/05/POST-CONVERSA-CON-TU-CONVENCIONAL.png 1200w" sizes="auto, (max-width: 561px) 100vw, 561px" /></figure></div>



<p></p>

<p>El Centro de Justicia Constitucional de la Facultad de Derecho (CJC) invita a todos los estudiantes de la Universidad del Desarrollo a participar en este ciclo de conversaciones sobre el borrador de nueva Constitución.&nbsp; En esta primera sesión, el invitado especial es Gaspar Domínguez, Vicepresidente de la Convención Constitucional, quien expondrá junto a Marisol Peña, [&hellip;]</p>
