{"id":4716,"date":"2022-03-11T18:19:28","date_gmt":"2022-03-11T18:19:28","guid":{"rendered":"https:\/\/derecho.udd.cl\/centro-justicia-constitucional\/?page_id=4716"},"modified":"2022-03-11T18:19:29","modified_gmt":"2022-03-11T18:19:29","slug":"seminarios","status":"publish","type":"page","link":"https:\/\/derecho.udd.cl\/centro-justicia-constitucional\/seminarios\/","title":{"rendered":"SEMINARIOS"},"content":{"rendered":"<!-- WP Block: UDD - Banner -->\n<section class=\"wp-block-udd-banner is-style-default \">\n\t\n<a href=\"https:\/\/derecho.udd.cl\/centro-justicia-constitucional\/2022\/03\/01\/como-regular-los-derechos-sociales-en-la-futura-constitucion-sergio-verdugo-y-marisol-pena-participan-en-seminario\/\" class=\"banner banner--fullwidth\" data-url=\"https:\/\/derecho.udd.cl\/centro-justicia-constitucional\/2022\/03\/01\/como-regular-los-derechos-sociales-en-la-futura-constitucion-sergio-verdugo-y-marisol-pena-participan-en-seminario\/\">\n\t\t\t<img loading=\"lazy\" decoding=\"async\" width=\"1200\" height=\"630\" src=\"https:\/\/derecho.udd.cl\/centro-justicia-constitucional\/files\/2021\/12\/CONSTITUCIoN-680x382.jpg\" class=\"banner__image lazyload\" alt=\"\" sizes=\"auto, (max-width: 1200px) 100vw, 1200px\" data-src=\"https:\/\/derecho.udd.cl\/centro-justicia-constitucional\/files\/2021\/12\/CONSTITUCIoN.jpg\" data-srcset=\"https:\/\/derecho.udd.cl\/centro-justicia-constitucional\/files\/2021\/12\/CONSTITUCIoN.jpg 1200w, https:\/\/derecho.udd.cl\/centro-justicia-constitucional\/files\/2021\/12\/CONSTITUCIoN-300x158.jpg 300w, https:\/\/derecho.udd.cl\/centro-justicia-constitucional\/files\/2021\/12\/CONSTITUCIoN-1024x538.jpg 1024w, https:\/\/derecho.udd.cl\/centro-justicia-constitucional\/files\/2021\/12\/CONSTITUCIoN-768x403.jpg 768w, https:\/\/derecho.udd.cl\/centro-justicia-constitucional\/files\/2021\/12\/CONSTITUCIoN-288x150.jpg 288w\" \/>\t\t<div class=\"banner__content\">\n\t\t<span class=\"banner__title\">\u00bfC\u00f3mo regular los derechos sociales en la futura Constituci\u00f3n?: Sergio Verdugo y Marisol Pe\u00f1a participan en Seminario<\/span>\n\t\t<span class=\"banner__description\">Ver m\u00e1s<\/span>\n\t<\/div>\n<\/a>\n<\/section>\n\n\n<!-- WP Block: UDD - Banners Multiple -->\n<section class=\"wp-block-udd-banners-multiple \">\n\t<div class=\"container\">\n\t\t\t\t<div class=\"block__content\">\n\t\t\t<div id=\"udd-banners-multiple--1\"\n\t\t\t\t\t\t\t\t>\n\t\t\t\t\t\t\t\t<div class=\"banners\">\n\t\t\t\t\t\t\t\t\t<div class=\"banner-col\n\t\t\t\t\t active\t\t\t\t\t\">\n\t\t\t\t\t\t<a href=\"https:\/\/derecho.udd.cl\/centro-justicia-constitucional\/2022\/01\/03\/cjc-en-ciclo-pulso-constitucional-udd-un-nuevo-tipo-de-democracia-en-la-futura-constitucion\/\" class=\"banner banner--multiple\" data-url=\"https:\/\/derecho.udd.cl\/centro-justicia-constitucional\/2022\/01\/03\/cjc-en-ciclo-pulso-constitucional-udd-un-nuevo-tipo-de-democracia-en-la-futura-constitucion\/\">\n\t\t\t\t\t\t\t\t\t\t\t\t\t<img loading=\"lazy\" decoding=\"async\" width=\"680\" height=\"328\" src=\"https:\/\/derecho.udd.cl\/centro-justicia-constitucional\/files\/2021\/11\/unnamed-2.jpg\" class=\"banner__image lazyload\" alt=\"\" sizes=\"auto, (max-width: 680px) 100vw, 680px\" data-src=\"https:\/\/derecho.udd.cl\/centro-justicia-constitucional\/files\/2021\/11\/unnamed-2.jpg\" data-srcset=\"https:\/\/derecho.udd.cl\/centro-justicia-constitucional\/files\/2021\/11\/unnamed-2.jpg 680w, https:\/\/derecho.udd.cl\/centro-justicia-constitucional\/files\/2021\/11\/unnamed-2-300x145.jpg 300w\" \/>\t\t\t\t\t\t\t\t\t\t\t\t\t<div class=\"banner__content\">\n\t\t\t\t\t\t\t\t<span class=\"banner__title\">CJC en Ciclo Pulso Constitucional UDD: \u201c\u00bfUn Nuevo Tipo de Democracia en la Futura Constituci\u00f3n?\u201d<\/span>\n\t\t\t\t\t\t\t\t\t\t\t\t\t\t\t\t\t\t\t\t\t\t\t\t\t<span class=\"banner__action\">Ver m\u00e1s<\/span>\n\t\t\t\t\t\t\t\t\t\t\t\t\t\t\t<\/div>\n\t\t\t\t\t\t<\/a>\n\t\t\t\t\t<\/div>\n\t\t\t\t\t\t\t\t\t<div class=\"banner-col\n\t\t\t\t\t\t\t\t\t\t\">\n\t\t\t\t\t\t<a href=\"https:\/\/derecho.udd.cl\/centro-justicia-constitucional\/2022\/01\/11\/cjc-y-red-procesal-realizan-conversatorio-sobre-principios-del-sistema-de-justicia\/\" class=\"banner banner--multiple\" data-url=\"https:\/\/derecho.udd.cl\/centro-justicia-constitucional\/2022\/01\/11\/cjc-y-red-procesal-realizan-conversatorio-sobre-principios-del-sistema-de-justicia\/\">\n\t\t\t\t\t\t\t\t\t\t\t\t\t<img loading=\"lazy\" decoding=\"async\" width=\"740\" height=\"480\" src=\"https:\/\/derecho.udd.cl\/centro-justicia-constitucional\/files\/2020\/07\/deresh-740x480-1-680x382.jpg\" class=\"banner__image lazyload\" alt=\"\" sizes=\"auto, (max-width: 740px) 100vw, 740px\" data-src=\"https:\/\/derecho.udd.cl\/centro-justicia-constitucional\/files\/2020\/07\/deresh-740x480-1.jpg\" data-srcset=\"https:\/\/derecho.udd.cl\/centro-justicia-constitucional\/files\/2020\/07\/deresh-740x480-1.jpg 740w, https:\/\/derecho.udd.cl\/centro-justicia-constitucional\/files\/2020\/07\/deresh-740x480-1-300x195.jpg 300w\" \/>\t\t\t\t\t\t\t\t\t\t\t\t\t<div class=\"banner__content\">\n\t\t\t\t\t\t\t\t<span class=\"banner__title\">CJC y Red Procesal realizan conversatorio sobre \u00abPrincipios del Sistema de Justicia\u00bb<\/span>\n\t\t\t\t\t\t\t\t\t\t\t\t\t\t\t\t\t\t\t\t\t\t\t\t\t<span class=\"banner__action\">Ver m\u00e1s<\/span>\n\t\t\t\t\t\t\t\t\t\t\t\t\t\t\t<\/div>\n\t\t\t\t\t\t<\/a>\n\t\t\t\t\t<\/div>\n\t\t\t\t\t\t\t\t\t<div class=\"banner-col\n\t\t\t\t\t\t\t\t\t\t\">\n\t\t\t\t\t\t<a href=\"https:\/\/derecho.udd.cl\/centro-justicia-constitucional\/2022\/02\/16\/gaspar-jenkins-asiste-al-conversatorio-el-sistema-de-justicia-en-la-nueva-constitucion\/\" class=\"banner banner--multiple\" data-url=\"https:\/\/derecho.udd.cl\/centro-justicia-constitucional\/2022\/02\/16\/gaspar-jenkins-asiste-al-conversatorio-el-sistema-de-justicia-en-la-nueva-constitucion\/\">\n\t\t\t\t\t\t\t\t\t\t\t\t\t<img loading=\"lazy\" decoding=\"async\" width=\"952\" height=\"534\" src=\"https:\/\/derecho.udd.cl\/centro-justicia-constitucional\/files\/2015\/06\/imagen-de-justicia-680x382.jpg\" class=\"banner__image lazyload\" alt=\"\" sizes=\"auto, (max-width: 952px) 100vw, 952px\" data-src=\"https:\/\/derecho.udd.cl\/centro-justicia-constitucional\/files\/2015\/06\/imagen-de-justicia-952x534.jpg\" data-srcset=\"https:\/\/derecho.udd.cl\/centro-justicia-constitucional\/files\/2015\/06\/imagen-de-justicia-952x534.jpg 952w, https:\/\/derecho.udd.cl\/centro-justicia-constitucional\/files\/2015\/06\/imagen-de-justicia-1366x768.jpg 1366w, https:\/\/derecho.udd.cl\/centro-justicia-constitucional\/files\/2015\/06\/imagen-de-justicia-680x382.jpg 680w\" \/>\t\t\t\t\t\t\t\t\t\t\t\t\t<div class=\"banner__content\">\n\t\t\t\t\t\t\t\t<span class=\"banner__title\">GASPAR JENKINS ASISTE AL CONVERSATORIO \u00abEL SISTEMA DE JUSTICIA EN LA NUEVA CONSTITUCI\u00d3N\u00bb<\/span>\n\t\t\t\t\t\t\t\t\t\t\t\t\t\t\t\t\t\t\t\t\t\t\t\t\t<span class=\"banner__action\">Ver m\u00e1s<\/span>\n\t\t\t\t\t\t\t\t\t\t\t\t\t\t\t<\/div>\n\t\t\t\t\t\t<\/a>\n\t\t\t\t\t<\/div>\n\t\t\t\t\t\t\t\t<\/div>\n\t\t\t<\/div>\n\t\t<\/div>\n\t<\/div>\n<\/section>\n","protected":false},"excerpt":{"rendered":"","protected":false},"author":61,"featured_media":0,"parent":0,"menu_order":0,"comment_status":"closed","ping_status":"closed","template":"","meta":{"footnotes":""},"class_list":["post-4716","page","type-page","status-publish","hentry"],"_links":{"self":[{"href":"https:\/\/derecho.udd.cl\/centro-justicia-constitucional\/wp-json\/wp\/v2\/pages\/4716","targetHints":{"allow":["GET"]}}],"collection":[{"href":"https:\/\/derecho.udd.cl\/centro-justicia-constitucional\/wp-json\/wp\/v2\/pages"}],"about":[{"href":"https:\/\/derecho.udd.cl\/centro-justicia-constitucional\/wp-json\/wp\/v2\/types\/page"}],"author":[{"embeddable":true,"href":"https:\/\/derecho.udd.cl\/centro-justicia-constitucional\/wp-json\/wp\/v2\/users\/61"}],"replies":[{"embeddable":true,"href":"https:\/\/derecho.udd.cl\/centro-justicia-constitucional\/wp-json\/wp\/v2\/comments?post=4716"}],"version-history":[{"count":1,"href":"https:\/\/derecho.udd.cl\/centro-justicia-constitucional\/wp-json\/wp\/v2\/pages\/4716\/revisions"}],"predecessor-version":[{"id":4717,"href":"https:\/\/derecho.udd.cl\/centro-justicia-constitucional\/wp-json\/wp\/v2\/pages\/4716\/revisions\/4717"}],"wp:attachment":[{"href":"https:\/\/derecho.udd.cl\/centro-justicia-constitucional\/wp-json\/wp\/v2\/media?parent=4716"}],"curies":[{"name":"wp","href":"https:\/\/api.w.org\/{rel}","templated":true}]}}