{"id":3879,"date":"2021-08-31T20:54:56","date_gmt":"2021-08-31T20:54:56","guid":{"rendered":"https:\/\/derecho.udd.cl\/centro-justicia-constitucional\/?page_id=3879"},"modified":"2021-09-15T12:37:47","modified_gmt":"2021-09-15T12:37:47","slug":"llamado-a-concurso-de-ayudante-para-el-centro-de-justicia-constitucional","status":"publish","type":"page","link":"https:\/\/derecho.udd.cl\/centro-justicia-constitucional\/llamado-a-concurso-de-ayudante-para-el-centro-de-justicia-constitucional\/","title":{"rendered":"Llamado a concurso de ayudante para el Centro de Justicia Constitucional"},"content":{"rendered":"\n<p>Se invita a alumnos de<strong> 4\u00ba a\u00f1o, 5\u00ba a\u00f1o y egresados con un m\u00e1ximo de tres a\u00f1os<\/strong>, que hayan aprobado todos los cursos m\u00ednimos del ciclo de Derecho Pol\u00edtico y Derecho Constitucional, que no hayan reprobado el examen de grado y est\u00e9n a la espera de rendirlo nuevamente, y que tengan un promedio de notas ponderado igual o superior a 5.5, a participar en un nuevo concurso de ayudante remunerado para el Centro de Justicia Constitucional (CJC).&nbsp;<\/p>\n\n\n\n<p>\u00c1rea de trabajo, sistema de control represivo de constitucionalidad de la ley (inaplicabilidad e inconstitucionalidad); relaciones entre el Tribunal Constitucional y el Poder Judicial.&nbsp;<\/p>\n\n\n\n<p>Se requiere dominio avanzado de lectura en ingl\u00e9s. Y, preferente pero no excluyente, dominio avanzado de lectura en portugu\u00e9s.&nbsp;<\/p>\n\n\n\n<p>La disponibilidad de tiempo requerida es de 10 horas cronol\u00f3gicas semanales, en un r\u00e9gimen de jornada flexible, para efectuar labores ivestigativas basales como exploraci\u00f3n, b\u00fasqueda y recolecci\u00f3n de doctrina y jurisprudencia, revisi\u00f3n bibliogr\u00e1fica, trabajo de campo y otras an\u00e1logas requeridas por el profesor. Adem\u00e1s, compromiso para aportar material doctrinario, jurisprudencial y medi\u00e1tico.&nbsp;<\/p>\n\n\n\n<p>Los interesados deben enviar sus antecedentes (<strong>curr\u00edculum y ficha curricular con concentraci\u00f3n de notas<\/strong>) v\u00eda e-mail a\u00a0<a href=\"mailto:cjc@udd.cl\">cjc@udd.cl<\/a>\u00a0, <strong>hasta las 18:00 hrs. del mi\u00e9rcoles 15 de septiembre de 2021<\/strong>.\u00a0<\/p>\n\n\n\n<p class=\"has-text-align-left\"><strong>Centro de Justicia Constitucional&nbsp;<\/strong><\/p>\n\n\n\n<p class=\"has-text-align-left\"><strong>Facultad de Derecho Universidad del Desarrollo<\/strong><\/p>\n","protected":false},"excerpt":{"rendered":"<p>Se invita a alumnos de 4\u00ba a\u00f1o, 5\u00ba a\u00f1o y egresados con un m\u00e1ximo de tres a\u00f1os, que hayan aprobado todos los cursos m\u00ednimos del ciclo de Derecho Pol\u00edtico y Derecho Constitucional, que no hayan reprobado el examen de grado y est\u00e9n a la espera de rendirlo nuevamente, y que tengan un promedio de notas [&hellip;]<\/p>\n","protected":false},"author":61,"featured_media":0,"parent":0,"menu_order":0,"comment_status":"closed","ping_status":"closed","template":"","meta":{"footnotes":""},"class_list":["post-3879","page","type-page","status-publish","hentry"],"_links":{"self":[{"href":"https:\/\/derecho.udd.cl\/centro-justicia-constitucional\/wp-json\/wp\/v2\/pages\/3879","targetHints":{"allow":["GET"]}}],"collection":[{"href":"https:\/\/derecho.udd.cl\/centro-justicia-constitucional\/wp-json\/wp\/v2\/pages"}],"about":[{"href":"https:\/\/derecho.udd.cl\/centro-justicia-constitucional\/wp-json\/wp\/v2\/types\/page"}],"author":[{"embeddable":true,"href":"https:\/\/derecho.udd.cl\/centro-justicia-constitucional\/wp-json\/wp\/v2\/users\/61"}],"replies":[{"embeddable":true,"href":"https:\/\/derecho.udd.cl\/centro-justicia-constitucional\/wp-json\/wp\/v2\/comments?post=3879"}],"version-history":[{"count":4,"href":"https:\/\/derecho.udd.cl\/centro-justicia-constitucional\/wp-json\/wp\/v2\/pages\/3879\/revisions"}],"predecessor-version":[{"id":3924,"href":"https:\/\/derecho.udd.cl\/centro-justicia-constitucional\/wp-json\/wp\/v2\/pages\/3879\/revisions\/3924"}],"wp:attachment":[{"href":"https:\/\/derecho.udd.cl\/centro-justicia-constitucional\/wp-json\/wp\/v2\/media?parent=3879"}],"curies":[{"name":"wp","href":"https:\/\/api.w.org\/{rel}","templated":true}]}}