{"id":928,"date":"2019-04-04T16:33:20","date_gmt":"2019-04-04T16:33:20","guid":{"rendered":"http:\/\/derecho.udd.cl\/cdre\/?post_type=person&#038;p=928"},"modified":"2026-04-17T12:55:48","modified_gmt":"2026-04-17T16:55:48","slug":"francisca-labbe-figueroa","status":"publish","type":"person","link":"https:\/\/derecho.udd.cl\/cdre\/persona\/francisca-labbe-figueroa\/","title":{"rendered":"Francisca Labb\u00e9 Figueroa"},"content":{"rendered":"<p class=\"MsoNormal\"><b><u><span>Cursos Universidad del Desarrollo\u00a0<\/span><\/u><\/b><\/p>\n<p class=\"MsoListParagraphCxSpFirst\"><!-- [if !supportLists]--><span><span>\u00b7<span>\u00a0 \u00a0 \u00a0\u00a0<\/span><\/span><\/span><span>Regulaci\u00f3n Econ\u00f3mica I<\/span><!--[endif]--><\/p>\n<p class=\"MsoListParagraphCxSpLast\"><!-- [if !supportLists]--><span><span>\u00b7<span>\u00a0 \u00a0 \u00a0\u00a0<\/span><\/span><\/span><span>Regulaci\u00f3n Econ\u00f3mica II<\/span><\/p>\n<p class=\"MsoNormal\"><b><u><span>Otros<\/span><\/u><\/b><\/p>\n<p class=\"MsoListParagraph\"><!-- [if !supportLists]--><span>\u00b7<span>\u00a0\u00a0\u00a0\u00a0\u00a0\u00a0<\/span><\/span><!--[endif]--><span>Tiene experiencia profesional en asesor\u00eda a personas naturales y empresas, nacionales y extranjeras, en Derecho Tributario y Derecho de la Empresa, principalmente en procesos de reorganizaci\u00f3n, proyectos de inversi\u00f3n y gesti\u00f3n de negocio<\/span><b><\/b><\/p>\n<p>Ver publicaciones <a href=\"https:\/\/scholar.google.com\/citations?user=5NTg77AAAAAJ&amp;hl=es&amp;oi=ao\" target=\"_blank\" rel=\"noopener\">aqu\u00ed<\/a><\/p>\n","protected":false},"author":41,"featured_media":4089,"template":"","people_tax":[14],"class_list":["post-928","person","type-person","status-publish","has-post-thumbnail","hentry","people_tax-direccion-ejecutiva"],"email":"mlabbe@udd.cl","tel_job":"","role":"Profesora Investigadora ","modal":"<div class=\"person-modal person-modal--scl\">\n<header class=\"person-modal__header\">\n<div class=\"person-modal__bg\"><\/div>\n<div class=\"modal-container\">\n<div class=\"person-modal__media\">\n\t\t\t\t<img decoding=\"async\" width=\"500\" height=\"500\" src=\"https:\/\/derecho.udd.cl\/cdre\/files\/2019\/04\/francisca-labbe-62x62.jpeg\" class=\"person-modal__image wp-post-image lazyload\" alt=\"\" loading=\"lazy\" data-src=\"https:\/\/derecho.udd.cl\/cdre\/files\/2019\/04\/francisca-labbe-500x500.jpeg\" data-srcset=\"https:\/\/derecho.udd.cl\/cdre\/files\/2019\/04\/francisca-labbe-500x500.jpeg 500w, https:\/\/derecho.udd.cl\/cdre\/files\/2019\/04\/francisca-labbe-150x150.jpeg 150w, https:\/\/derecho.udd.cl\/cdre\/files\/2019\/04\/francisca-labbe-62x62.jpeg 62w, https:\/\/derecho.udd.cl\/cdre\/files\/2019\/04\/francisca-labbe-250x250.jpeg 250w, https:\/\/derecho.udd.cl\/cdre\/files\/2019\/04\/francisca-labbe-126x126.jpeg 126w\" \/>\t\t\t<\/div>\n<div class=\"person-modal__data\">\n<h1 class=\"person-modal__name\">Francisca Labb\u00e9 Figueroa<\/h1>\n<p>\t\t\t\t\t\t\t<span class=\"person-modal__description\">Profesora Investigadora <\/span><br \/>\n\t\t\t\t\t\t\t\t\t\t\t\t\t<a href=\"mailto:&#109;l&#097;b&#098;&#101;&#064;&#117;d&#100;.c&#108;\" class=\"person-modal__email\">&#109;l&#097;&#098;b&#101;&#064;&#117;&#100;&#100;.c&#108;<\/a>\n\t\t\t\t\t\t\t\t\t<\/div>\n<\/p><\/div>\n<\/header>\n<div class=\"modal-container\">\n<div class=\"person-modal__content text\">\n<p>Sus \u00e1reas de especializaci\u00f3n son: Derecho Tributario y Derecho Econ\u00f3mico, y sus l\u00edneas de investigaci\u00f3n son: Regulaci\u00f3n para evitar la Doble Tributaci\u00f3n, y Libre Competencia.<\/p>\n<ul>\n<li>Licenciada en Derecho, Pontificia Universidad Cat\u00f3lica de Chile<\/li>\n<li>Abogada, Excma. Corte Suprema<\/li>\n<li>Diplomado en Business and European Integration, SciencesPo, Universidad Sorbonne, Par\u00eds, Francia<\/li>\n<li>Diplomado en Business Law and Practice, Universidad de Cambridge; Inglaterra<\/li>\n<li>Master in Laws en Derecho Internacional, Comercio y Arbitraje, Universidad de Heidelberg y Universidad de Chile<\/li>\n<li>Mag\u00edster en Direcci\u00f3n y Gesti\u00f3n Tributaria, Universidad Adolfo Iba\u00f1ez<\/li>\n<\/ul>\n<p class=\"MsoNormal\"><b><u><span>Cursos Universidad del Desarrollo\u00a0<\/span><\/u><\/b><\/p>\n<p class=\"MsoListParagraphCxSpFirst\"><!-- [if !supportLists]--><span><span>\u00b7<span>\u00a0 \u00a0 \u00a0\u00a0<\/span><\/span><\/span><span>Regulaci\u00f3n Econ\u00f3mica I<\/span><!--[endif]--><\/p>\n<p class=\"MsoListParagraphCxSpLast\"><!-- [if !supportLists]--><span><span>\u00b7<span>\u00a0 \u00a0 \u00a0\u00a0<\/span><\/span><\/span><span>Regulaci\u00f3n Econ\u00f3mica II<\/span><\/p>\n<p class=\"MsoNormal\"><b><u><span>Otros<\/span><\/u><\/b><\/p>\n<p class=\"MsoListParagraph\"><!-- [if !supportLists]--><span>\u00b7<span>\u00a0\u00a0\u00a0\u00a0\u00a0\u00a0<\/span><\/span><!--[endif]--><span>Tiene experiencia profesional en asesor\u00eda a personas naturales y empresas, nacionales y extranjeras, en Derecho Tributario y Derecho de la Empresa, principalmente en procesos de reorganizaci\u00f3n, proyectos de inversi\u00f3n y gesti\u00f3n de negocio<\/span><b><\/b><\/p>\n<p>Ver publicaciones <a href=\"https:\/\/scholar.google.com\/citations?user=5NTg77AAAAAJ&amp;hl=es&amp;oi=ao\" target=\"_blank\" rel=\"noopener\">aqu\u00ed<\/a><\/p>\n<p class=\"MsoNormal\"><b><u><span>Cursos Universidad del Desarrollo\u00a0<\/span><\/u><\/b><\/p>\n<p class=\"MsoListParagraphCxSpFirst\"><!-- [if !supportLists]--><span><span>\u00b7<span>\u00a0 \u00a0 \u00a0\u00a0<\/span><\/span><\/span><span>Regulaci\u00f3n Econ\u00f3mica I<\/span><!--[endif]--><\/p>\n<p class=\"MsoListParagraphCxSpLast\"><!-- [if !supportLists]--><span><span>\u00b7<span>\u00a0 \u00a0 \u00a0\u00a0<\/span><\/span><\/span><span>Regulaci\u00f3n Econ\u00f3mica II<\/span><\/p>\n<p class=\"MsoNormal\"><b><u><span>Otros<\/span><\/u><\/b><\/p>\n<p class=\"MsoListParagraph\"><!-- [if !supportLists]--><span>\u00b7<span>\u00a0\u00a0\u00a0\u00a0\u00a0\u00a0<\/span><\/span><!--[endif]--><span>Tiene experiencia profesional en asesor\u00eda a personas naturales y empresas, nacionales y extranjeras, en Derecho Tributario y Derecho de la Empresa, principalmente en procesos de reorganizaci\u00f3n, proyectos de inversi\u00f3n y gesti\u00f3n de negocio<\/span><b><\/b><\/p>\n<p>Ver publicaciones <a href=\"https:\/\/scholar.google.com\/citations?user=5NTg77AAAAAJ&amp;hl=es&amp;oi=ao\" target=\"_blank\" rel=\"noopener\">aqu\u00ed<\/a><\/p>\n<\/p><\/div>\n<\/p><\/div>\n<\/div>\n","_links":{"self":[{"href":"https:\/\/derecho.udd.cl\/cdre\/wp-json\/wp\/v2\/people\/928","targetHints":{"allow":["GET"]}}],"collection":[{"href":"https:\/\/derecho.udd.cl\/cdre\/wp-json\/wp\/v2\/people"}],"about":[{"href":"https:\/\/derecho.udd.cl\/cdre\/wp-json\/wp\/v2\/types\/person"}],"author":[{"embeddable":true,"href":"https:\/\/derecho.udd.cl\/cdre\/wp-json\/wp\/v2\/users\/41"}],"version-history":[{"count":2,"href":"https:\/\/derecho.udd.cl\/cdre\/wp-json\/wp\/v2\/people\/928\/revisions"}],"predecessor-version":[{"id":5843,"href":"https:\/\/derecho.udd.cl\/cdre\/wp-json\/wp\/v2\/people\/928\/revisions\/5843"}],"wp:featuredmedia":[{"embeddable":true,"href":"https:\/\/derecho.udd.cl\/cdre\/wp-json\/wp\/v2\/media\/4089"}],"wp:attachment":[{"href":"https:\/\/derecho.udd.cl\/cdre\/wp-json\/wp\/v2\/media?parent=928"}],"wp:term":[{"taxonomy":"people_tax","embeddable":true,"href":"https:\/\/derecho.udd.cl\/cdre\/wp-json\/wp\/v2\/people_tax?post=928"}],"curies":[{"name":"wp","href":"https:\/\/api.w.org\/{rel}","templated":true}]}}

Francisca Labbé Figueroa

<p class="MsoNormal"><b><u><span>Cursos Universidad del Desarrollo </span></u></b></p>
<p class="MsoListParagraphCxSpFirst"><!-- [if !supportLists]--><span><span>·<span>      </span></span></span><span>Regulación Económica I</span><!--[endif]--></p>
<p class="MsoListParagraphCxSpLast"><!-- [if !supportLists]--><span><span>·<span>      </span></span></span><span>Regulación Económica II</span></p>
<p class="MsoNormal"><b><u><span>Otros</span></u></b></p>
<p class="MsoListParagraph"><!-- [if !supportLists]--><span>·<span>      </span></span><!--[endif]--><span>Tiene experiencia profesional en asesoría a personas naturales y empresas, nacionales y extranjeras, en Derecho Tributario y Derecho de la Empresa, principalmente en procesos de reorganización, proyectos de inversión y gestión de negocio</span><b></b></p>
<p>Ver publicaciones <a href="https://scholar.google.com/citations?user=5NTg77AAAAAJ&amp;hl=es&amp;oi=ao" target="_blank" rel="noopener">aquí</a></p>

<div class="person-modal person-modal--scl">
<header class="person-modal__header">
<div class="person-modal__bg"></div>
<div class="modal-container">
<div class="person-modal__media">
				<img decoding="async" width="500" height="500" src="https://derecho.udd.cl/cdre/files/2019/04/francisca-labbe-62x62.jpeg" class="person-modal__image wp-post-image lazyload" alt="" loading="lazy" data-src="https://derecho.udd.cl/cdre/files/2019/04/francisca-labbe-500x500.jpeg" data-srcset="https://derecho.udd.cl/cdre/files/2019/04/francisca-labbe-500x500.jpeg 500w, https://derecho.udd.cl/cdre/files/2019/04/francisca-labbe-150x150.jpeg 150w, https://derecho.udd.cl/cdre/files/2019/04/francisca-labbe-62x62.jpeg 62w, https://derecho.udd.cl/cdre/files/2019/04/francisca-labbe-250x250.jpeg 250w, https://derecho.udd.cl/cdre/files/2019/04/francisca-labbe-126x126.jpeg 126w" />			</div>
<div class="person-modal__data">
<h1 class="person-modal__name">Francisca Labbé Figueroa</h1>
<p>							<span class="person-modal__description">Profesora Investigadora </span><br />
													<a href="mailto:&#109;l&#097;b&#098;&#101;&#064;&#117;d&#100;.c&#108;" class="person-modal__email">&#109;l&#097;&#098;b&#101;&#064;&#117;&#100;&#100;.c&#108;</a>
									</div>
</p></div>
</header>
<div class="modal-container">
<div class="person-modal__content text">
<p>Sus áreas de especialización son: Derecho Tributario y Derecho Económico, y sus líneas de investigación son: Regulación para evitar la Doble Tributación, y Libre Competencia.</p>
<ul>
<li>Licenciada en Derecho, Pontificia Universidad Católica de Chile</li>
<li>Abogada, Excma. Corte Suprema</li>
<li>Diplomado en Business and European Integration, SciencesPo, Universidad Sorbonne, París, Francia</li>
<li>Diplomado en Business Law and Practice, Universidad de Cambridge; Inglaterra</li>
<li>Master in Laws en Derecho Internacional, Comercio y Arbitraje, Universidad de Heidelberg y Universidad de Chile</li>
<li>Magíster en Dirección y Gestión Tributaria, Universidad Adolfo Ibañez</li>
</ul>
<p class="MsoNormal"><b><u><span>Cursos Universidad del Desarrollo </span></u></b></p>
<p class="MsoListParagraphCxSpFirst"><!-- [if !supportLists]--><span><span>·<span>      </span></span></span><span>Regulación Económica I</span><!--[endif]--></p>
<p class="MsoListParagraphCxSpLast"><!-- [if !supportLists]--><span><span>·<span>      </span></span></span><span>Regulación Económica II</span></p>
<p class="MsoNormal"><b><u><span>Otros</span></u></b></p>
<p class="MsoListParagraph"><!-- [if !supportLists]--><span>·<span>      </span></span><!--[endif]--><span>Tiene experiencia profesional en asesoría a personas naturales y empresas, nacionales y extranjeras, en Derecho Tributario y Derecho de la Empresa, principalmente en procesos de reorganización, proyectos de inversión y gestión de negocio</span><b></b></p>
<p>Ver publicaciones <a href="https://scholar.google.com/citations?user=5NTg77AAAAAJ&amp;hl=es&amp;oi=ao" target="_blank" rel="noopener">aquí</a></p>
<p class="MsoNormal"><b><u><span>Cursos Universidad del Desarrollo </span></u></b></p>
<p class="MsoListParagraphCxSpFirst"><!-- [if !supportLists]--><span><span>·<span>      </span></span></span><span>Regulación Económica I</span><!--[endif]--></p>
<p class="MsoListParagraphCxSpLast"><!-- [if !supportLists]--><span><span>·<span>      </span></span></span><span>Regulación Económica II</span></p>
<p class="MsoNormal"><b><u><span>Otros</span></u></b></p>
<p class="MsoListParagraph"><!-- [if !supportLists]--><span>·<span>      </span></span><!--[endif]--><span>Tiene experiencia profesional en asesoría a personas naturales y empresas, nacionales y extranjeras, en Derecho Tributario y Derecho de la Empresa, principalmente en procesos de reorganización, proyectos de inversión y gestión de negocio</span><b></b></p>
<p>Ver publicaciones <a href="https://scholar.google.com/citations?user=5NTg77AAAAAJ&amp;hl=es&amp;oi=ao" target="_blank" rel="noopener">aquí</a></p>
</p></div>
</p></div>
</div>
