{"id":649,"date":"2018-10-23T18:26:08","date_gmt":"2018-10-23T18:26:08","guid":{"rendered":"http:\/\/derecho.udd.cl\/cdre\/?post_type=person&#038;p=649"},"modified":"2026-04-17T12:55:48","modified_gmt":"2026-04-17T16:55:48","slug":"camila-boettiger-philipps","status":"publish","type":"person","link":"https:\/\/derecho.udd.cl\/cdre\/persona\/camila-boettiger-philipps\/","title":{"rendered":"Camila  Boettiger Philipps"},"content":{"rendered":"<p class=\"MsoNormal\"><b><u><span lang=\"EN-US\">Cursos Universidad del Desarrollo\u00a0<\/span><\/u><\/b><\/p>\n<p class=\"MsoListParagraphCxSpFirst\"><!-- [if !supportLists]--><span><span>\u00b7<span>\u00a0\u00a0\u00a0\u00a0\u00a0\u00a0<\/span><\/span><\/span><!--[endif]--><span>Derecho Ambiental<\/span><\/p>\n<p class=\"MsoListParagraphCxSpLast\"><!-- [if !supportLists]--><span><span>\u00b7<span>\u00a0\u00a0\u00a0\u00a0\u00a0\u00a0<\/span><\/span><\/span><!--[endif]--><span>Recursos Naturales<\/span><\/p>\n<p class=\"MsoNormal\"><b><u><span>Otros<\/span><\/u><\/b><\/p>\n<p class=\"MsoListParagraph\"><!-- [if !supportLists]--><span>\u00b7<span>\u00a0\u00a0\u00a0\u00a0\u00a0\u00a0<\/span><\/span><!--[endif]--><span>Tiene experiencia profesional asesorando en Derecho de Aguas y Derecho Ambiental,principalmente a proyectos de inversi\u00f3n, as\u00ed como a servicios p\u00fablicos.<\/span><b><\/b><\/p>\n<p>Ver publicaciones <a href=\"https:\/\/scholar.google.com\/citations?user=RBTPijIAAAAJ&amp;hl=es&amp;oi=ao\" target=\"_blank\" rel=\"noopener\">aqu\u00ed<\/a><\/p>\n","protected":false},"author":40,"featured_media":932,"template":"","people_tax":[14],"class_list":["post-649","person","type-person","status-publish","has-post-thumbnail","hentry","people_tax-direccion-ejecutiva"],"email":"cboettiger@udd.cl","tel_job":"","role":"Profesora Investigadora","modal":"<div class=\"person-modal person-modal--scl\">\n<header class=\"person-modal__header\">\n<div class=\"person-modal__bg\"><\/div>\n<div class=\"modal-container\">\n<div class=\"person-modal__media\">\n\t\t\t\t<img decoding=\"async\" width=\"500\" height=\"500\" src=\"https:\/\/derecho.udd.cl\/cdre\/files\/2019\/04\/IMG_1432-62x62.jpg\" class=\"person-modal__image wp-post-image lazyload\" alt=\"\" loading=\"lazy\" data-src=\"https:\/\/derecho.udd.cl\/cdre\/files\/2019\/04\/IMG_1432-500x500.jpg\" data-srcset=\"https:\/\/derecho.udd.cl\/cdre\/files\/2019\/04\/IMG_1432-500x500.jpg 500w, https:\/\/derecho.udd.cl\/cdre\/files\/2019\/04\/IMG_1432-150x150.jpg 150w, https:\/\/derecho.udd.cl\/cdre\/files\/2019\/04\/IMG_1432-62x62.jpg 62w, https:\/\/derecho.udd.cl\/cdre\/files\/2019\/04\/IMG_1432-750x750.jpg 750w, https:\/\/derecho.udd.cl\/cdre\/files\/2019\/04\/IMG_1432-250x250.jpg 250w, https:\/\/derecho.udd.cl\/cdre\/files\/2019\/04\/IMG_1432-126x126.jpg 126w\" \/>\t\t\t<\/div>\n<div class=\"person-modal__data\">\n<h1 class=\"person-modal__name\">Camila  Boettiger Philipps<\/h1>\n<p>\t\t\t\t\t\t\t<span class=\"person-modal__description\">Profesora Investigadora<\/span><br \/>\n\t\t\t\t\t\t\t\t\t\t\t\t\t<a href=\"mailto:&#099;bo&#101;t&#116;iger&#064;ud&#100;&#046;&#099;&#108;\" class=\"person-modal__email\">&#099;&#098;o&#101;&#116;&#116;ig&#101;&#114;&#064;&#117;dd.&#099;&#108;<\/a>\n\t\t\t\t\t\t\t\t\t<\/div>\n<\/p><\/div>\n<\/header>\n<div class=\"modal-container\">\n<div class=\"person-modal__content text\">\n<p>Sus \u00e1reas de especializaci\u00f3n son: Derecho de Aguas, Derecho Ambiental y Derecho Administrativo, y sus l\u00edneas de Investigaci\u00f3n son: Regulaci\u00f3n Econ\u00f3mica y Recursos Naturales. <\/p>\n<ul>\n<li>Licenciada en Derecho, Pontificia Universidad Cat\u00f3lica de Chile, con distinci\u00f3n m\u00e1xima<\/li>\n<li>Abogada, Excma. Corte Suprema<\/li>\n<li>Diploma en Derecho Administrativo Econ\u00f3mico con menci\u00f3n en Recursos Naturales, Pontificia Universidad Cat\u00f3lica de Chile, con Premio al mejor promedio de su promoci\u00f3n<\/li>\n<li>Mag\u00edster en Ciencias Jur\u00eddicas, Pontificia Universidad Cat\u00f3lica de Chile<\/li>\n<li>Doctora en Derecho, Pontificia Universidad Cat\u00f3lica de Chile (2018); Becaria CONICYT.<\/li>\n<\/ul>\n<p class=\"MsoNormal\"><b><u><span lang=\"EN-US\">Cursos Universidad del Desarrollo\u00a0<\/span><\/u><\/b><\/p>\n<p class=\"MsoListParagraphCxSpFirst\"><!-- [if !supportLists]--><span><span>\u00b7<span>\u00a0\u00a0\u00a0\u00a0\u00a0\u00a0<\/span><\/span><\/span><!--[endif]--><span>Derecho Ambiental<\/span><\/p>\n<p class=\"MsoListParagraphCxSpLast\"><!-- [if !supportLists]--><span><span>\u00b7<span>\u00a0\u00a0\u00a0\u00a0\u00a0\u00a0<\/span><\/span><\/span><!--[endif]--><span>Recursos Naturales<\/span><\/p>\n<p class=\"MsoNormal\"><b><u><span>Otros<\/span><\/u><\/b><\/p>\n<p class=\"MsoListParagraph\"><!-- [if !supportLists]--><span>\u00b7<span>\u00a0\u00a0\u00a0\u00a0\u00a0\u00a0<\/span><\/span><!--[endif]--><span>Tiene experiencia profesional asesorando en Derecho de Aguas y Derecho Ambiental,principalmente a proyectos de inversi\u00f3n, as\u00ed como a servicios p\u00fablicos.<\/span><b><\/b><\/p>\n<p>Ver publicaciones <a href=\"https:\/\/scholar.google.com\/citations?user=RBTPijIAAAAJ&amp;hl=es&amp;oi=ao\" target=\"_blank\" rel=\"noopener\">aqu\u00ed<\/a><\/p>\n<p class=\"MsoNormal\"><b><u><span lang=\"EN-US\">Cursos Universidad del Desarrollo\u00a0<\/span><\/u><\/b><\/p>\n<p class=\"MsoListParagraphCxSpFirst\"><!-- [if !supportLists]--><span><span>\u00b7<span>\u00a0\u00a0\u00a0\u00a0\u00a0\u00a0<\/span><\/span><\/span><!--[endif]--><span>Derecho Ambiental<\/span><\/p>\n<p class=\"MsoListParagraphCxSpLast\"><!-- [if !supportLists]--><span><span>\u00b7<span>\u00a0\u00a0\u00a0\u00a0\u00a0\u00a0<\/span><\/span><\/span><!--[endif]--><span>Recursos Naturales<\/span><\/p>\n<p class=\"MsoNormal\"><b><u><span>Otros<\/span><\/u><\/b><\/p>\n<p class=\"MsoListParagraph\"><!-- [if !supportLists]--><span>\u00b7<span>\u00a0\u00a0\u00a0\u00a0\u00a0\u00a0<\/span><\/span><!--[endif]--><span>Tiene experiencia profesional asesorando en Derecho de Aguas y Derecho Ambiental,principalmente a proyectos de inversi\u00f3n, as\u00ed como a servicios p\u00fablicos.<\/span><b><\/b><\/p>\n<p>Ver publicaciones <a href=\"https:\/\/scholar.google.com\/citations?user=RBTPijIAAAAJ&amp;hl=es&amp;oi=ao\" target=\"_blank\" rel=\"noopener\">aqu\u00ed<\/a><\/p>\n<\/p><\/div>\n<\/p><\/div>\n<\/div>\n","_links":{"self":[{"href":"https:\/\/derecho.udd.cl\/cdre\/wp-json\/wp\/v2\/people\/649","targetHints":{"allow":["GET"]}}],"collection":[{"href":"https:\/\/derecho.udd.cl\/cdre\/wp-json\/wp\/v2\/people"}],"about":[{"href":"https:\/\/derecho.udd.cl\/cdre\/wp-json\/wp\/v2\/types\/person"}],"author":[{"embeddable":true,"href":"https:\/\/derecho.udd.cl\/cdre\/wp-json\/wp\/v2\/users\/40"}],"version-history":[{"count":2,"href":"https:\/\/derecho.udd.cl\/cdre\/wp-json\/wp\/v2\/people\/649\/revisions"}],"predecessor-version":[{"id":5846,"href":"https:\/\/derecho.udd.cl\/cdre\/wp-json\/wp\/v2\/people\/649\/revisions\/5846"}],"wp:featuredmedia":[{"embeddable":true,"href":"https:\/\/derecho.udd.cl\/cdre\/wp-json\/wp\/v2\/media\/932"}],"wp:attachment":[{"href":"https:\/\/derecho.udd.cl\/cdre\/wp-json\/wp\/v2\/media?parent=649"}],"wp:term":[{"taxonomy":"people_tax","embeddable":true,"href":"https:\/\/derecho.udd.cl\/cdre\/wp-json\/wp\/v2\/people_tax?post=649"}],"curies":[{"name":"wp","href":"https:\/\/api.w.org\/{rel}","templated":true}]}}

<p class="MsoNormal"><b><u><span lang="EN-US">Cursos Universidad del Desarrollo </span></u></b></p>
<p class="MsoListParagraphCxSpFirst"><!-- [if !supportLists]--><span><span>·<span>      </span></span></span><!--[endif]--><span>Derecho Ambiental</span></p>
<p class="MsoListParagraphCxSpLast"><!-- [if !supportLists]--><span><span>·<span>      </span></span></span><!--[endif]--><span>Recursos Naturales</span></p>
<p class="MsoNormal"><b><u><span>Otros</span></u></b></p>
<p class="MsoListParagraph"><!-- [if !supportLists]--><span>·<span>      </span></span><!--[endif]--><span>Tiene experiencia profesional asesorando en Derecho de Aguas y Derecho Ambiental,principalmente a proyectos de inversión, así como a servicios públicos.</span><b></b></p>
<p>Ver publicaciones <a href="https://scholar.google.com/citations?user=RBTPijIAAAAJ&amp;hl=es&amp;oi=ao" target="_blank" rel="noopener">aquí</a></p>

<div class="person-modal person-modal--scl">
<header class="person-modal__header">
<div class="person-modal__bg"></div>
<div class="modal-container">
<div class="person-modal__media">
				<img decoding="async" width="500" height="500" src="https://derecho.udd.cl/cdre/files/2019/04/IMG_1432-62x62.jpg" class="person-modal__image wp-post-image lazyload" alt="" loading="lazy" data-src="https://derecho.udd.cl/cdre/files/2019/04/IMG_1432-500x500.jpg" data-srcset="https://derecho.udd.cl/cdre/files/2019/04/IMG_1432-500x500.jpg 500w, https://derecho.udd.cl/cdre/files/2019/04/IMG_1432-150x150.jpg 150w, https://derecho.udd.cl/cdre/files/2019/04/IMG_1432-62x62.jpg 62w, https://derecho.udd.cl/cdre/files/2019/04/IMG_1432-750x750.jpg 750w, https://derecho.udd.cl/cdre/files/2019/04/IMG_1432-250x250.jpg 250w, https://derecho.udd.cl/cdre/files/2019/04/IMG_1432-126x126.jpg 126w" />			</div>
<div class="person-modal__data">
<h1 class="person-modal__name">Camila  Boettiger Philipps</h1>
<p>							<span class="person-modal__description">Profesora Investigadora</span><br />
													<a href="mailto:&#099;bo&#101;t&#116;iger&#064;ud&#100;&#046;&#099;&#108;" class="person-modal__email">&#099;&#098;o&#101;&#116;&#116;ig&#101;&#114;&#064;&#117;dd.&#099;&#108;</a>
									</div>
</p></div>
</header>
<div class="modal-container">
<div class="person-modal__content text">
<p>Sus áreas de especialización son: Derecho de Aguas, Derecho Ambiental y Derecho Administrativo, y sus líneas de Investigación son: Regulación Económica y Recursos Naturales. </p>
<ul>
<li>Licenciada en Derecho, Pontificia Universidad Católica de Chile, con distinción máxima</li>
<li>Abogada, Excma. Corte Suprema</li>
<li>Diploma en Derecho Administrativo Económico con mención en Recursos Naturales, Pontificia Universidad Católica de Chile, con Premio al mejor promedio de su promoción</li>
<li>Magíster en Ciencias Jurídicas, Pontificia Universidad Católica de Chile</li>
<li>Doctora en Derecho, Pontificia Universidad Católica de Chile (2018); Becaria CONICYT.</li>
</ul>
<p class="MsoNormal"><b><u><span lang="EN-US">Cursos Universidad del Desarrollo </span></u></b></p>
<p class="MsoListParagraphCxSpFirst"><!-- [if !supportLists]--><span><span>·<span>      </span></span></span><!--[endif]--><span>Derecho Ambiental</span></p>
<p class="MsoListParagraphCxSpLast"><!-- [if !supportLists]--><span><span>·<span>      </span></span></span><!--[endif]--><span>Recursos Naturales</span></p>
<p class="MsoNormal"><b><u><span>Otros</span></u></b></p>
<p class="MsoListParagraph"><!-- [if !supportLists]--><span>·<span>      </span></span><!--[endif]--><span>Tiene experiencia profesional asesorando en Derecho de Aguas y Derecho Ambiental,principalmente a proyectos de inversión, así como a servicios públicos.</span><b></b></p>
<p>Ver publicaciones <a href="https://scholar.google.com/citations?user=RBTPijIAAAAJ&amp;hl=es&amp;oi=ao" target="_blank" rel="noopener">aquí</a></p>
<p class="MsoNormal"><b><u><span lang="EN-US">Cursos Universidad del Desarrollo </span></u></b></p>
<p class="MsoListParagraphCxSpFirst"><!-- [if !supportLists]--><span><span>·<span>      </span></span></span><!--[endif]--><span>Derecho Ambiental</span></p>
<p class="MsoListParagraphCxSpLast"><!-- [if !supportLists]--><span><span>·<span>      </span></span></span><!--[endif]--><span>Recursos Naturales</span></p>
<p class="MsoNormal"><b><u><span>Otros</span></u></b></p>
<p class="MsoListParagraph"><!-- [if !supportLists]--><span>·<span>      </span></span><!--[endif]--><span>Tiene experiencia profesional asesorando en Derecho de Aguas y Derecho Ambiental,principalmente a proyectos de inversión, así como a servicios públicos.</span><b></b></p>
<p>Ver publicaciones <a href="https://scholar.google.com/citations?user=RBTPijIAAAAJ&amp;hl=es&amp;oi=ao" target="_blank" rel="noopener">aquí</a></p>
</p></div>
</p></div>
</div>
