{"id":3488,"date":"2023-03-06T14:27:53","date_gmt":"2023-03-06T14:27:53","guid":{"rendered":"https:\/\/derecho.udd.cl\/cdre\/?post_type=person&#038;p=3488"},"modified":"2026-04-17T12:55:43","modified_gmt":"2026-04-17T16:55:43","slug":"nicolas-schubert","status":"publish","type":"person","link":"https:\/\/derecho.udd.cl\/cdre\/persona\/nicolas-schubert\/","title":{"rendered":"Nicol\u00e1s  Schubert"},"content":{"rendered":"<p>Gerente de Asuntos Gubernamentales y Pol\u00edticas P\u00fablicas de Google Chile.<\/p>\n","protected":false},"author":40,"featured_media":3489,"template":"","people_tax":[579,578],"class_list":["post-3488","person","type-person","status-publish","has-post-thumbnail","hentry","people_tax-consejo-asesor-observatorio","people_tax-observatorio"],"email":"","tel_job":"","role":"","modal":"<div class=\"person-modal person-modal--scl\">\n<header class=\"person-modal__header\">\n<div class=\"person-modal__bg\"><\/div>\n<div class=\"modal-container\">\n<div class=\"person-modal__media\">\n\t\t\t\t<img decoding=\"async\" width=\"500\" height=\"500\" src=\"https:\/\/derecho.udd.cl\/cdre\/files\/2023\/03\/1540572291635-62x62.jpg\" class=\"person-modal__image wp-post-image lazyload\" alt=\"\" loading=\"lazy\" data-src=\"https:\/\/derecho.udd.cl\/cdre\/files\/2023\/03\/1540572291635-500x500.jpg\" data-srcset=\"https:\/\/derecho.udd.cl\/cdre\/files\/2023\/03\/1540572291635-500x500.jpg 500w, https:\/\/derecho.udd.cl\/cdre\/files\/2023\/03\/1540572291635-300x300.jpg 300w, https:\/\/derecho.udd.cl\/cdre\/files\/2023\/03\/1540572291635-150x150.jpg 150w, https:\/\/derecho.udd.cl\/cdre\/files\/2023\/03\/1540572291635-62x62.jpg 62w, https:\/\/derecho.udd.cl\/cdre\/files\/2023\/03\/1540572291635-250x250.jpg 250w, https:\/\/derecho.udd.cl\/cdre\/files\/2023\/03\/1540572291635-126x126.jpg 126w, https:\/\/derecho.udd.cl\/cdre\/files\/2023\/03\/1540572291635.jpg 600w\" \/>\t\t\t<\/div>\n<div class=\"person-modal__data\">\n<h1 class=\"person-modal__name\">Nicol\u00e1s  Schubert<\/h1>\n<\/p><\/div>\n<\/p><\/div>\n<\/header>\n<div class=\"modal-container\">\n<div class=\"person-modal__content text\">\n<ul>\n<li>Abogado de la Universidad Central<\/li>\n<li>Mag\u00edster en Derecho Internacional y Estudios Internacionales de la Universidad de Chile.<\/li>\n<li>M\u00e1ster en Derecho Internacional de la Universidad de Heidelberg.<\/li>\n<\/ul>\n<p>Gerente de Asuntos Gubernamentales y Pol\u00edticas P\u00fablicas de Google Chile.<\/p>\n<p>Gerente de Asuntos Gubernamentales y Pol\u00edticas P\u00fablicas de Google Chile.<\/p>\n<\/p><\/div>\n<\/p><\/div>\n<\/div>\n","_links":{"self":[{"href":"https:\/\/derecho.udd.cl\/cdre\/wp-json\/wp\/v2\/people\/3488","targetHints":{"allow":["GET"]}}],"collection":[{"href":"https:\/\/derecho.udd.cl\/cdre\/wp-json\/wp\/v2\/people"}],"about":[{"href":"https:\/\/derecho.udd.cl\/cdre\/wp-json\/wp\/v2\/types\/person"}],"author":[{"embeddable":true,"href":"https:\/\/derecho.udd.cl\/cdre\/wp-json\/wp\/v2\/users\/40"}],"version-history":[{"count":1,"href":"https:\/\/derecho.udd.cl\/cdre\/wp-json\/wp\/v2\/people\/3488\/revisions"}],"predecessor-version":[{"id":5815,"href":"https:\/\/derecho.udd.cl\/cdre\/wp-json\/wp\/v2\/people\/3488\/revisions\/5815"}],"wp:featuredmedia":[{"embeddable":true,"href":"https:\/\/derecho.udd.cl\/cdre\/wp-json\/wp\/v2\/media\/3489"}],"wp:attachment":[{"href":"https:\/\/derecho.udd.cl\/cdre\/wp-json\/wp\/v2\/media?parent=3488"}],"wp:term":[{"taxonomy":"people_tax","embeddable":true,"href":"https:\/\/derecho.udd.cl\/cdre\/wp-json\/wp\/v2\/people_tax?post=3488"}],"curies":[{"name":"wp","href":"https:\/\/api.w.org\/{rel}","templated":true}]}}

Nicolás  Schubert

<p>Gerente de Asuntos Gubernamentales y Políticas Públicas de Google Chile.</p>

<div class="person-modal person-modal--scl">
<header class="person-modal__header">
<div class="person-modal__bg"></div>
<div class="modal-container">
<div class="person-modal__media">
				<img decoding="async" width="500" height="500" src="https://derecho.udd.cl/cdre/files/2023/03/1540572291635-62x62.jpg" class="person-modal__image wp-post-image lazyload" alt="" loading="lazy" data-src="https://derecho.udd.cl/cdre/files/2023/03/1540572291635-500x500.jpg" data-srcset="https://derecho.udd.cl/cdre/files/2023/03/1540572291635-500x500.jpg 500w, https://derecho.udd.cl/cdre/files/2023/03/1540572291635-300x300.jpg 300w, https://derecho.udd.cl/cdre/files/2023/03/1540572291635-150x150.jpg 150w, https://derecho.udd.cl/cdre/files/2023/03/1540572291635-62x62.jpg 62w, https://derecho.udd.cl/cdre/files/2023/03/1540572291635-250x250.jpg 250w, https://derecho.udd.cl/cdre/files/2023/03/1540572291635-126x126.jpg 126w, https://derecho.udd.cl/cdre/files/2023/03/1540572291635.jpg 600w" />			</div>
<div class="person-modal__data">
<h1 class="person-modal__name">Nicolás  Schubert</h1>
</p></div>
</p></div>
</header>
<div class="modal-container">
<div class="person-modal__content text">
<ul>
<li>Abogado de la Universidad Central</li>
<li>Magíster en Derecho Internacional y Estudios Internacionales de la Universidad de Chile.</li>
<li>Máster en Derecho Internacional de la Universidad de Heidelberg.</li>
</ul>
<p>Gerente de Asuntos Gubernamentales y Políticas Públicas de Google Chile.</p>
<p>Gerente de Asuntos Gubernamentales y Políticas Públicas de Google Chile.</p>
</p></div>
</p></div>
</div>
