{"id":3486,"date":"2023-03-06T14:23:21","date_gmt":"2023-03-06T14:23:21","guid":{"rendered":"https:\/\/derecho.udd.cl\/cdre\/?post_type=person&#038;p=3486"},"modified":"2026-04-17T12:55:43","modified_gmt":"2026-04-17T16:55:43","slug":"jose-guridi","status":"publish","type":"person","link":"https:\/\/derecho.udd.cl\/cdre\/persona\/jose-guridi\/","title":{"rendered":"Jos\u00e9  Guridi"},"content":{"rendered":"<p>Asesor en materias de tecnolog\u00eda e innovaci\u00f3n. Profesor de organizaci\u00f3n y comportamiento en la empresa de la Pontificia de la Universidad Cat\u00f3lica.<\/p>\n","protected":false},"author":40,"featured_media":3487,"template":"","people_tax":[579,578],"class_list":["post-3486","person","type-person","status-publish","has-post-thumbnail","hentry","people_tax-consejo-asesor-observatorio","people_tax-observatorio"],"email":"","tel_job":"","role":"","modal":"<div class=\"person-modal person-modal--scl\">\n<header class=\"person-modal__header\">\n<div class=\"person-modal__bg\"><\/div>\n<div class=\"modal-container\">\n<div class=\"person-modal__media\">\n\t\t\t\t<img decoding=\"async\" width=\"500\" height=\"500\" src=\"https:\/\/derecho.udd.cl\/cdre\/files\/2023\/03\/jose-guridi-foto-500x500-1-62x62.jpg\" class=\"person-modal__image wp-post-image lazyload\" alt=\"\" loading=\"lazy\" data-src=\"https:\/\/derecho.udd.cl\/cdre\/files\/2023\/03\/jose-guridi-foto-500x500-1-500x500.jpg\" data-srcset=\"https:\/\/derecho.udd.cl\/cdre\/files\/2023\/03\/jose-guridi-foto-500x500-1.jpg 500w, https:\/\/derecho.udd.cl\/cdre\/files\/2023\/03\/jose-guridi-foto-500x500-1-300x300.jpg 300w, https:\/\/derecho.udd.cl\/cdre\/files\/2023\/03\/jose-guridi-foto-500x500-1-150x150.jpg 150w, https:\/\/derecho.udd.cl\/cdre\/files\/2023\/03\/jose-guridi-foto-500x500-1-62x62.jpg 62w, https:\/\/derecho.udd.cl\/cdre\/files\/2023\/03\/jose-guridi-foto-500x500-1-250x250.jpg 250w, https:\/\/derecho.udd.cl\/cdre\/files\/2023\/03\/jose-guridi-foto-500x500-1-126x126.jpg 126w\" \/>\t\t\t<\/div>\n<div class=\"person-modal__data\">\n<h1 class=\"person-modal__name\">Jos\u00e9  Guridi<\/h1>\n<\/p><\/div>\n<\/p><\/div>\n<\/header>\n<div class=\"modal-container\">\n<div class=\"person-modal__content text\">\n<ul>\n<li>Ingeniero Civil Industrial, diploma en Transporte y Log\u00edstica, Pontificia Universidad Cat\u00f3lica de Chile<\/li>\n<li>Mag\u00edster en Ciencias de la Ingenier\u00eda Industrial y de Sistemas, Pontificia Universidad Cat\u00f3lica de Chile<\/li>\n<\/ul>\n<p>Asesor en materias de tecnolog\u00eda e innovaci\u00f3n. Profesor de organizaci\u00f3n y comportamiento en la empresa de la Pontificia de la Universidad Cat\u00f3lica.<\/p>\n<p>Asesor en materias de tecnolog\u00eda e innovaci\u00f3n. Profesor de organizaci\u00f3n y comportamiento en la empresa de la Pontificia de la Universidad Cat\u00f3lica.<\/p>\n<\/p><\/div>\n<\/p><\/div>\n<\/div>\n","_links":{"self":[{"href":"https:\/\/derecho.udd.cl\/cdre\/wp-json\/wp\/v2\/people\/3486","targetHints":{"allow":["GET"]}}],"collection":[{"href":"https:\/\/derecho.udd.cl\/cdre\/wp-json\/wp\/v2\/people"}],"about":[{"href":"https:\/\/derecho.udd.cl\/cdre\/wp-json\/wp\/v2\/types\/person"}],"author":[{"embeddable":true,"href":"https:\/\/derecho.udd.cl\/cdre\/wp-json\/wp\/v2\/users\/40"}],"version-history":[{"count":1,"href":"https:\/\/derecho.udd.cl\/cdre\/wp-json\/wp\/v2\/people\/3486\/revisions"}],"predecessor-version":[{"id":5816,"href":"https:\/\/derecho.udd.cl\/cdre\/wp-json\/wp\/v2\/people\/3486\/revisions\/5816"}],"wp:featuredmedia":[{"embeddable":true,"href":"https:\/\/derecho.udd.cl\/cdre\/wp-json\/wp\/v2\/media\/3487"}],"wp:attachment":[{"href":"https:\/\/derecho.udd.cl\/cdre\/wp-json\/wp\/v2\/media?parent=3486"}],"wp:term":[{"taxonomy":"people_tax","embeddable":true,"href":"https:\/\/derecho.udd.cl\/cdre\/wp-json\/wp\/v2\/people_tax?post=3486"}],"curies":[{"name":"wp","href":"https:\/\/api.w.org\/{rel}","templated":true}]}}

José  Guridi

<p>Asesor en materias de tecnología e innovación. Profesor de organización y comportamiento en la empresa de la Pontificia de la Universidad Católica.</p>

<div class="person-modal person-modal--scl">
<header class="person-modal__header">
<div class="person-modal__bg"></div>
<div class="modal-container">
<div class="person-modal__media">
				<img decoding="async" width="500" height="500" src="https://derecho.udd.cl/cdre/files/2023/03/jose-guridi-foto-500x500-1-62x62.jpg" class="person-modal__image wp-post-image lazyload" alt="" loading="lazy" data-src="https://derecho.udd.cl/cdre/files/2023/03/jose-guridi-foto-500x500-1-500x500.jpg" data-srcset="https://derecho.udd.cl/cdre/files/2023/03/jose-guridi-foto-500x500-1.jpg 500w, https://derecho.udd.cl/cdre/files/2023/03/jose-guridi-foto-500x500-1-300x300.jpg 300w, https://derecho.udd.cl/cdre/files/2023/03/jose-guridi-foto-500x500-1-150x150.jpg 150w, https://derecho.udd.cl/cdre/files/2023/03/jose-guridi-foto-500x500-1-62x62.jpg 62w, https://derecho.udd.cl/cdre/files/2023/03/jose-guridi-foto-500x500-1-250x250.jpg 250w, https://derecho.udd.cl/cdre/files/2023/03/jose-guridi-foto-500x500-1-126x126.jpg 126w" />			</div>
<div class="person-modal__data">
<h1 class="person-modal__name">José  Guridi</h1>
</p></div>
</p></div>
</header>
<div class="modal-container">
<div class="person-modal__content text">
<ul>
<li>Ingeniero Civil Industrial, diploma en Transporte y Logística, Pontificia Universidad Católica de Chile</li>
<li>Magíster en Ciencias de la Ingeniería Industrial y de Sistemas, Pontificia Universidad Católica de Chile</li>
</ul>
<p>Asesor en materias de tecnología e innovación. Profesor de organización y comportamiento en la empresa de la Pontificia de la Universidad Católica.</p>
<p>Asesor en materias de tecnología e innovación. Profesor de organización y comportamiento en la empresa de la Pontificia de la Universidad Católica.</p>
</p></div>
</p></div>
</div>
