{"id":933,"date":"2019-04-04T16:57:24","date_gmt":"2019-04-04T16:57:24","guid":{"rendered":"http:\/\/derecho.udd.cl\/cdre\/?page_id=933"},"modified":"2022-01-11T17:23:19","modified_gmt":"2022-01-11T17:23:19","slug":"areas-de-estudio","status":"publish","type":"page","link":"https:\/\/derecho.udd.cl\/cdre\/areas-de-estudio\/","title":{"rendered":"\u00c1reas de Estudio"},"content":{"rendered":"<section class=\"wp-block-udd-text-row\">\n\t<div class=\"text-row\">\n\t\t<div class=\"text-row__content\">\n\t\t\t<div class=\"text-row__content-inner text\">\n\t\t\t\t\t\t\t\t<h2>Derecho regulatorio<\/h2>\n\t\t\t\t\t\t\t\t\n<p>\u00c1mbitos y l\u00edmites de los sectores regulados, considerando las competencias de los \u00f3rganos reguladores y los objetivos de las pol\u00edticas p\u00fablicas, con el objetivo de analizar la l\u00f3gica, organizaci\u00f3n y atribuciones espec\u00edficas de la Administraci\u00f3n del Estado, en especial en cuanto su actividad interviene en las decisiones econ\u00f3micas del pa\u00eds. Esto incluye, por ejemplo, \u00e1reas del Derecho tales como: Libre competencia, Derecho Financiero, Mercado de Valores, Protecci\u00f3n del Consumidor, Derecho Tributario, Derecho Ambiental, Mercados Regulados (concesiones y recursos naturales), etc.<\/p>\n\t\t\t<\/div>\n\t\t<\/div>\n\t\t<div class=\"text-row__media\">\n\t\t\t<img loading=\"lazy\" decoding=\"async\" width=\"952\" height=\"534\" src=\"https:\/\/derecho.udd.cl\/cdre\/files\/2019\/11\/jornadas-2-680x382.jpg\" class=\"text-row__media-image lazyload\" alt=\"\" sizes=\"auto, (max-width: 952px) 100vw, 952px\" data-src=\"https:\/\/derecho.udd.cl\/cdre\/files\/2019\/11\/jornadas-2-952x534.jpg\" data-srcset=\"https:\/\/derecho.udd.cl\/cdre\/files\/2019\/11\/jornadas-2-952x534.jpg 952w, https:\/\/derecho.udd.cl\/cdre\/files\/2019\/11\/jornadas-2-680x382.jpg 680w\" \/>\t\t<\/div>\n\t<\/div>\n<\/section>\n\n\n<section class=\"wp-block-udd-text-row block--content-align-right\">\n\t<div class=\"text-row\">\n\t\t<div class=\"text-row__content\">\n\t\t\t<div class=\"text-row__content-inner text\">\n\t\t\t\t\t\t\t\t<h2>Derecho de la empresa<\/h2>\n\t\t\t\t\t\t\t\t\n<p>Normativa correspondiente a las distintas \u00e1reas del Derecho a trav\u00e9s de las cuales se establece el quehacer de las empresas, o bien aquellas \u00e1reas que requieren que las empresas adopten decisiones estrat\u00e9gicas, en particular respecto de su financiamiento, administraci\u00f3n, tributaci\u00f3n y relaciones laborales. Esto incluye, por ejemplo, Gobierno Corporativo, Derecho Laboral, Derecho y Tecnolog\u00eda, Responsabilidad y Contrataci\u00f3n, etc.<\/p>\n\t\t\t<\/div>\n\t\t<\/div>\n\t\t<div class=\"text-row__media\">\n\t\t\t<img loading=\"lazy\" decoding=\"async\" width=\"952\" height=\"534\" src=\"https:\/\/derecho.udd.cl\/cdre\/files\/2019\/10\/img_3528-680x382.jpg\" class=\"text-row__media-image lazyload\" alt=\"\" sizes=\"auto, (max-width: 952px) 100vw, 952px\" data-src=\"https:\/\/derecho.udd.cl\/cdre\/files\/2019\/10\/img_3528-952x534.jpg\" data-srcset=\"https:\/\/derecho.udd.cl\/cdre\/files\/2019\/10\/img_3528-952x534.jpg 952w, https:\/\/derecho.udd.cl\/cdre\/files\/2019\/10\/img_3528-1366x768.jpg 1366w, https:\/\/derecho.udd.cl\/cdre\/files\/2019\/10\/img_3528-680x382.jpg 680w\" \/>\t\t<\/div>\n\t<\/div>\n<\/section>\n","protected":false},"excerpt":{"rendered":"","protected":false},"author":41,"featured_media":0,"parent":0,"menu_order":0,"comment_status":"closed","ping_status":"closed","template":"","meta":{"footnotes":""},"class_list":["post-933","page","type-page","status-publish","hentry"],"_links":{"self":[{"href":"https:\/\/derecho.udd.cl\/cdre\/wp-json\/wp\/v2\/pages\/933","targetHints":{"allow":["GET"]}}],"collection":[{"href":"https:\/\/derecho.udd.cl\/cdre\/wp-json\/wp\/v2\/pages"}],"about":[{"href":"https:\/\/derecho.udd.cl\/cdre\/wp-json\/wp\/v2\/types\/page"}],"author":[{"embeddable":true,"href":"https:\/\/derecho.udd.cl\/cdre\/wp-json\/wp\/v2\/users\/41"}],"replies":[{"embeddable":true,"href":"https:\/\/derecho.udd.cl\/cdre\/wp-json\/wp\/v2\/comments?post=933"}],"version-history":[{"count":8,"href":"https:\/\/derecho.udd.cl\/cdre\/wp-json\/wp\/v2\/pages\/933\/revisions"}],"predecessor-version":[{"id":2752,"href":"https:\/\/derecho.udd.cl\/cdre\/wp-json\/wp\/v2\/pages\/933\/revisions\/2752"}],"wp:attachment":[{"href":"https:\/\/derecho.udd.cl\/cdre\/wp-json\/wp\/v2\/media?parent=933"}],"curies":[{"name":"wp","href":"https:\/\/api.w.org\/{rel}","templated":true}]}}