{"id":5722,"date":"2025-03-06T15:39:27","date_gmt":"2025-03-06T18:39:27","guid":{"rendered":"https:\/\/derecho.udd.cl\/cdre\/?page_id=5722"},"modified":"2026-04-02T15:16:19","modified_gmt":"2026-04-02T18:16:19","slug":"concurso-ayudante-de-investigacion-cdre","status":"publish","type":"page","link":"https:\/\/derecho.udd.cl\/cdre\/concurso-ayudante-de-investigacion-cdre\/","title":{"rendered":"Concurso ayudante de investigaci\u00f3n CDRE\u00a0"},"content":{"rendered":"\n<p><strong>Los invitamos a participar de una nueva convocatoria de ayudantes de investigaci\u00f3n para el primer semestre del a\u00f1o 2026.<\/strong>&nbsp;<\/p>\n\n\n\n<p><strong>Requisitos para ser ayudante de investigaci\u00f3n<\/strong>&nbsp;<\/p>\n\n\n\n<ol start=\"1\" class=\"wp-block-list\">\n<li>Ser alumno regular (4\u00b0 \u2013 5\u00b0 a\u00f1o) o egresado de la carrera de Derecho de la <a href=\"https:\/\/www.udd.cl\/\" target=\"_blank\" rel=\"noreferrer noopener\">Universidad del Desarrollo.<\/a><\/li>\n<\/ol>\n\n\n\n<ol start=\"2\" class=\"wp-block-list\">\n<li>Haber cursado los primeros seis semestres de la carrera de Derecho en el caso de los egresados de la carrera de Derecho, no tener un plazo de egreso mayor a tres a\u00f1os.&nbsp;<\/li>\n<\/ol>\n\n\n\n<ol start=\"3\" class=\"wp-block-list\">\n<li>Tener un promedio ponderado acumulado sobre 5,5.&nbsp;<\/li>\n<\/ol>\n\n\n\n<ol start=\"4\" class=\"wp-block-list\">\n<li>Tener una carga acad\u00e9mica compatible con&nbsp;las responsabilidades&nbsp;que corresponden al ayudante.&nbsp;<\/li>\n<\/ol>\n\n\n\n<ol start=\"5\" class=\"wp-block-list\">\n<li>No haber reprobado el examen de grado.&nbsp;<\/li>\n<\/ol>\n\n\n\n<ol start=\"6\" class=\"wp-block-list\">\n<li>Compromiso para efectuar labores investigativas basales, como exploraci\u00f3n, b\u00fasqueda y recolecci\u00f3n de doctrina y jurisprudencia, revisi\u00f3n bibliogr\u00e1fica, trabajo de campo y otras an\u00e1logas requeridas por el&nbsp;director&nbsp;del centro o investigadores.&nbsp;<\/li>\n<\/ol>\n\n\n\n<ol start=\"7\" class=\"wp-block-list\">\n<li>Compromiso para aportar material&nbsp;doctrinario,&nbsp;jurisprudencial y medi\u00e1tico.&nbsp;<\/li>\n<\/ol>\n\n\n\n<ol start=\"8\" class=\"wp-block-list\">\n<li>Dominio de lectura en ingl\u00e9s.&nbsp;<\/li>\n<\/ol>\n\n\n\n<p><strong>\u00bfQu\u00e9 investigadores buscan ayudante?<\/strong>&nbsp;<\/p>\n\n\n\n<figure class=\"wp-block-table\"><table class=\"has-fixed-layout\"><tbody><tr><td><strong>Investigador<\/strong>&nbsp;<\/td><td><strong>\u00c1rea&nbsp;de investigaci\u00f3n<\/strong>&nbsp;<\/td><\/tr><tr><td>Camila Boettiger<\/td><td>Regulaci\u00f3n ambiental y recursos naturales<\/td><\/tr><\/tbody><\/table><\/figure>\n\n\n\n<p><strong>\u00bfC\u00f3mo postular?<\/strong>&nbsp;<\/p>\n\n\n\n<p>LOS INTERESADOS DEBEN ENVIAR SUS ANTECEDENTES\u00a0<strong>(CARTA DE INTENCI\u00d3N, CURR\u00cdCULUM Y FICHA CURRICULAR CON CONCENTRACI\u00d3N DE NOTAS)<\/strong>\u00a0V\u00cdA E-MAIL A\u00a0<a href=\"mailto:cdre@udd.cl\" target=\"_blank\" rel=\"noreferrer noopener\"><strong>CDRE@UDD.CL<\/strong><\/a><strong>\u00a0CON EL ASUNTO \u00abAYUDANTE DE INVESTIGACI\u00d3N + NOMBRE DEL INVESTIGADOR AL QUE POSTULA\u00bb<\/strong>,\u00a0<strong>HASTA LAS 18:00 HRS. DEL\u00a0JUEVES 9\u00a0DE\u00a0ABRIL\u00a0DE 2026<\/strong>.\u00a0<\/p>\n\n\n\n<p><\/p>\n","protected":false},"excerpt":{"rendered":"<p>ofertas para ayudantes de investigaci\u00f3n en derecho, para el centro de derecho regulatorio y empresa de la universidad del desarrollo.<\/p>\n","protected":false},"author":98,"featured_media":1830,"parent":0,"menu_order":0,"comment_status":"closed","ping_status":"closed","template":"","meta":{"footnotes":""},"class_list":["post-5722","page","type-page","status-publish","has-post-thumbnail","hentry"],"_links":{"self":[{"href":"https:\/\/derecho.udd.cl\/cdre\/wp-json\/wp\/v2\/pages\/5722","targetHints":{"allow":["GET"]}}],"collection":[{"href":"https:\/\/derecho.udd.cl\/cdre\/wp-json\/wp\/v2\/pages"}],"about":[{"href":"https:\/\/derecho.udd.cl\/cdre\/wp-json\/wp\/v2\/types\/page"}],"author":[{"embeddable":true,"href":"https:\/\/derecho.udd.cl\/cdre\/wp-json\/wp\/v2\/users\/98"}],"replies":[{"embeddable":true,"href":"https:\/\/derecho.udd.cl\/cdre\/wp-json\/wp\/v2\/comments?post=5722"}],"version-history":[{"count":11,"href":"https:\/\/derecho.udd.cl\/cdre\/wp-json\/wp\/v2\/pages\/5722\/revisions"}],"predecessor-version":[{"id":5808,"href":"https:\/\/derecho.udd.cl\/cdre\/wp-json\/wp\/v2\/pages\/5722\/revisions\/5808"}],"wp:featuredmedia":[{"embeddable":true,"href":"https:\/\/derecho.udd.cl\/cdre\/wp-json\/wp\/v2\/media\/1830"}],"wp:attachment":[{"href":"https:\/\/derecho.udd.cl\/cdre\/wp-json\/wp\/v2\/media?parent=5722"}],"curies":[{"name":"wp","href":"https:\/\/api.w.org\/{rel}","templated":true}]}}