{"id":3452,"date":"2023-02-20T12:59:48","date_gmt":"2023-02-20T12:59:48","guid":{"rendered":"https:\/\/derecho.udd.cl\/cdre\/?page_id=3452"},"modified":"2026-02-17T16:19:11","modified_gmt":"2026-02-17T19:19:11","slug":"observatorio-de-derecho-y-tecnologia","status":"publish","type":"page","link":"https:\/\/derecho.udd.cl\/cdre\/observatorio-de-derecho-y-tecnologia\/","title":{"rendered":"Quienes somos"},"content":{"rendered":"<section class=\"wp-block-udd-text-row block--bg-gray\">\n\t<div class=\"text-row\">\n\t\t<div class=\"text-row__content\">\n\t\t\t<div class=\"text-row__content-inner text\">\n\t\t\t\t\t\t\t\t<h2>MISI\u00d3N<\/h2>\n\t\t\t\t\t\t\t\t\n<p>El Observatorio de Derecho y Tecnolog\u00eda nace al amparo del Centro de Derecho Regulatorio y Empresa dependiente de la Facultad de Derecho de la Universidad del Desarrollo. Su objetivo es convertirse en un espacio en que&nbsp;&nbsp;puedan&nbsp;&nbsp;intercambiarse diversas visiones relativas a la regulaci\u00f3n tecnol\u00f3gica y el estudio de la disciplina.&nbsp;<\/p>\n\t\t\t<\/div>\n\t\t<\/div>\n\t\t<div class=\"text-row__media\">\n\t\t\t<img loading=\"lazy\" decoding=\"async\" width=\"512\" height=\"512\" src=\"https:\/\/derecho.udd.cl\/cdre\/files\/2023\/03\/orientacion.png\" class=\"text-row__media-image lazyload\" alt=\"\" sizes=\"auto, (max-width: 512px) 100vw, 512px\" data-src=\"https:\/\/derecho.udd.cl\/cdre\/files\/2023\/03\/orientacion.png\" data-srcset=\"https:\/\/derecho.udd.cl\/cdre\/files\/2023\/03\/orientacion.png 512w, https:\/\/derecho.udd.cl\/cdre\/files\/2023\/03\/orientacion-300x300.png 300w, https:\/\/derecho.udd.cl\/cdre\/files\/2023\/03\/orientacion-150x150.png 150w, https:\/\/derecho.udd.cl\/cdre\/files\/2023\/03\/orientacion-62x62.png 62w, https:\/\/derecho.udd.cl\/cdre\/files\/2023\/03\/orientacion-500x500.png 500w, https:\/\/derecho.udd.cl\/cdre\/files\/2023\/03\/orientacion-250x250.png 250w, https:\/\/derecho.udd.cl\/cdre\/files\/2023\/03\/orientacion-126x126.png 126w\" \/>\t\t<\/div>\n\t<\/div>\n<\/section>\n\n\n<section class=\"wp-block-udd-text-row block--content-align-right block--bg-gray\">\n\t<div class=\"text-row\">\n\t\t<div class=\"text-row__content\">\n\t\t\t<div class=\"text-row__content-inner text\">\n\t\t\t\t\t\t\t\t<h2>VISI\u00d3N<\/h2>\n\t\t\t\t\t\t\t\t\n<p>El Observatorio busca promover las actividades de investigaci\u00f3n, el di\u00e1logo entre el sector p\u00fablico-privado, la academia y la ciudadan\u00eda,&nbsp;&nbsp;y posicionarse como un actor clave en materias de regulaci\u00f3n tecnol\u00f3gica, que incluye materias tales como: protecci\u00f3n de datos personales, privacidad, ciberseguridad, ciencia de datos, inteligencia artificial, transformaci\u00f3n digital para el sector p\u00fablico y privado, delitos inform\u00e1ticos, propiedad intelectual y otras materias afines.&nbsp;<\/p>\n\t\t\t<\/div>\n\t\t<\/div>\n\t\t<div class=\"text-row__media\">\n\t\t\t<img loading=\"lazy\" decoding=\"async\" width=\"512\" height=\"512\" src=\"https:\/\/derecho.udd.cl\/cdre\/files\/2023\/03\/vision-estrategica.png\" class=\"text-row__media-image lazyload\" alt=\"\" sizes=\"auto, (max-width: 512px) 100vw, 512px\" data-src=\"https:\/\/derecho.udd.cl\/cdre\/files\/2023\/03\/vision-estrategica.png\" data-srcset=\"https:\/\/derecho.udd.cl\/cdre\/files\/2023\/03\/vision-estrategica.png 512w, https:\/\/derecho.udd.cl\/cdre\/files\/2023\/03\/vision-estrategica-300x300.png 300w, https:\/\/derecho.udd.cl\/cdre\/files\/2023\/03\/vision-estrategica-150x150.png 150w, https:\/\/derecho.udd.cl\/cdre\/files\/2023\/03\/vision-estrategica-62x62.png 62w, https:\/\/derecho.udd.cl\/cdre\/files\/2023\/03\/vision-estrategica-500x500.png 500w, https:\/\/derecho.udd.cl\/cdre\/files\/2023\/03\/vision-estrategica-250x250.png 250w, https:\/\/derecho.udd.cl\/cdre\/files\/2023\/03\/vision-estrategica-126x126.png 126w\" \/>\t\t<\/div>\n\t<\/div>\n<\/section>\n\n\n<!-- WP Block: UDD - People -->\n<section class=\"wp-block-udd-people \">\n\t<div class=\"container\">\n\t\t\t\t<header class=\"block__header\">\n\t\t\t\t\t\t\t\n<h2 class=\"wp-block-heading\">CONSEJO ASESOR<\/h2>\n\t\t\t\t\t\t\t\t<\/header>\n\t\t\t\t<div class=\"people-cards\">\n\t\t\t\t\t<div class=\"person-card\">\n\t<a href=\"https:\/\/derecho.udd.cl\/cdre\/persona\/andres-pumarino\/\"\n\t\tclass=\"person-card__inner js-person-modal\"\n\t\tdata-post-id=\"3477\"\n\t\tdata-postid=\"3477\"\n\t>\n\t\t\t<div class=\"person-card__media\">\n\t\t\t<img loading=\"lazy\" decoding=\"async\" width=\"400\" height=\"400\" src=\"https:\/\/derecho.udd.cl\/cdre\/files\/2023\/03\/3oei0fyp_400x400-62x62.jpg\" class=\"person-card__image wp-post-image lazyload\" alt=\"\" sizes=\"auto, (max-width: 400px) 100vw, 400px\" data-src=\"https:\/\/derecho.udd.cl\/cdre\/files\/2023\/03\/3oei0fyp_400x400.jpg\" data-srcset=\"https:\/\/derecho.udd.cl\/cdre\/files\/2023\/03\/3oei0fyp_400x400.jpg 400w, https:\/\/derecho.udd.cl\/cdre\/files\/2023\/03\/3oei0fyp_400x400-300x300.jpg 300w, https:\/\/derecho.udd.cl\/cdre\/files\/2023\/03\/3oei0fyp_400x400-150x150.jpg 150w, https:\/\/derecho.udd.cl\/cdre\/files\/2023\/03\/3oei0fyp_400x400-62x62.jpg 62w, https:\/\/derecho.udd.cl\/cdre\/files\/2023\/03\/3oei0fyp_400x400-250x250.jpg 250w, https:\/\/derecho.udd.cl\/cdre\/files\/2023\/03\/3oei0fyp_400x400-126x126.jpg 126w\" \/>\t\t<\/div>\n\t\t\t<div class=\"person-card__content\">\n\t\t\t<h3 class=\"person-card__name\">Andr\u00e9s  Pumarino<\/h3>\n\t\t\t\t\t<span class=\"person-card__cta\">Ver perfil<\/span>\n\t\t<\/div>\n\t<\/a>\n<\/div>\n\t\t\t\t\t<div class=\"person-card\">\n\t<a href=\"https:\/\/derecho.udd.cl\/cdre\/persona\/carla-illanes\/\"\n\t\tclass=\"person-card__inner js-person-modal\"\n\t\tdata-post-id=\"3479\"\n\t\tdata-postid=\"3479\"\n\t>\n\t\t\t<div class=\"person-card__media\">\n\t\t\t<img loading=\"lazy\" decoding=\"async\" width=\"500\" height=\"500\" src=\"https:\/\/derecho.udd.cl\/cdre\/files\/2023\/03\/1576450234765-62x62.jpg\" class=\"person-card__image wp-post-image lazyload\" alt=\"\" sizes=\"auto, (max-width: 500px) 100vw, 500px\" data-src=\"https:\/\/derecho.udd.cl\/cdre\/files\/2023\/03\/1576450234765-500x500.jpg\" data-srcset=\"https:\/\/derecho.udd.cl\/cdre\/files\/2023\/03\/1576450234765.jpg 500w, https:\/\/derecho.udd.cl\/cdre\/files\/2023\/03\/1576450234765-300x300.jpg 300w, https:\/\/derecho.udd.cl\/cdre\/files\/2023\/03\/1576450234765-150x150.jpg 150w, https:\/\/derecho.udd.cl\/cdre\/files\/2023\/03\/1576450234765-62x62.jpg 62w, https:\/\/derecho.udd.cl\/cdre\/files\/2023\/03\/1576450234765-250x250.jpg 250w, https:\/\/derecho.udd.cl\/cdre\/files\/2023\/03\/1576450234765-126x126.jpg 126w\" \/>\t\t<\/div>\n\t\t\t<div class=\"person-card__content\">\n\t\t\t<h3 class=\"person-card__name\">Carla  Illanes<\/h3>\n\t\t\t\t\t<span class=\"person-card__cta\">Ver perfil<\/span>\n\t\t<\/div>\n\t<\/a>\n<\/div>\n\t\t\t\t\t<div class=\"person-card\">\n\t<a href=\"https:\/\/derecho.udd.cl\/cdre\/persona\/rodrigo-rojas\/\"\n\t\tclass=\"person-card__inner js-person-modal\"\n\t\tdata-post-id=\"3481\"\n\t\tdata-postid=\"3481\"\n\t>\n\t\t\t<div class=\"person-card__media\">\n\t\t\t<img loading=\"lazy\" decoding=\"async\" width=\"500\" height=\"500\" src=\"https:\/\/derecho.udd.cl\/cdre\/files\/2023\/03\/rodrigorojasp-62x62.jpg\" class=\"person-card__image wp-post-image lazyload\" alt=\"\" sizes=\"auto, (max-width: 500px) 100vw, 500px\" data-src=\"https:\/\/derecho.udd.cl\/cdre\/files\/2023\/03\/rodrigorojasp-500x500.jpg\" data-srcset=\"https:\/\/derecho.udd.cl\/cdre\/files\/2023\/03\/rodrigorojasp-500x500.jpg 500w, https:\/\/derecho.udd.cl\/cdre\/files\/2023\/03\/rodrigorojasp-300x300.jpg 300w, https:\/\/derecho.udd.cl\/cdre\/files\/2023\/03\/rodrigorojasp-150x150.jpg 150w, https:\/\/derecho.udd.cl\/cdre\/files\/2023\/03\/rodrigorojasp-62x62.jpg 62w, https:\/\/derecho.udd.cl\/cdre\/files\/2023\/03\/rodrigorojasp-250x250.jpg 250w, https:\/\/derecho.udd.cl\/cdre\/files\/2023\/03\/rodrigorojasp-126x126.jpg 126w, https:\/\/derecho.udd.cl\/cdre\/files\/2023\/03\/rodrigorojasp.jpg 521w\" \/>\t\t<\/div>\n\t\t\t<div class=\"person-card__content\">\n\t\t\t<h3 class=\"person-card__name\">Rodrigo  Rojas<\/h3>\n\t\t\t\t\t<span class=\"person-card__cta\">Ver perfil<\/span>\n\t\t<\/div>\n\t<\/a>\n<\/div>\n\t\t\t\t\t<div class=\"person-card\">\n\t<a href=\"https:\/\/derecho.udd.cl\/cdre\/persona\/juan-pablo-gonzalez\/\"\n\t\tclass=\"person-card__inner js-person-modal\"\n\t\tdata-post-id=\"3483\"\n\t\tdata-postid=\"3483\"\n\t>\n\t\t\t<div class=\"person-card__media\">\n\t\t\t<img loading=\"lazy\" decoding=\"async\" width=\"300\" height=\"300\" src=\"https:\/\/derecho.udd.cl\/cdre\/files\/2023\/03\/juan-pablo-gonzalez-1-62x62.jpg\" class=\"person-card__image wp-post-image lazyload\" alt=\"\" sizes=\"auto, (max-width: 300px) 100vw, 300px\" data-src=\"https:\/\/derecho.udd.cl\/cdre\/files\/2023\/03\/juan-pablo-gonzalez-1.jpg\" data-srcset=\"https:\/\/derecho.udd.cl\/cdre\/files\/2023\/03\/juan-pablo-gonzalez-1.jpg 300w, https:\/\/derecho.udd.cl\/cdre\/files\/2023\/03\/juan-pablo-gonzalez-1-150x150.jpg 150w, https:\/\/derecho.udd.cl\/cdre\/files\/2023\/03\/juan-pablo-gonzalez-1-62x62.jpg 62w, https:\/\/derecho.udd.cl\/cdre\/files\/2023\/03\/juan-pablo-gonzalez-1-250x250.jpg 250w, https:\/\/derecho.udd.cl\/cdre\/files\/2023\/03\/juan-pablo-gonzalez-1-126x126.jpg 126w\" \/>\t\t<\/div>\n\t\t\t<div class=\"person-card__content\">\n\t\t\t<h3 class=\"person-card__name\">Juan Pablo  Gonz\u00e1lez<\/h3>\n\t\t\t\t\t<span class=\"person-card__cta\">Ver perfil<\/span>\n\t\t<\/div>\n\t<\/a>\n<\/div>\n\t\t\t\t\t<div class=\"person-card\">\n\t<a href=\"https:\/\/derecho.udd.cl\/cdre\/persona\/jose-guridi\/\"\n\t\tclass=\"person-card__inner js-person-modal\"\n\t\tdata-post-id=\"3486\"\n\t\tdata-postid=\"3486\"\n\t>\n\t\t\t<div class=\"person-card__media\">\n\t\t\t<img loading=\"lazy\" decoding=\"async\" width=\"500\" height=\"500\" src=\"https:\/\/derecho.udd.cl\/cdre\/files\/2023\/03\/jose-guridi-foto-500x500-1-62x62.jpg\" class=\"person-card__image wp-post-image lazyload\" alt=\"\" sizes=\"auto, (max-width: 500px) 100vw, 500px\" data-src=\"https:\/\/derecho.udd.cl\/cdre\/files\/2023\/03\/jose-guridi-foto-500x500-1-500x500.jpg\" data-srcset=\"https:\/\/derecho.udd.cl\/cdre\/files\/2023\/03\/jose-guridi-foto-500x500-1.jpg 500w, https:\/\/derecho.udd.cl\/cdre\/files\/2023\/03\/jose-guridi-foto-500x500-1-300x300.jpg 300w, https:\/\/derecho.udd.cl\/cdre\/files\/2023\/03\/jose-guridi-foto-500x500-1-150x150.jpg 150w, https:\/\/derecho.udd.cl\/cdre\/files\/2023\/03\/jose-guridi-foto-500x500-1-62x62.jpg 62w, https:\/\/derecho.udd.cl\/cdre\/files\/2023\/03\/jose-guridi-foto-500x500-1-250x250.jpg 250w, https:\/\/derecho.udd.cl\/cdre\/files\/2023\/03\/jose-guridi-foto-500x500-1-126x126.jpg 126w\" \/>\t\t<\/div>\n\t\t\t<div class=\"person-card__content\">\n\t\t\t<h3 class=\"person-card__name\">Jos\u00e9  Guridi<\/h3>\n\t\t\t\t\t<span class=\"person-card__cta\">Ver perfil<\/span>\n\t\t<\/div>\n\t<\/a>\n<\/div>\n\t\t\t\t\t<div class=\"person-card\">\n\t<a href=\"https:\/\/derecho.udd.cl\/cdre\/persona\/nicolas-schubert\/\"\n\t\tclass=\"person-card__inner js-person-modal\"\n\t\tdata-post-id=\"3488\"\n\t\tdata-postid=\"3488\"\n\t>\n\t\t\t<div class=\"person-card__media\">\n\t\t\t<img loading=\"lazy\" decoding=\"async\" width=\"500\" height=\"500\" src=\"https:\/\/derecho.udd.cl\/cdre\/files\/2023\/03\/1540572291635-62x62.jpg\" class=\"person-card__image wp-post-image lazyload\" alt=\"\" sizes=\"auto, (max-width: 500px) 100vw, 500px\" data-src=\"https:\/\/derecho.udd.cl\/cdre\/files\/2023\/03\/1540572291635-500x500.jpg\" data-srcset=\"https:\/\/derecho.udd.cl\/cdre\/files\/2023\/03\/1540572291635-500x500.jpg 500w, https:\/\/derecho.udd.cl\/cdre\/files\/2023\/03\/1540572291635-300x300.jpg 300w, https:\/\/derecho.udd.cl\/cdre\/files\/2023\/03\/1540572291635-150x150.jpg 150w, https:\/\/derecho.udd.cl\/cdre\/files\/2023\/03\/1540572291635-62x62.jpg 62w, https:\/\/derecho.udd.cl\/cdre\/files\/2023\/03\/1540572291635-250x250.jpg 250w, https:\/\/derecho.udd.cl\/cdre\/files\/2023\/03\/1540572291635-126x126.jpg 126w, https:\/\/derecho.udd.cl\/cdre\/files\/2023\/03\/1540572291635.jpg 600w\" \/>\t\t<\/div>\n\t\t\t<div class=\"person-card__content\">\n\t\t\t<h3 class=\"person-card__name\">Nicol\u00e1s  Schubert<\/h3>\n\t\t\t\t\t<span class=\"person-card__cta\">Ver perfil<\/span>\n\t\t<\/div>\n\t<\/a>\n<\/div>\n\t\t\t\t\t<div class=\"person-card\">\n\t<a href=\"https:\/\/derecho.udd.cl\/cdre\/persona\/marcos-lopez-oneto\/\"\n\t\tclass=\"person-card__inner js-person-modal\"\n\t\tdata-post-id=\"3612\"\n\t\tdata-postid=\"3612\"\n\t>\n\t\t\t<div class=\"person-card__media\">\n\t\t\t<img loading=\"lazy\" decoding=\"async\" width=\"300\" height=\"337\" src=\"https:\/\/derecho.udd.cl\/cdre\/files\/2023\/04\/marco-lopez-foto-e1629835457617-62x62.jpg\" class=\"person-card__image wp-post-image lazyload\" alt=\"\" sizes=\"auto, (max-width: 300px) 100vw, 300px\" data-src=\"https:\/\/derecho.udd.cl\/cdre\/files\/2023\/04\/marco-lopez-foto-e1629835457617.jpg\" data-srcset=\"https:\/\/derecho.udd.cl\/cdre\/files\/2023\/04\/marco-lopez-foto-e1629835457617.jpg 300w, https:\/\/derecho.udd.cl\/cdre\/files\/2023\/04\/marco-lopez-foto-e1629835457617-267x300.jpg 267w\" \/>\t\t<\/div>\n\t\t\t<div class=\"person-card__content\">\n\t\t\t<h3 class=\"person-card__name\">Marcos  L\u00f3pez Oneto<\/h3>\n\t\t\t\t\t<span class=\"person-card__cta\">Ver perfil<\/span>\n\t\t<\/div>\n\t<\/a>\n<\/div>\n\t\t\t\t\t<div class=\"person-card\">\n\t<a href=\"https:\/\/derecho.udd.cl\/cdre\/persona\/macarena-gatica\/\"\n\t\tclass=\"person-card__inner js-person-modal\"\n\t\tdata-post-id=\"3672\"\n\t\tdata-postid=\"3672\"\n\t>\n\t\t\t<div class=\"person-card__media\">\n\t\t\t<img loading=\"lazy\" decoding=\"async\" width=\"460\" height=\"397\" src=\"https:\/\/derecho.udd.cl\/cdre\/files\/2023\/05\/macarena-gatica-62x62.jpg\" class=\"person-card__image wp-post-image lazyload\" alt=\"\" sizes=\"auto, (max-width: 460px) 100vw, 460px\" data-src=\"https:\/\/derecho.udd.cl\/cdre\/files\/2023\/05\/macarena-gatica.jpg\" data-srcset=\"https:\/\/derecho.udd.cl\/cdre\/files\/2023\/05\/macarena-gatica.jpg 460w, https:\/\/derecho.udd.cl\/cdre\/files\/2023\/05\/macarena-gatica-300x259.jpg 300w\" \/>\t\t<\/div>\n\t\t\t<div class=\"person-card__content\">\n\t\t\t<h3 class=\"person-card__name\">Macarena Gatica<\/h3>\n\t\t\t\t\t<span class=\"person-card__cta\">Ver perfil<\/span>\n\t\t<\/div>\n\t<\/a>\n<\/div>\n\t\t\t\t<\/div>\n\t<\/div>\n<\/section>\n\n\n<!-- WP Block: UDD - People -->\n<section class=\"wp-block-udd-people \">\n\t<div class=\"container\">\n\t\t\t\t<header class=\"block__header\">\n\t\t\t\t\t\t\t\n<h2 class=\"wp-block-heading\">EQUIPO<\/h2>\n\t\t\t\t\t\t\t\t<\/header>\n\t\t\t\t<div class=\"people-cards\">\n\t\t\t\t\t<div class=\"person-card\">\n\t<a href=\"https:\/\/derecho.udd.cl\/cdre\/persona\/francisca-labbe-figueroa\/\"\n\t\tclass=\"person-card__inner js-person-modal\"\n\t\tdata-post-id=\"928\"\n\t\tdata-postid=\"928\"\n\t>\n\t\t\t<div class=\"person-card__media\">\n\t\t\t<img loading=\"lazy\" decoding=\"async\" width=\"500\" height=\"500\" src=\"https:\/\/derecho.udd.cl\/cdre\/files\/2019\/04\/francisca-labbe-62x62.jpeg\" class=\"person-card__image wp-post-image lazyload\" alt=\"\" sizes=\"auto, (max-width: 500px) 100vw, 500px\" data-src=\"https:\/\/derecho.udd.cl\/cdre\/files\/2019\/04\/francisca-labbe-500x500.jpeg\" data-srcset=\"https:\/\/derecho.udd.cl\/cdre\/files\/2019\/04\/francisca-labbe-500x500.jpeg 500w, https:\/\/derecho.udd.cl\/cdre\/files\/2019\/04\/francisca-labbe-150x150.jpeg 150w, https:\/\/derecho.udd.cl\/cdre\/files\/2019\/04\/francisca-labbe-62x62.jpeg 62w, https:\/\/derecho.udd.cl\/cdre\/files\/2019\/04\/francisca-labbe-250x250.jpeg 250w, https:\/\/derecho.udd.cl\/cdre\/files\/2019\/04\/francisca-labbe-126x126.jpeg 126w\" \/>\t\t<\/div>\n\t\t\t<div class=\"person-card__content\">\n\t\t\t<h3 class=\"person-card__name\">Francisca Labb\u00e9 Figueroa<\/h3>\n\t\t\t\t\t<span class=\"person-card__description\">Profesora Investigadora <\/span>\n\t\t\t\t\t<span class=\"person-card__cta\">Ver perfil<\/span>\n\t\t<\/div>\n\t<\/a>\n<\/div>\n\t\t\t\t\t<div class=\"person-card\">\n\t<a href=\"https:\/\/derecho.udd.cl\/cdre\/persona\/ximena-marcazzolo-awad\/\"\n\t\tclass=\"person-card__inner js-person-modal\"\n\t\tdata-post-id=\"2341\"\n\t\tdata-postid=\"2341\"\n\t>\n\t\t\t<div class=\"person-card__media\">\n\t\t\t<img loading=\"lazy\" decoding=\"async\" width=\"500\" height=\"500\" src=\"https:\/\/derecho.udd.cl\/cdre\/files\/2021\/08\/Ximena-Marcazzolo-1-62x62.jpg\" class=\"person-card__image wp-post-image lazyload\" alt=\"\" sizes=\"auto, (max-width: 500px) 100vw, 500px\" data-src=\"https:\/\/derecho.udd.cl\/cdre\/files\/2021\/08\/Ximena-Marcazzolo-1.jpg\" data-srcset=\"https:\/\/derecho.udd.cl\/cdre\/files\/2021\/08\/Ximena-Marcazzolo-1.jpg 500w, https:\/\/derecho.udd.cl\/cdre\/files\/2021\/08\/Ximena-Marcazzolo-1-300x300.jpg 300w, https:\/\/derecho.udd.cl\/cdre\/files\/2021\/08\/Ximena-Marcazzolo-1-150x150.jpg 150w, https:\/\/derecho.udd.cl\/cdre\/files\/2021\/08\/Ximena-Marcazzolo-1-62x62.jpg 62w, https:\/\/derecho.udd.cl\/cdre\/files\/2021\/08\/Ximena-Marcazzolo-1-250x250.jpg 250w, https:\/\/derecho.udd.cl\/cdre\/files\/2021\/08\/Ximena-Marcazzolo-1-126x126.jpg 126w\" \/>\t\t<\/div>\n\t\t\t<div class=\"person-card__content\">\n\t\t\t<h3 class=\"person-card__name\">Ximena  Marcazzolo Awad<\/h3>\n\t\t\t\t\t<span class=\"person-card__description\">Profesora Investigadora <\/span>\n\t\t\t\t\t<span class=\"person-card__cta\">Ver perfil<\/span>\n\t\t<\/div>\n\t<\/a>\n<\/div>\n\t\t\t\t\t<div class=\"person-card\">\n\t<a href=\"https:\/\/derecho.udd.cl\/cdre\/persona\/lilian-san-martin\/\"\n\t\tclass=\"person-card__inner js-person-modal\"\n\t\tdata-post-id=\"3201\"\n\t\tdata-postid=\"3201\"\n\t>\n\t\t\t<div class=\"person-card__media\">\n\t\t\t<img loading=\"lazy\" decoding=\"async\" width=\"500\" height=\"500\" src=\"https:\/\/derecho.udd.cl\/cdre\/files\/2022\/09\/img_0102_1-62x62.jpg\" class=\"person-card__image wp-post-image lazyload\" alt=\"\" sizes=\"auto, (max-width: 500px) 100vw, 500px\" data-src=\"https:\/\/derecho.udd.cl\/cdre\/files\/2022\/09\/img_0102_1-500x500.jpg\" data-srcset=\"https:\/\/derecho.udd.cl\/cdre\/files\/2022\/09\/img_0102_1-500x500.jpg 500w, https:\/\/derecho.udd.cl\/cdre\/files\/2022\/09\/img_0102_1-150x150.jpg 150w, https:\/\/derecho.udd.cl\/cdre\/files\/2022\/09\/img_0102_1-62x62.jpg 62w, https:\/\/derecho.udd.cl\/cdre\/files\/2022\/09\/img_0102_1-750x750.jpg 750w, https:\/\/derecho.udd.cl\/cdre\/files\/2022\/09\/img_0102_1-250x250.jpg 250w, https:\/\/derecho.udd.cl\/cdre\/files\/2022\/09\/img_0102_1-126x126.jpg 126w\" \/>\t\t<\/div>\n\t\t\t<div class=\"person-card__content\">\n\t\t\t<h3 class=\"person-card__name\">Lilian San Mart\u00edn<\/h3>\n\t\t\t\t\t<span class=\"person-card__description\">Profesora Investigadora <\/span>\n\t\t\t\t\t<span class=\"person-card__cta\">Ver perfil<\/span>\n\t\t<\/div>\n\t<\/a>\n<\/div>\n\t\t\t\t\t<div class=\"person-card\">\n\t<a href=\"https:\/\/derecho.udd.cl\/cdre\/persona\/rodrigo-rojas\/\"\n\t\tclass=\"person-card__inner js-person-modal\"\n\t\tdata-post-id=\"3481\"\n\t\tdata-postid=\"3481\"\n\t>\n\t\t\t<div class=\"person-card__media\">\n\t\t\t<img loading=\"lazy\" decoding=\"async\" width=\"500\" height=\"500\" src=\"https:\/\/derecho.udd.cl\/cdre\/files\/2023\/03\/rodrigorojasp-62x62.jpg\" class=\"person-card__image wp-post-image lazyload\" alt=\"\" sizes=\"auto, (max-width: 500px) 100vw, 500px\" data-src=\"https:\/\/derecho.udd.cl\/cdre\/files\/2023\/03\/rodrigorojasp-500x500.jpg\" data-srcset=\"https:\/\/derecho.udd.cl\/cdre\/files\/2023\/03\/rodrigorojasp-500x500.jpg 500w, https:\/\/derecho.udd.cl\/cdre\/files\/2023\/03\/rodrigorojasp-300x300.jpg 300w, https:\/\/derecho.udd.cl\/cdre\/files\/2023\/03\/rodrigorojasp-150x150.jpg 150w, https:\/\/derecho.udd.cl\/cdre\/files\/2023\/03\/rodrigorojasp-62x62.jpg 62w, https:\/\/derecho.udd.cl\/cdre\/files\/2023\/03\/rodrigorojasp-250x250.jpg 250w, https:\/\/derecho.udd.cl\/cdre\/files\/2023\/03\/rodrigorojasp-126x126.jpg 126w, https:\/\/derecho.udd.cl\/cdre\/files\/2023\/03\/rodrigorojasp.jpg 521w\" \/>\t\t<\/div>\n\t\t\t<div class=\"person-card__content\">\n\t\t\t<h3 class=\"person-card__name\">Rodrigo  Rojas<\/h3>\n\t\t\t\t\t<span class=\"person-card__cta\">Ver perfil<\/span>\n\t\t<\/div>\n\t<\/a>\n<\/div>\n\t\t\t\t\t<div class=\"person-card\">\n\t<a href=\"https:\/\/derecho.udd.cl\/cdre\/persona\/julio-valdivia\/\"\n\t\tclass=\"person-card__inner js-person-modal\"\n\t\tdata-post-id=\"3491\"\n\t\tdata-postid=\"3491\"\n\t>\n\t\t\t<div class=\"person-card__media\">\n\t\t\t<img loading=\"lazy\" decoding=\"async\" width=\"200\" height=\"200\" src=\"https:\/\/derecho.udd.cl\/cdre\/files\/2023\/03\/78-1-1-62x62.jpg\" class=\"person-card__image wp-post-image lazyload\" alt=\"\" sizes=\"auto, (max-width: 200px) 100vw, 200px\" data-src=\"https:\/\/derecho.udd.cl\/cdre\/files\/2023\/03\/78-1-1.jpg\" data-srcset=\"https:\/\/derecho.udd.cl\/cdre\/files\/2023\/03\/78-1-1.jpg 200w, https:\/\/derecho.udd.cl\/cdre\/files\/2023\/03\/78-1-1-150x150.jpg 150w, https:\/\/derecho.udd.cl\/cdre\/files\/2023\/03\/78-1-1-62x62.jpg 62w, https:\/\/derecho.udd.cl\/cdre\/files\/2023\/03\/78-1-1-126x126.jpg 126w\" \/>\t\t<\/div>\n\t\t\t<div class=\"person-card__content\">\n\t\t\t<h3 class=\"person-card__name\">Julio  Valdivia<\/h3>\n\t\t\t\t\t<span class=\"person-card__cta\">Ver perfil<\/span>\n\t\t<\/div>\n\t<\/a>\n<\/div>\n\t\t\t\t<\/div>\n\t<\/div>\n<\/section>\n","protected":false},"excerpt":{"rendered":"","protected":false},"author":40,"featured_media":0,"parent":0,"menu_order":0,"comment_status":"closed","ping_status":"closed","template":"","meta":{"footnotes":""},"class_list":["post-3452","page","type-page","status-publish","hentry"],"_links":{"self":[{"href":"https:\/\/derecho.udd.cl\/cdre\/wp-json\/wp\/v2\/pages\/3452","targetHints":{"allow":["GET"]}}],"collection":[{"href":"https:\/\/derecho.udd.cl\/cdre\/wp-json\/wp\/v2\/pages"}],"about":[{"href":"https:\/\/derecho.udd.cl\/cdre\/wp-json\/wp\/v2\/types\/page"}],"author":[{"embeddable":true,"href":"https:\/\/derecho.udd.cl\/cdre\/wp-json\/wp\/v2\/users\/40"}],"replies":[{"embeddable":true,"href":"https:\/\/derecho.udd.cl\/cdre\/wp-json\/wp\/v2\/comments?post=3452"}],"version-history":[{"count":43,"href":"https:\/\/derecho.udd.cl\/cdre\/wp-json\/wp\/v2\/pages\/3452\/revisions"}],"predecessor-version":[{"id":5799,"href":"https:\/\/derecho.udd.cl\/cdre\/wp-json\/wp\/v2\/pages\/3452\/revisions\/5799"}],"wp:attachment":[{"href":"https:\/\/derecho.udd.cl\/cdre\/wp-json\/wp\/v2\/media?parent=3452"}],"curies":[{"name":"wp","href":"https:\/\/api.w.org\/{rel}","templated":true}]}}