{"id":3394,"date":"2023-01-09T19:45:50","date_gmt":"2023-01-09T19:45:50","guid":{"rendered":"https:\/\/derecho.udd.cl\/cdre\/?page_id=3394"},"modified":"2023-01-10T14:37:23","modified_gmt":"2023-01-10T14:37:23","slug":"convocatoria-ayudante-de-investigacion-centro-de-derecho-regulatorio-y-empresa%ef%bf%bc","status":"publish","type":"page","link":"https:\/\/derecho.udd.cl\/cdre\/convocatoria-ayudante-de-investigacion-centro-de-derecho-regulatorio-y-empresa%ef%bf%bc\/","title":{"rendered":"Convocatoria ayudante de investigaci\u00f3n Centro de Derecho Regulatorio y Empresa Concepci\u00f3n"},"content":{"rendered":"\n<p>Nuevo concurso de ayudantes remunerados para el Centro de Derecho Regulatorio y Empresa (CDRE), \u00e1rea Derecho Comercial en Concepci\u00f3n. <\/p>\n\n\n\n<p>La Se invita a alumnos de 4\u00ba a\u00f1o, 5\u00ba a\u00f1o y egresados de la Universidad del Desarrollo, con promedio de notas ponderado igual o superior a 5.5, a participar en un disponibilidad de tiempo requerida es de 10 horas cronol\u00f3gicas semanales, en un r\u00e9gimen de jornada flexible.<\/p>\n\n\n\n<p><strong>Requisitos:<\/strong><\/p>\n\n\n\n<ul class=\"wp-block-list\"><li>Habilidad en sistematizar contenidos, con confecci\u00f3n de res\u00famenes y esquemas Inquietud por la investigaci\u00f3n<\/li><li>Manejo en base de datos y b\u00fasqueda de jurisprudencia<\/li><li>Compromiso<\/li><li>Confidencialidad<\/li><\/ul>\n\n\n\n<p>Los interesados deben enviar sus antecedentes (curr\u00edculum y ficha curricular con concentraci\u00f3n de notas) v\u00eda e-mail a <a href=\"mailto:cdre@udd.cl\">cdre@udd.cl<\/a>, hasta las 18:00 hrs. del martes 31 de enero de 2023.<\/p>\n","protected":false},"excerpt":{"rendered":"<p>Nuevo concurso de ayudantes remunerados para el Centro de Derecho Regulatorio y Empresa (CDRE), \u00e1rea Derecho Comercial en Concepci\u00f3n. La Se invita a alumnos de 4\u00ba a\u00f1o, 5\u00ba a\u00f1o y egresados de la Universidad del Desarrollo, con promedio de notas ponderado igual o superior a 5.5, a participar en un disponibilidad de tiempo requerida es [&hellip;]<\/p>\n","protected":false},"author":40,"featured_media":0,"parent":0,"menu_order":0,"comment_status":"closed","ping_status":"closed","template":"","meta":{"footnotes":""},"class_list":["post-3394","page","type-page","status-publish","hentry"],"_links":{"self":[{"href":"https:\/\/derecho.udd.cl\/cdre\/wp-json\/wp\/v2\/pages\/3394","targetHints":{"allow":["GET"]}}],"collection":[{"href":"https:\/\/derecho.udd.cl\/cdre\/wp-json\/wp\/v2\/pages"}],"about":[{"href":"https:\/\/derecho.udd.cl\/cdre\/wp-json\/wp\/v2\/types\/page"}],"author":[{"embeddable":true,"href":"https:\/\/derecho.udd.cl\/cdre\/wp-json\/wp\/v2\/users\/40"}],"replies":[{"embeddable":true,"href":"https:\/\/derecho.udd.cl\/cdre\/wp-json\/wp\/v2\/comments?post=3394"}],"version-history":[{"count":2,"href":"https:\/\/derecho.udd.cl\/cdre\/wp-json\/wp\/v2\/pages\/3394\/revisions"}],"predecessor-version":[{"id":3403,"href":"https:\/\/derecho.udd.cl\/cdre\/wp-json\/wp\/v2\/pages\/3394\/revisions\/3403"}],"wp:attachment":[{"href":"https:\/\/derecho.udd.cl\/cdre\/wp-json\/wp\/v2\/media?parent=3394"}],"curies":[{"name":"wp","href":"https:\/\/api.w.org\/{rel}","templated":true}]}}