{"id":2219,"date":"2021-06-07T21:04:25","date_gmt":"2021-06-07T21:04:25","guid":{"rendered":"https:\/\/derecho.udd.cl\/cdre\/?page_id=2219"},"modified":"2021-06-15T16:17:32","modified_gmt":"2021-06-15T16:17:32","slug":"convocatoria-primeras-jornadas-internacionales-de-compliance","status":"publish","type":"page","link":"https:\/\/derecho.udd.cl\/cdre\/convocatoria-primeras-jornadas-internacionales-de-compliance\/","title":{"rendered":"Convocatoria: Primeras Jornadas Internacionales de Compliance"},"content":{"rendered":"\n<p>1.- PRESENTACI\u00d3N<\/p>\n\n\n\n<p>Compliance es uno de los t\u00e9rminos m\u00e1s empleados en la prensa econ\u00f3mica y financiera chilena en los \u00faltimos a\u00f1os. Sin embargo, esta expresi\u00f3n se utiliza en distintos \u00e1mbitos y para referirse a una diversidad de materias, sin que exista total consenso y claridad sobre cu\u00e1les son los beneficios y costos que asume la organizaci\u00f3n al no implementar los procedimientos que deben tomar las empresas en esa \u00e1rea. <\/p>\n\n\n\n<p>De acuerdo al estudio realizado por el Centro de Derecho Regulatorio y Empresa de la Universidad del Desarrollo, <a href=\"https:\/\/derecho.udd.cl\/cdre\/files\/2021\/03\/ESTUDIO-COMPLIANCE-EN-CHILE-2019-vf.pdf\">\u201cCompliance en las empresas chilenas\u201d<\/a>  , actualmente la funci\u00f3n de Compliance al interior de la empresa tiene solo una relevancia media en Chile. Hace falta fortalecer esta \u00e1rea, siguiendo las tendencias internacionales, con el objetivo de que \u00e9sta no se reduzca a gestionar controles formales, sino que permita modelar una figura \u00fatil tanto en el funcionamiento, toma de decisiones y administraci\u00f3n de la empresa, como en la prevenci\u00f3n de riegos en la organizaci\u00f3n.<\/p>\n\n\n\n<p>Con el fin de seguir siendo un aporte para la empresa en la prevenci\u00f3n, detecci\u00f3n y manejo de los riesgos de cumplimiento, contribuyendo a la promoci\u00f3n y al desarrollo de una cultura de mejores pr\u00e1cticas en materias de gobierno corporativo, manejo de riesgos, \u00e9tica y cumplimiento legal a trav\u00e9s de toda la organizaci\u00f3n empresarial, es que el <strong>Centro de Derecho Regulatorio y Empresa<\/strong> ha organizado estas <strong>Primeras Jornadas Internacionales de Compliance<\/strong>, convocando a acad\u00e9micas\/os, investigadoras\/es, docentes, estudiantes, y profesionales del \u00e1rea a presentar sus investigaciones y compartir sus trabajos, con la finalidad de reflexionar sobre las materias se\u00f1aladas y participar en un debate abierto a la comunidad empresarial y acad\u00e9mica. <\/p>\n\n\n\n<p>Los temas de las ponencias son libres, relacionados con el mundo del compliance. Estos pueden tener una visi\u00f3n profesional o una visi\u00f3n acad\u00e9mica, a modo de ejemplo proponemos los siguientes temas:<\/p>\n\n\n\n<ul class=\"wp-block-list\"><li>Programas de Cumplimiento, Matrices de Riesgo y Certificaci\u00f3n.<\/li><li>Compliance Sectoriales (penal, libre competencia, DDHH, Consumo, Ciberseguridad, Medio Ambiente, Tributario, laboral).<\/li><li>Oficial de Cumplimiento (Obligaciones, responsabilidad, etc.)<\/li><li>Canales de denuncia y Whistleblowers.<\/li><li>C\u00f3digos de buena conducta y Soft Law.<\/li><li>Responsabilidad y Compliance.<\/li><li>\u00c9tica en los Negocios.<\/li><li>Riesgos Reputacionales.<\/li><li>Control Institucional y Compliance.<\/li><li>Behavioral Compliance.<\/li><\/ul>\n\n\n\n<p>2.- PROPUESTAS<\/p>\n\n\n\n<p>Quienes est\u00e9n interesados\/as en participar como ponentes, deber\u00e1n enviar una propuesta a <a href=\"mailto:mariajosecontreras@udd.cl\">cdre@udd.cl <\/a>hasta el MARTES 31 DE AGOSTO  de 2021. El asunto debe indicar: \u201cPropuesta de ponencia jornadas de compliance UDD 2021 (nombre y apellido del autor\/a)\u201d.<\/p>\n\n\n\n<p>La propuesta deber\u00e1 contener:<\/p>\n\n\n\n<ul class=\"wp-block-list\"><li>El t\u00edtulo de la presentaci\u00f3n;<\/li><li>El resumen de la presentaci\u00f3n, con m\u00e1x. 1.000 palabras; y<\/li><li>Informaci\u00f3n del\/a autor\/a: nombre, grado acad\u00e9mico, filiaci\u00f3n acad\u00e9mica, direcci\u00f3n de correo electr\u00f3nico, n\u00famero de tel\u00e9fono m\u00f3vil y lista de publicaciones pertinentes.<br> El comit\u00e9 acad\u00e9mico seleccionar\u00e1 las propuestas m\u00e1s pertinentes de acuerdo a los siguientes criterios:<\/li><li>Originalidad y creatividad de la propuesta y potencial de generar discusiones.<\/li><li>Tendr\u00e1n preferencia los trabajos a\u00fan no publicados.<\/li><li>Se aceptar\u00e1 una sola propuesta por persona.<\/li><\/ul>\n\n\n\n<p> El Comit\u00e9 Acad\u00e9mico informar\u00e1 los resultados el jueves 30 de septiembre. El comit\u00e9 se reserva el derecho de rechazar propuestas.<\/p>\n\n\n\n<p>3.- PONENCIAS<\/p>\n\n\n\n<p>Una vez notificado que su propuesta ha sido aceptada se le asignar\u00e1 un espacio en alguno de los paneles de exposici\u00f3n.<\/p>\n\n\n\n<p>Las presentaciones deber\u00e1n realizarse en castellano o ingl\u00e9s. Cada presentaci\u00f3n deber\u00e1 durar m\u00e1ximo 15 minutos. <\/p>\n\n\n\n<p>Despu\u00e9s del desarrollo de las Jornadas, los ponentes deber\u00e1n enviar un art\u00edculo basado en la ponencia, incluyendo eventuales discusiones y comentarios surgidos en la presentaci\u00f3n, dicho art\u00edculo deber\u00e1 cumplir los siguientes requisitos formales en sus ponencias:<\/p>\n\n\n\n<ul class=\"wp-block-list\"><li>Extensi\u00f3n:  m\u00ednimo 8 p\u00e1ginas y m\u00e1ximo 20.<\/li><li>Tipograf\u00eda: Times New Roman 12.<\/li><li>Interlineado: intermedio.<\/li><li>M\u00e1rgenes normales.<\/li><\/ul>\n\n\n\n<p>Las ponencias deber\u00e1n presentarse conforme a las <a href=\"https:\/\/derecho.udd.cl\/cdre\/files\/2021\/06\/Actualidad-Juri\u0301dica-Normas-editoriales-N-44-julio-2021.pdf\">normas de redacci\u00f3n de la Revista Actualidad Jur\u00eddica<\/a> de la Facultad de Derecho de la Universidad del Desarrollo.<\/p>\n\n\n\n<p> Las ponencias podr\u00e1n publicarse en un libro ya sea en versi\u00f3n digital o impresa. <\/p>\n\n\n\n<p><strong> FECHA Y LUGAR<\/strong><\/p>\n\n\n\n<p>Mi\u00e9rcoles 10 de noviembre de 2021, 09:00 \u2013 18:00 hrs.<br>Jueves 11 de noviembre de 2021, 09:00 \u2013 14:00 hrs.<br>Plataforma ZOOM.<\/p>\n\n\n\n<p>4.- ASISTENTES<\/p>\n\n\n\n<p>Las jornadas son abiertas a la comunidad. Se ruega a los asistentes inscribirse en: <a href=\"mailto:cdre@udd.cl\">cdre@udd.cl<\/a>, indicando en el asunto del correo: \u201cAsistencia Primeras Jornadas de Compliance\u201d. Los asistentes deber\u00e1n indicar datos b\u00e1sicos: nombre completo, mail, tel\u00e9fono, universidad y si es estudiante, profesor, profesional, etc.<\/p>\n\n\n\n<p>5.- COSTOS Y FINANCIAMIENTO<\/p>\n\n\n\n<p>La participaci\u00f3n de ponentes y asistentes ser\u00e1 gratuita.<\/p>\n\n\n\n<p>6.- COMIT\u00c9 ORGANIZADOR<\/p>\n\n\n\n<ul class=\"wp-block-list\"><li>Jorge Ogalde: Director de Postgrado Facultad de Derecho UDD.<\/li><li>Francisco Pfeffer: Director Acad\u00e9mico de Educaci\u00f3n Continua, Director del Diplomado en Gobierno Corporativo y Compliance, profesor de derecho comercial y consejero del Centro de Derecho Regulatorio y Empresa de la Facultad de Derecho de la Universidad del Desarrollo.<\/li><li>Cecilia Alcalde: Directora de Extensi\u00f3n y Educaci\u00f3n Continua y miembro del Comit\u00e9 Ejecutivo del Centro de Derecho Regulatorio y Empresa de la Facultad de Derecho de la Universidad del Desarrollo.<\/li><li>Mat\u00edas Pascuali: Profesor Investigador del Centro de Derecho Regulatorio y Empresa de la Facultad de Derecho de la Universidad del Desarrollo.<\/li><li>Rodrigo Reyes: Profesor del Diplomado en Gobierno Corporativo y Compliance de la Facultad de Derecho de la Universidad del Desarrollo. Socio de Prelafit Compliance.<\/li><\/ul>\n\n\n\n<p>7.- COMIT\u00c9 EVALUADOR<\/p>\n\n\n\n<p>Todos los art\u00edculos que sean remitidos ser\u00e1n arbitrados profesores y profesionales del \u00e1rea del compliance, los cuales forman parte del consejo revisor de ponencias de estas jornadas.<\/p>\n\n\n\n<ul class=\"wp-block-list\"><li>Francisco Pfeffer: Profesor de la Facultad de Derecho UDD.<\/li><li>Matias Pascuali: Profesor de la Facultad de Derecho UDD.<\/li><li>Rodrigo Reyes: Socio de Prelafit Compliance.<\/li><li>Francisca Labbe: Profesora de la Facultad de Derecho UDD.<\/li><li>Consuelo Raby: Consejera del Centro de Derecho Regulatorio y Empresa UDD.<\/li><li>Carol Mendez: Gerente Legal, Cumplimiento y Riesgos No Financieros Santander Consumer.<\/li><li>Jorge Badillo: Gerente de Auditor\u00eda Interna SCM Minera Lumina Copper Chile<\/li><li>Giovanna Gardella: Managing Director Compliance Global Consulting<\/li><li>Mat\u00edas Balmaceda: Abogado, Profesor UFT<\/li><li>Jaime Alcalde: Abogado, Doctor en Derecho, Profesor PUC<\/li><li>\u00c1ngela Toso: Abogada, Doctora en Derecho, Profesora PUCV<\/li><\/ul>\n\n\n\n<p>8.- CONTACTO E INFORMACIONES<br> Contacto e informaciones: <a href=\"mailto:mariajosecontreras@udd.cl\">cdre@udd.cl<\/a>.<\/p>\n\n\n\n<p><a href=\"https:\/\/derecho.udd.cl\/cdre\/files\/2021\/06\/Jornadas-Derecho-y-Compliance-15621.pdf\">Descarga las bases<\/a><\/p>\n","protected":false},"excerpt":{"rendered":"<p>1.- PRESENTACI\u00d3N Compliance es uno de los t\u00e9rminos m\u00e1s empleados en la prensa econ\u00f3mica y financiera chilena en los \u00faltimos a\u00f1os. Sin embargo, esta expresi\u00f3n se utiliza en distintos \u00e1mbitos y para referirse a una diversidad de materias, sin que exista total consenso y claridad sobre cu\u00e1les son los beneficios y costos que asume la [&hellip;]<\/p>\n","protected":false},"author":40,"featured_media":0,"parent":0,"menu_order":0,"comment_status":"closed","ping_status":"closed","template":"","meta":{"footnotes":""},"class_list":["post-2219","page","type-page","status-publish","hentry"],"_links":{"self":[{"href":"https:\/\/derecho.udd.cl\/cdre\/wp-json\/wp\/v2\/pages\/2219","targetHints":{"allow":["GET"]}}],"collection":[{"href":"https:\/\/derecho.udd.cl\/cdre\/wp-json\/wp\/v2\/pages"}],"about":[{"href":"https:\/\/derecho.udd.cl\/cdre\/wp-json\/wp\/v2\/types\/page"}],"author":[{"embeddable":true,"href":"https:\/\/derecho.udd.cl\/cdre\/wp-json\/wp\/v2\/users\/40"}],"replies":[{"embeddable":true,"href":"https:\/\/derecho.udd.cl\/cdre\/wp-json\/wp\/v2\/comments?post=2219"}],"version-history":[{"count":13,"href":"https:\/\/derecho.udd.cl\/cdre\/wp-json\/wp\/v2\/pages\/2219\/revisions"}],"predecessor-version":[{"id":2243,"href":"https:\/\/derecho.udd.cl\/cdre\/wp-json\/wp\/v2\/pages\/2219\/revisions\/2243"}],"wp:attachment":[{"href":"https:\/\/derecho.udd.cl\/cdre\/wp-json\/wp\/v2\/media?parent=2219"}],"curies":[{"name":"wp","href":"https:\/\/api.w.org\/{rel}","templated":true}]}}