{"id":1622,"date":"2020-05-10T19:09:00","date_gmt":"2020-05-10T19:09:00","guid":{"rendered":"http:\/\/derecho.udd.cl\/cdre\/?page_id=1622"},"modified":"2025-04-03T12:54:40","modified_gmt":"2025-04-03T15:54:40","slug":"inicio","status":"publish","type":"page","link":"https:\/\/derecho.udd.cl\/cdre\/","title":{"rendered":"Inicio"},"content":{"rendered":"<!-- WP Block: UDD - Access Cards -->\n<section\n\tid=\"udd-access-cards--1\"\n\tclass=\"wp-block-udd-access-cards\n\t\t\"\n\t\tstyle=\"\n\t\t--udd-blocks-has-columns-number: 3\t\t\"\n\t>\n\t<div class=\"container\">\n\t\t\t\t<div class=\"block__content\">\n\t\t\t<div\n\t\t\t\tclass=\"udd-access-cards\"\n\t\t\t\t\t\t\t>\n\t\t\t<div\n\tdata-index=\"1\"\n\tclass=\"udd-access-card-wrapper udd-access-card-wrapper--has-description\"\n\t>\n\t<a href=\"https:\/\/derecho.udd.cl\/cdre\/documentos\/\" class=\"access-card access-card--profile\" data-url=\"https:\/\/derecho.udd.cl\/cdre\/documentos\/\">\n\t\t\t\t\t\t<h3\n\t\t\tdata-index=\"1\"\n\t\t\tclass=\"access-card__title\"\n\t\t>\n\t\t\tQui\u00e9nes somos\t\t<\/h3>\n\t\t\t\t<p class=\"access-card__description\">\n\t\t\tAn\u00e1lisis y discusi\u00f3n de la regulaci\u00f3n y normativa que rige la actividad econ\u00f3mica\t\t<\/p>\n\t\t\t\t<div class=\"access-card__link\">\n\t\t\t<span class=\"access-card__link-text\">Conocer m\u00e1s<\/span>\n\t\t<\/div>\n\t<\/a>\n<\/div>\n<div\n\tdata-index=\"2\"\n\tclass=\"udd-access-card-wrapper udd-access-card-wrapper--has-description\"\n\t>\n\t<a href=\"https:\/\/derecho.udd.cl\/cdre\/areas-de-estudio\/\" class=\"access-card access-card--profile\" data-url=\"https:\/\/derecho.udd.cl\/cdre\/areas-de-estudio\/\">\n\t\t\t\t\t\t<h3\n\t\t\tdata-index=\"2\"\n\t\t\tclass=\"access-card__title\"\n\t\t>\n\t\t\t\u00c1reas de estudio\t\t<\/h3>\n\t\t\t\t<p class=\"access-card__description\">\n\t\t\tDedicados al estudio de Derecho Regulatorio y Derecho de la Empresa\t\t<\/p>\n\t\t\t\t<div class=\"access-card__link\">\n\t\t\t<span class=\"access-card__link-text\">Conocer m\u00e1s<\/span>\n\t\t<\/div>\n\t<\/a>\n<\/div>\n<div\n\tdata-index=\"3\"\n\tclass=\"udd-access-card-wrapper udd-access-card-wrapper--has-description\"\n\t>\n\t<a href=\"https:\/\/derecho.udd.cl\/cdre\/documentos\/\" class=\"access-card access-card--profile\" data-url=\"https:\/\/derecho.udd.cl\/cdre\/documentos\/\">\n\t\t\t\t\t\t<h3\n\t\t\tdata-index=\"3\"\n\t\t\tclass=\"access-card__title\"\n\t\t>\n\t\t\tPublicaciones\t\t<\/h3>\n\t\t\t\t<p class=\"access-card__description\">\n\t\t\tConoce m\u00e1s sobre nuestros estudios, publicaciones y an\u00e1lisis\t\t<\/p>\n\t\t\t\t<div class=\"access-card__link\">\n\t\t\t<span class=\"access-card__link-text\">Conocer m\u00e1s<\/span>\n\t\t<\/div>\n\t<\/a>\n<\/div>\n\t\t\t<\/div>\n\t\t<\/div>\n\t<\/div>\n<\/section>\n\n\n<!-- WP Block: UDD - People -->\n<section class=\"wp-block-udd-people \">\n\t<div class=\"container\">\n\t\t\t\t<header class=\"block__header\">\n\t\t\t\t\t\t\t\n<h2 class=\"wp-block-heading\"><\/h2>\n\t\t\t\t\t\t\t\t<\/header>\n\t\t\t\t<div class=\"people-cards\">\n\t\t\t\t\t<div class=\"person-card\">\n\t<a href=\"https:\/\/derecho.udd.cl\/cdre\/persona\/matias-pascuali-tello-2\/\"\n\t\tclass=\"person-card__inner js-person-modal\"\n\t\tdata-post-id=\"2762\"\n\t\tdata-postid=\"2762\"\n\t>\n\t\t\t<div class=\"person-card__media\">\n\t\t\t<img loading=\"lazy\" decoding=\"async\" width=\"479\" height=\"310\" src=\"https:\/\/derecho.udd.cl\/cdre\/files\/2019\/09\/matias_pascuali-copia-1-62x62.jpg\" class=\"person-card__image wp-post-image lazyload\" alt=\"\" sizes=\"auto, (max-width: 479px) 100vw, 479px\" data-src=\"https:\/\/derecho.udd.cl\/cdre\/files\/2019\/09\/matias_pascuali-copia-1.jpg\" data-srcset=\"https:\/\/derecho.udd.cl\/cdre\/files\/2019\/09\/matias_pascuali-copia-1.jpg 479w, https:\/\/derecho.udd.cl\/cdre\/files\/2019\/09\/matias_pascuali-copia-1-300x194.jpg 300w\" \/>\t\t<\/div>\n\t\t\t<div class=\"person-card__content\">\n\t\t\t<h3 class=\"person-card__name\">Mat\u00edas  Pascuali Tello<\/h3>\n\t\t\t\t\t<span class=\"person-card__description\">Director del Centro de Derecho Regulatorio y Empresa<\/span>\n\t\t\t\t\t<span class=\"person-card__cta\">Ver perfil<\/span>\n\t\t<\/div>\n\t<\/a>\n<\/div>\n\t\t\t\t<\/div>\n\t<\/div>\n<\/section>\n\n\n<!-- WP Block: UDD - People -->\n<section class=\"wp-block-udd-people \">\n\t<div class=\"container\">\n\t\t\t\t<header class=\"block__header\">\n\t\t\t\t\t\t\t\n<h2><\/h2>\n\t\t\t\t\t\t\t\t<\/header>\n\t\t\t\t<div class=\"people-cards\">\n\t\t\t\t\t<div class=\"person-card\">\n\t<a href=\"https:\/\/derecho.udd.cl\/cdre\/persona\/camila-boettiger-philipps\/\"\n\t\tclass=\"person-card__inner js-person-modal\"\n\t\tdata-post-id=\"649\"\n\t\tdata-postid=\"649\"\n\t>\n\t\t\t<div class=\"person-card__media\">\n\t\t\t<img loading=\"lazy\" decoding=\"async\" width=\"500\" height=\"500\" src=\"https:\/\/derecho.udd.cl\/cdre\/files\/2019\/04\/IMG_1432-62x62.jpg\" class=\"person-card__image wp-post-image lazyload\" alt=\"\" sizes=\"auto, (max-width: 500px) 100vw, 500px\" data-src=\"https:\/\/derecho.udd.cl\/cdre\/files\/2019\/04\/IMG_1432-500x500.jpg\" data-srcset=\"https:\/\/derecho.udd.cl\/cdre\/files\/2019\/04\/IMG_1432-500x500.jpg 500w, https:\/\/derecho.udd.cl\/cdre\/files\/2019\/04\/IMG_1432-150x150.jpg 150w, https:\/\/derecho.udd.cl\/cdre\/files\/2019\/04\/IMG_1432-62x62.jpg 62w, https:\/\/derecho.udd.cl\/cdre\/files\/2019\/04\/IMG_1432-750x750.jpg 750w, https:\/\/derecho.udd.cl\/cdre\/files\/2019\/04\/IMG_1432-250x250.jpg 250w, https:\/\/derecho.udd.cl\/cdre\/files\/2019\/04\/IMG_1432-126x126.jpg 126w\" \/>\t\t<\/div>\n\t\t\t<div class=\"person-card__content\">\n\t\t\t<h3 class=\"person-card__name\">Camila  Boettiger Philipps<\/h3>\n\t\t\t\t\t<span class=\"person-card__description\">Profesora Investigadora<\/span>\n\t\t\t\t\t<span class=\"person-card__cta\">Ver perfil<\/span>\n\t\t<\/div>\n\t<\/a>\n<\/div>\n\t\t\t\t\t<div class=\"person-card\">\n\t<a href=\"https:\/\/derecho.udd.cl\/cdre\/persona\/francisca-labbe-figueroa\/\"\n\t\tclass=\"person-card__inner js-person-modal\"\n\t\tdata-post-id=\"928\"\n\t\tdata-postid=\"928\"\n\t>\n\t\t\t<div class=\"person-card__media\">\n\t\t\t<img loading=\"lazy\" decoding=\"async\" width=\"500\" height=\"500\" src=\"https:\/\/derecho.udd.cl\/cdre\/files\/2019\/04\/francisca-labbe-62x62.jpeg\" class=\"person-card__image wp-post-image lazyload\" alt=\"\" sizes=\"auto, (max-width: 500px) 100vw, 500px\" data-src=\"https:\/\/derecho.udd.cl\/cdre\/files\/2019\/04\/francisca-labbe-500x500.jpeg\" data-srcset=\"https:\/\/derecho.udd.cl\/cdre\/files\/2019\/04\/francisca-labbe-500x500.jpeg 500w, https:\/\/derecho.udd.cl\/cdre\/files\/2019\/04\/francisca-labbe-150x150.jpeg 150w, https:\/\/derecho.udd.cl\/cdre\/files\/2019\/04\/francisca-labbe-62x62.jpeg 62w, https:\/\/derecho.udd.cl\/cdre\/files\/2019\/04\/francisca-labbe-250x250.jpeg 250w, https:\/\/derecho.udd.cl\/cdre\/files\/2019\/04\/francisca-labbe-126x126.jpeg 126w\" \/>\t\t<\/div>\n\t\t\t<div class=\"person-card__content\">\n\t\t\t<h3 class=\"person-card__name\">Francisca Labb\u00e9 Figueroa<\/h3>\n\t\t\t\t\t<span class=\"person-card__description\">Profesora Investigadora <\/span>\n\t\t\t\t\t<span class=\"person-card__cta\">Ver perfil<\/span>\n\t\t<\/div>\n\t<\/a>\n<\/div>\n\t\t\t\t\t<div class=\"person-card\">\n\t<a href=\"https:\/\/derecho.udd.cl\/cdre\/persona\/renzo-munita-marambio\/\"\n\t\tclass=\"person-card__inner js-person-modal\"\n\t\tdata-post-id=\"1261\"\n\t\tdata-postid=\"1261\"\n\t>\n\t\t\t<div class=\"person-card__media\">\n\t\t\t<img loading=\"lazy\" decoding=\"async\" width=\"500\" height=\"500\" src=\"https:\/\/derecho.udd.cl\/cdre\/files\/2019\/07\/Foto.-e1590711945192-62x62.jpg\" class=\"person-card__image wp-post-image lazyload\" alt=\"\" sizes=\"auto, (max-width: 500px) 100vw, 500px\" data-src=\"https:\/\/derecho.udd.cl\/cdre\/files\/2019\/07\/Foto.-e1590711945192-500x500.jpg\" data-srcset=\"https:\/\/derecho.udd.cl\/cdre\/files\/2019\/07\/Foto.-e1590711945192-500x500.jpg 500w, https:\/\/derecho.udd.cl\/cdre\/files\/2019\/07\/Foto.-e1590711945192-150x150.jpg 150w, https:\/\/derecho.udd.cl\/cdre\/files\/2019\/07\/Foto.-e1590711945192-62x62.jpg 62w, https:\/\/derecho.udd.cl\/cdre\/files\/2019\/07\/Foto.-e1590711945192-750x750.jpg 750w, https:\/\/derecho.udd.cl\/cdre\/files\/2019\/07\/Foto.-e1590711945192-250x250.jpg 250w, https:\/\/derecho.udd.cl\/cdre\/files\/2019\/07\/Foto.-e1590711945192-126x126.jpg 126w\" \/>\t\t<\/div>\n\t\t\t<div class=\"person-card__content\">\n\t\t\t<h3 class=\"person-card__name\">Renzo Munita Marambio<\/h3>\n\t\t\t\t\t<span class=\"person-card__description\">Profesor Investigador<\/span>\n\t\t\t\t\t<span class=\"person-card__cta\">Ver perfil<\/span>\n\t\t<\/div>\n\t<\/a>\n<\/div>\n\t\t\t\t\t<div class=\"person-card\">\n\t<a href=\"https:\/\/derecho.udd.cl\/cdre\/persona\/ximena-marcazzolo-awad\/\"\n\t\tclass=\"person-card__inner js-person-modal\"\n\t\tdata-post-id=\"2341\"\n\t\tdata-postid=\"2341\"\n\t>\n\t\t\t<div class=\"person-card__media\">\n\t\t\t<img loading=\"lazy\" decoding=\"async\" width=\"500\" height=\"500\" src=\"https:\/\/derecho.udd.cl\/cdre\/files\/2021\/08\/Ximena-Marcazzolo-1-62x62.jpg\" class=\"person-card__image wp-post-image lazyload\" alt=\"\" sizes=\"auto, (max-width: 500px) 100vw, 500px\" data-src=\"https:\/\/derecho.udd.cl\/cdre\/files\/2021\/08\/Ximena-Marcazzolo-1.jpg\" data-srcset=\"https:\/\/derecho.udd.cl\/cdre\/files\/2021\/08\/Ximena-Marcazzolo-1.jpg 500w, https:\/\/derecho.udd.cl\/cdre\/files\/2021\/08\/Ximena-Marcazzolo-1-300x300.jpg 300w, https:\/\/derecho.udd.cl\/cdre\/files\/2021\/08\/Ximena-Marcazzolo-1-150x150.jpg 150w, https:\/\/derecho.udd.cl\/cdre\/files\/2021\/08\/Ximena-Marcazzolo-1-62x62.jpg 62w, https:\/\/derecho.udd.cl\/cdre\/files\/2021\/08\/Ximena-Marcazzolo-1-250x250.jpg 250w, https:\/\/derecho.udd.cl\/cdre\/files\/2021\/08\/Ximena-Marcazzolo-1-126x126.jpg 126w\" \/>\t\t<\/div>\n\t\t\t<div class=\"person-card__content\">\n\t\t\t<h3 class=\"person-card__name\">Ximena  Marcazzolo Awad<\/h3>\n\t\t\t\t\t<span class=\"person-card__description\">Profesora Investigadora <\/span>\n\t\t\t\t\t<span class=\"person-card__cta\">Ver perfil<\/span>\n\t\t<\/div>\n\t<\/a>\n<\/div>\n\t\t\t\t\t<div class=\"person-card\">\n\t<a href=\"https:\/\/derecho.udd.cl\/cdre\/persona\/julio-alvear-tellez\/\"\n\t\tclass=\"person-card__inner js-person-modal\"\n\t\tdata-post-id=\"1742\"\n\t\tdata-postid=\"1742\"\n\t>\n\t\t\t<div class=\"person-card__media\">\n\t\t\t<img loading=\"lazy\" decoding=\"async\" width=\"200\" height=\"200\" src=\"https:\/\/derecho.udd.cl\/cdre\/files\/2020\/05\/J.Alvearbn-1-62x62.jpg\" class=\"person-card__image wp-post-image lazyload\" alt=\"\" sizes=\"auto, (max-width: 200px) 100vw, 200px\" data-src=\"https:\/\/derecho.udd.cl\/cdre\/files\/2020\/05\/J.Alvearbn-1.jpg\" data-srcset=\"https:\/\/derecho.udd.cl\/cdre\/files\/2020\/05\/J.Alvearbn-1.jpg 200w, https:\/\/derecho.udd.cl\/cdre\/files\/2020\/05\/J.Alvearbn-1-150x150.jpg 150w, https:\/\/derecho.udd.cl\/cdre\/files\/2020\/05\/J.Alvearbn-1-62x62.jpg 62w, https:\/\/derecho.udd.cl\/cdre\/files\/2020\/05\/J.Alvearbn-1-126x126.jpg 126w\" \/>\t\t<\/div>\n\t\t\t<div class=\"person-card__content\">\n\t\t\t<h3 class=\"person-card__name\">Julio Alvear T\u00e9llez<\/h3>\n\t\t\t\t\t<span class=\"person-card__description\">Director de Investigaci\u00f3n<\/span>\n\t\t\t\t\t<span class=\"person-card__cta\">Ver perfil<\/span>\n\t\t<\/div>\n\t<\/a>\n<\/div>\n\t\t\t\t\t<div class=\"person-card\">\n\t<a href=\"https:\/\/derecho.udd.cl\/cdre\/persona\/jaime-carrasco-poblete\/\"\n\t\tclass=\"person-card__inner js-person-modal\"\n\t\tdata-post-id=\"3198\"\n\t\tdata-postid=\"3198\"\n\t>\n\t\t\t<div class=\"person-card__media\">\n\t\t\t<img loading=\"lazy\" decoding=\"async\" width=\"350\" height=\"350\" src=\"https:\/\/derecho.udd.cl\/cdre\/files\/2022\/09\/Jaime-Carrasco-Poblete-62x62.jpg\" class=\"person-card__image wp-post-image lazyload\" alt=\"\" sizes=\"auto, (max-width: 350px) 100vw, 350px\" data-src=\"https:\/\/derecho.udd.cl\/cdre\/files\/2022\/09\/Jaime-Carrasco-Poblete.jpg\" data-srcset=\"https:\/\/derecho.udd.cl\/cdre\/files\/2022\/09\/Jaime-Carrasco-Poblete.jpg 350w, https:\/\/derecho.udd.cl\/cdre\/files\/2022\/09\/Jaime-Carrasco-Poblete-300x300.jpg 300w, https:\/\/derecho.udd.cl\/cdre\/files\/2022\/09\/Jaime-Carrasco-Poblete-150x150.jpg 150w, https:\/\/derecho.udd.cl\/cdre\/files\/2022\/09\/Jaime-Carrasco-Poblete-62x62.jpg 62w, https:\/\/derecho.udd.cl\/cdre\/files\/2022\/09\/Jaime-Carrasco-Poblete-250x250.jpg 250w, https:\/\/derecho.udd.cl\/cdre\/files\/2022\/09\/Jaime-Carrasco-Poblete-126x126.jpg 126w\" \/>\t\t<\/div>\n\t\t\t<div class=\"person-card__content\">\n\t\t\t<h3 class=\"person-card__name\">Jaime  Carrasco Poblete<\/h3>\n\t\t\t\t\t<span class=\"person-card__description\">Profesor Investigador <\/span>\n\t\t\t\t\t<span class=\"person-card__cta\">Ver perfil<\/span>\n\t\t<\/div>\n\t<\/a>\n<\/div>\n\t\t\t\t\t<div class=\"person-card\">\n\t<a href=\"https:\/\/derecho.udd.cl\/cdre\/persona\/lilian-san-martin\/\"\n\t\tclass=\"person-card__inner js-person-modal\"\n\t\tdata-post-id=\"3201\"\n\t\tdata-postid=\"3201\"\n\t>\n\t\t\t<div class=\"person-card__media\">\n\t\t\t<img loading=\"lazy\" decoding=\"async\" width=\"500\" height=\"500\" src=\"https:\/\/derecho.udd.cl\/cdre\/files\/2022\/09\/img_0102_1-62x62.jpg\" class=\"person-card__image wp-post-image lazyload\" alt=\"\" sizes=\"auto, (max-width: 500px) 100vw, 500px\" data-src=\"https:\/\/derecho.udd.cl\/cdre\/files\/2022\/09\/img_0102_1-500x500.jpg\" data-srcset=\"https:\/\/derecho.udd.cl\/cdre\/files\/2022\/09\/img_0102_1-500x500.jpg 500w, https:\/\/derecho.udd.cl\/cdre\/files\/2022\/09\/img_0102_1-150x150.jpg 150w, https:\/\/derecho.udd.cl\/cdre\/files\/2022\/09\/img_0102_1-62x62.jpg 62w, https:\/\/derecho.udd.cl\/cdre\/files\/2022\/09\/img_0102_1-750x750.jpg 750w, https:\/\/derecho.udd.cl\/cdre\/files\/2022\/09\/img_0102_1-250x250.jpg 250w, https:\/\/derecho.udd.cl\/cdre\/files\/2022\/09\/img_0102_1-126x126.jpg 126w\" \/>\t\t<\/div>\n\t\t\t<div class=\"person-card__content\">\n\t\t\t<h3 class=\"person-card__name\">Lilian San Mart\u00edn<\/h3>\n\t\t\t\t\t<span class=\"person-card__description\">Profesora Investigadora <\/span>\n\t\t\t\t\t<span class=\"person-card__cta\">Ver perfil<\/span>\n\t\t<\/div>\n\t<\/a>\n<\/div>\n\t\t\t\t\t<div class=\"person-card\">\n\t<a href=\"https:\/\/derecho.udd.cl\/cdre\/persona\/pedro-goic\/\"\n\t\tclass=\"person-card__inner js-person-modal\"\n\t\tdata-post-id=\"3810\"\n\t\tdata-postid=\"3810\"\n\t>\n\t\t\t<div class=\"person-card__media\">\n\t\t\t<img loading=\"lazy\" decoding=\"async\" width=\"500\" height=\"500\" src=\"https:\/\/derecho.udd.cl\/cdre\/files\/2023\/07\/pedro-goic-martinic-1-750x750-1-62x62.jpg\" class=\"person-card__image wp-post-image lazyload\" alt=\"\" sizes=\"auto, (max-width: 500px) 100vw, 500px\" data-src=\"https:\/\/derecho.udd.cl\/cdre\/files\/2023\/07\/pedro-goic-martinic-1-750x750-1-500x500.jpg\" data-srcset=\"https:\/\/derecho.udd.cl\/cdre\/files\/2023\/07\/pedro-goic-martinic-1-750x750-1-500x500.jpg 500w, https:\/\/derecho.udd.cl\/cdre\/files\/2023\/07\/pedro-goic-martinic-1-750x750-1-300x300.jpg 300w, https:\/\/derecho.udd.cl\/cdre\/files\/2023\/07\/pedro-goic-martinic-1-750x750-1-150x150.jpg 150w, https:\/\/derecho.udd.cl\/cdre\/files\/2023\/07\/pedro-goic-martinic-1-750x750-1-62x62.jpg 62w, https:\/\/derecho.udd.cl\/cdre\/files\/2023\/07\/pedro-goic-martinic-1-750x750-1.jpg 750w, https:\/\/derecho.udd.cl\/cdre\/files\/2023\/07\/pedro-goic-martinic-1-750x750-1-250x250.jpg 250w, https:\/\/derecho.udd.cl\/cdre\/files\/2023\/07\/pedro-goic-martinic-1-750x750-1-126x126.jpg 126w\" \/>\t\t<\/div>\n\t\t\t<div class=\"person-card__content\">\n\t\t\t<h3 class=\"person-card__name\">Pedro Goic<\/h3>\n\t\t\t\t\t<span class=\"person-card__description\">Profesor Investigador<\/span>\n\t\t\t\t\t<span class=\"person-card__cta\">Ver perfil<\/span>\n\t\t<\/div>\n\t<\/a>\n<\/div>\n\t\t\t\t<\/div>\n\t<\/div>\n<\/section>\n\n\n<section class=\"wp-block-udd-fullwidth-cards\">\n\t<div class=\"container\">\n\t\t<header class=\"block__header\">\n\t\t\t<h2 class=\"block__title\">Noticias<\/h2>\n\t\t\t\t\t\t<a target=\"_blank\" rel=\"noreferer noopener\" href=\"https:\/\/derecho.udd.cl\/categoria\/centro-de-derecho-regulatorio-y-empresa\/\" class=\"block__view-more\">Ver m\u00e1s<\/a>\n\t\t\t\t\t<\/header>\n\t\t<div class=\"block__content\">\n\t\t\t<div class=\"fullwidth-cards fullwidth-cards--featured\">\n\t\t\t\t\t\t\t<div class=\"fullwidth-card-wrapper\">\n\t\t\t\t\t<a href=\"https:\/\/derecho.udd.cl\/noticias\/2026\/04\/derecho-udd-fue-sede-de-las-ii-jornadas-internacionales-de-compliance-y-sostenibilidad-corporativa\/\" class=\"fullwidth-card fullwidth-card--linkable\">\n\t\t\t\t\t\t<img class=\"fullwidth-card__image wp-post-image\" decoding=\"async\" loading=\"lazy\" width=\"500\" height=\"500\" src=\"https:\/\/derecho.udd.cl\/files\/2026\/04\/20260415_100208-500x500.jpg\" alt=\"\" srcset=\"https:\/\/derecho.udd.cl\/files\/2026\/04\/20260415_100208-150x150.jpg 150w, https:\/\/derecho.udd.cl\/files\/2026\/04\/20260415_100208-62x62.jpg 62w, https:\/\/derecho.udd.cl\/files\/2026\/04\/20260415_100208-750x750.jpg 750w, https:\/\/derecho.udd.cl\/files\/2026\/04\/20260415_100208-500x500.jpg 500w, https:\/\/derecho.udd.cl\/files\/2026\/04\/20260415_100208-250x250.jpg 250w, https:\/\/derecho.udd.cl\/files\/2026\/04\/20260415_100208-126x126.jpg 126w\" sizes=\"auto, (max-width: 500px) 100vw, 500px\" >\t\t\t\t\t\t<div class=\"fullwidth-card__content\">\n\t\t\t\t\t\t\t<span class=\"fullwidth-card__date\">16 de abril 2026<\/span>\n\t\t\t\t\t\t\t<h3 class=\"fullwidth-card__title\">Derecho UDD\u00a0fue sede\u00a0de\u00a0las II Jornadas Internacionales de\u00a0Compliance\u00a0y Sostenibilidad Corporativa\u00a0<\/h3>\n\t\t\t\t\t\t\t<span class=\"fullwidth-card__link\">Conocer m\u00e1s<\/span>\n\t\t\t\t\t\t<\/div>\n\t\t\t\t\t<\/a>\n\t\t\t\t<\/div>\n\t\t\t\t\t\t\t<div class=\"fullwidth-card-wrapper\">\n\t\t\t\t\t<a href=\"https:\/\/derecho.udd.cl\/noticias\/2026\/03\/facultad-de-derecho-udd-ingresa-al-qs-world-university-rankings-by-subject-en-law-legal-studies\/\" class=\"fullwidth-card fullwidth-card--linkable\">\n\t\t\t\t\t\t<img class=\"fullwidth-card__image wp-post-image\" decoding=\"async\" loading=\"lazy\" width=\"500\" height=\"500\" src=\"https:\/\/derecho.udd.cl\/files\/2026\/03\/imagen-web-500x500.jpg\" alt=\"\" srcset=\"https:\/\/derecho.udd.cl\/files\/2026\/03\/imagen-web-150x150.jpg 150w, https:\/\/derecho.udd.cl\/files\/2026\/03\/imagen-web-62x62.jpg 62w, https:\/\/derecho.udd.cl\/files\/2026\/03\/imagen-web-750x750.jpg 750w, https:\/\/derecho.udd.cl\/files\/2026\/03\/imagen-web-500x500.jpg 500w, https:\/\/derecho.udd.cl\/files\/2026\/03\/imagen-web-250x250.jpg 250w, https:\/\/derecho.udd.cl\/files\/2026\/03\/imagen-web-126x126.jpg 126w\" sizes=\"auto, (max-width: 500px) 100vw, 500px\" >\t\t\t\t\t\t<div class=\"fullwidth-card__content\">\n\t\t\t\t\t\t\t<span class=\"fullwidth-card__date\">25 de marzo 2026<\/span>\n\t\t\t\t\t\t\t<h3 class=\"fullwidth-card__title\">Facultad de Derecho UDD ingresa al QS World University Rankings by Subject en Law &amp; Legal Studies<\/h3>\n\t\t\t\t\t\t\t<span class=\"fullwidth-card__link\">Conocer m\u00e1s<\/span>\n\t\t\t\t\t\t<\/div>\n\t\t\t\t\t<\/a>\n\t\t\t\t<\/div>\n\t\t\t\t\t\t\t<div class=\"fullwidth-card-wrapper\">\n\t\t\t\t\t<a href=\"https:\/\/derecho.udd.cl\/noticias\/2026\/03\/seminario-internacional-abordo-la-obligacion-como-eje-del-derecho-civil-patrimonial-y-presento-codigo-modelo-para-america-latina\/\" class=\"fullwidth-card fullwidth-card--linkable\">\n\t\t\t\t\t\t<img class=\"fullwidth-card__image wp-post-image\" decoding=\"async\" loading=\"lazy\" width=\"500\" height=\"500\" src=\"https:\/\/derecho.udd.cl\/files\/2026\/03\/whatsapp-image-2026-03-18-at-16-21-06-1-500x500.jpeg\" alt=\"\" srcset=\"https:\/\/derecho.udd.cl\/files\/2026\/03\/whatsapp-image-2026-03-18-at-16-21-06-1-150x150.jpeg 150w, https:\/\/derecho.udd.cl\/files\/2026\/03\/whatsapp-image-2026-03-18-at-16-21-06-1-62x62.jpeg 62w, https:\/\/derecho.udd.cl\/files\/2026\/03\/whatsapp-image-2026-03-18-at-16-21-06-1-750x750.jpeg 750w, https:\/\/derecho.udd.cl\/files\/2026\/03\/whatsapp-image-2026-03-18-at-16-21-06-1-500x500.jpeg 500w, https:\/\/derecho.udd.cl\/files\/2026\/03\/whatsapp-image-2026-03-18-at-16-21-06-1-250x250.jpeg 250w, https:\/\/derecho.udd.cl\/files\/2026\/03\/whatsapp-image-2026-03-18-at-16-21-06-1-126x126.jpeg 126w\" sizes=\"auto, (max-width: 500px) 100vw, 500px\" >\t\t\t\t\t\t<div class=\"fullwidth-card__content\">\n\t\t\t\t\t\t\t<span class=\"fullwidth-card__date\">18 de marzo 2026<\/span>\n\t\t\t\t\t\t\t<h3 class=\"fullwidth-card__title\">Seminario internacional abord\u00f3 la obligaci\u00f3n como eje del derecho civil patrimonial y present\u00f3 C\u00f3digo Modelo para Am\u00e9rica Latina\u00a0<\/h3>\n\t\t\t\t\t\t\t<span class=\"fullwidth-card__link\">Conocer m\u00e1s<\/span>\n\t\t\t\t\t\t<\/div>\n\t\t\t\t\t<\/a>\n\t\t\t\t<\/div>\n\t\t\t\t\t\t\t<div class=\"fullwidth-card-wrapper\">\n\t\t\t\t\t<a href=\"https:\/\/derecho.udd.cl\/noticias\/2026\/03\/investigadores-de-derecho-udd-desarrollan-agenda-academica-internacional-durante-el-verano\/\" class=\"fullwidth-card fullwidth-card--linkable\">\n\t\t\t\t\t\t<img class=\"fullwidth-card__image wp-post-image\" decoding=\"async\" loading=\"lazy\" width=\"500\" height=\"500\" src=\"https:\/\/derecho.udd.cl\/files\/2026\/03\/fachada-actualizada-2021-960x544-1-500x500.jpeg\" alt=\"\" srcset=\"https:\/\/derecho.udd.cl\/files\/2026\/03\/fachada-actualizada-2021-960x544-1-150x150.jpeg 150w, https:\/\/derecho.udd.cl\/files\/2026\/03\/fachada-actualizada-2021-960x544-1-62x62.jpeg 62w, https:\/\/derecho.udd.cl\/files\/2026\/03\/fachada-actualizada-2021-960x544-1-500x500.jpeg 500w, https:\/\/derecho.udd.cl\/files\/2026\/03\/fachada-actualizada-2021-960x544-1-250x250.jpeg 250w, https:\/\/derecho.udd.cl\/files\/2026\/03\/fachada-actualizada-2021-960x544-1-126x126.jpeg 126w\" sizes=\"auto, (max-width: 500px) 100vw, 500px\" >\t\t\t\t\t\t<div class=\"fullwidth-card__content\">\n\t\t\t\t\t\t\t<span class=\"fullwidth-card__date\">6 de marzo 2026<\/span>\n\t\t\t\t\t\t\t<h3 class=\"fullwidth-card__title\">Investigadores de Derecho UDD desarrollan agenda acad\u00e9mica internacional durante el verano<\/h3>\n\t\t\t\t\t\t\t<span class=\"fullwidth-card__link\">Conocer m\u00e1s<\/span>\n\t\t\t\t\t\t<\/div>\n\t\t\t\t\t<\/a>\n\t\t\t\t<\/div>\n\t\t\t\t\t\t\t<div class=\"fullwidth-card-wrapper\">\n\t\t\t\t\t<a href=\"https:\/\/derecho.udd.cl\/noticias\/2025\/12\/delegacion-udd-destaca-en-el-i-congreso-regional-del-biobio-de-derecho-de-la-empresa\/\" class=\"fullwidth-card fullwidth-card--linkable\">\n\t\t\t\t\t\t<img class=\"fullwidth-card__image wp-post-image\" decoding=\"async\" loading=\"lazy\" width=\"500\" height=\"500\" src=\"https:\/\/derecho.udd.cl\/files\/2025\/12\/img_7673-1-500x500.jpg\" alt=\"\" srcset=\"https:\/\/derecho.udd.cl\/files\/2025\/12\/img_7673-1-150x150.jpg 150w, https:\/\/derecho.udd.cl\/files\/2025\/12\/img_7673-1-62x62.jpg 62w, https:\/\/derecho.udd.cl\/files\/2025\/12\/img_7673-1-750x750.jpg 750w, https:\/\/derecho.udd.cl\/files\/2025\/12\/img_7673-1-500x500.jpg 500w, https:\/\/derecho.udd.cl\/files\/2025\/12\/img_7673-1-250x250.jpg 250w, https:\/\/derecho.udd.cl\/files\/2025\/12\/img_7673-1-126x126.jpg 126w\" sizes=\"auto, (max-width: 500px) 100vw, 500px\" >\t\t\t\t\t\t<div class=\"fullwidth-card__content\">\n\t\t\t\t\t\t\t<span class=\"fullwidth-card__date\">22 de diciembre 2025<\/span>\n\t\t\t\t\t\t\t<h3 class=\"fullwidth-card__title\">Delegaci\u00f3n UDD destaca en el I Congreso Regional del Biob\u00edo de Derecho de la Empresa<\/h3>\n\t\t\t\t\t\t\t<span class=\"fullwidth-card__link\">Conocer m\u00e1s<\/span>\n\t\t\t\t\t\t<\/div>\n\t\t\t\t\t<\/a>\n\t\t\t\t<\/div>\n\t\t\t\t\t\t<\/div>\n\t\t<\/div>\n\t<\/div>\n<\/section>\n\n","protected":false},"excerpt":{"rendered":"","protected":false},"author":72,"featured_media":3069,"parent":0,"menu_order":0,"comment_status":"closed","ping_status":"closed","template":"","meta":{"footnotes":""},"class_list":["post-1622","page","type-page","status-publish","has-post-thumbnail","hentry"],"_links":{"self":[{"href":"https:\/\/derecho.udd.cl\/cdre\/wp-json\/wp\/v2\/pages\/1622","targetHints":{"allow":["GET"]}}],"collection":[{"href":"https:\/\/derecho.udd.cl\/cdre\/wp-json\/wp\/v2\/pages"}],"about":[{"href":"https:\/\/derecho.udd.cl\/cdre\/wp-json\/wp\/v2\/types\/page"}],"author":[{"embeddable":true,"href":"https:\/\/derecho.udd.cl\/cdre\/wp-json\/wp\/v2\/users\/72"}],"replies":[{"embeddable":true,"href":"https:\/\/derecho.udd.cl\/cdre\/wp-json\/wp\/v2\/comments?post=1622"}],"version-history":[{"count":50,"href":"https:\/\/derecho.udd.cl\/cdre\/wp-json\/wp\/v2\/pages\/1622\/revisions"}],"predecessor-version":[{"id":5749,"href":"https:\/\/derecho.udd.cl\/cdre\/wp-json\/wp\/v2\/pages\/1622\/revisions\/5749"}],"wp:featuredmedia":[{"embeddable":true,"href":"https:\/\/derecho.udd.cl\/cdre\/wp-json\/wp\/v2\/media\/3069"}],"wp:attachment":[{"href":"https:\/\/derecho.udd.cl\/cdre\/wp-json\/wp\/v2\/media?parent=1622"}],"curies":[{"name":"wp","href":"https:\/\/api.w.org\/{rel}","templated":true}]}}