{"id":20,"date":"2020-12-21T19:29:14","date_gmt":"2020-12-21T18:29:14","guid":{"rendered":"https:\/\/derecho.udd.cl\/actualidad-juridica\/?page_id=20"},"modified":"2023-10-10T20:55:47","modified_gmt":"2023-10-10T18:55:47","slug":"acerca-de-la-revista","status":"publish","type":"page","link":"https:\/\/derecho.udd.cl\/actualidad-juridica\/acerca-de-la-revista\/","title":{"rendered":"Acerca de la revista"},"content":{"rendered":"<section class=\"wp-block-udd-text-row\">\n\t<div class=\"text-row\">\n\t\t<div class=\"text-row__content\">\n\t\t\t<div class=\"text-row__content-inner text\">\n\t\t\t\t\t\t\t\t<h2>Conoce nuestra historia<\/h2>\n\t\t\t\t\t\t\t\t\n<p>Con <strong>24 a\u00f1os <\/strong>de trabajo ininterrumpido y<strong> dos ediciones publicadas al a\u00f1o<\/strong>, hasta la fecha cuenta con<strong> 48 n\u00fameros difundidos<\/strong>. <br><br> Actualidad Jur\u00eddica es un aporte a la ciencia jur\u00eddica y a la sociedad chilena, que se enmarca en la responsabilidad p\u00fablica que incentiva y potencia la Facultad de Derecho de la Universidad del Desarrollo. <\/p>\n\n<p>Se trata de una publicaci\u00f3n miscel\u00e1nea orientada a la divulgaci\u00f3n de <strong>temas jur\u00eddicos de actualidad y contingencia nacional e internacional.<\/strong> Por ello acoge colaboraciones de los acad\u00e9micos de la Facultad, de abogados destacados, de miembros del foro y la magistratura nacional y de expertos en temas jur\u00eddicos vigentes que provienen del foro y la academia extranjera. <\/p>\n\t\t\t<\/div>\n\t\t<\/div>\n\t\t<div class=\"text-row__media\">\n\t\t\t<img loading=\"lazy\" decoding=\"async\" width=\"952\" height=\"534\" src=\"https:\/\/derecho.udd.cl\/actualidad-juridica\/files\/2020\/12\/6_1-scaled-e1579180246505-680x382.jpg\" class=\"text-row__media-image lazyload\" alt=\"\" sizes=\"auto, (max-width: 952px) 100vw, 952px\" data-src=\"https:\/\/derecho.udd.cl\/actualidad-juridica\/files\/2020\/12\/6_1-scaled-e1579180246505-952x534.jpg\" data-srcset=\"https:\/\/derecho.udd.cl\/actualidad-juridica\/files\/2020\/12\/6_1-scaled-e1579180246505-952x534.jpg 952w, https:\/\/derecho.udd.cl\/actualidad-juridica\/files\/2020\/12\/6_1-scaled-e1579180246505-1366x768.jpg 1366w, https:\/\/derecho.udd.cl\/actualidad-juridica\/files\/2020\/12\/6_1-scaled-e1579180246505-680x382.jpg 680w\" \/>\t\t<\/div>\n\t<\/div>\n<\/section>\n\n\n<section class=\"wp-block-udd-text-row block--content-align-right\">\n\t<div class=\"text-row\">\n\t\t<div class=\"text-row__content\">\n\t\t\t<div class=\"text-row__content-inner text\">\n\t\t\t\t\t\t\t\t\n<p>Desde sus inicios, en<strong> enero del a\u00f1o 2000<\/strong>, la revista ha favorecido el debate jur\u00eddico en materias contingentes, con una mirada t\u00e9cnica, nutriendo la discusi\u00f3n p\u00fablica, con la finalidad de colaborar a la <strong>construcci\u00f3n de una sociedad libre y responsable. <\/strong><\/p>\n\n<p>Es pol\u00edtica editorial de la revista que en cada n\u00famero se examine un tema central de actualidad con un dossier de art\u00edculos sobre el mismo y, adem\u00e1s, se aborden trabajos y ensayos sobre otras tem\u00e1ticas jur\u00eddicas como, asimismo, se inserten permanentemente secciones dedicadas al an\u00e1lisis de jurisprudencia y a la recensi\u00f3n de publicaciones. <\/p>\n\t\t\t<\/div>\n\t\t<\/div>\n\t\t<div class=\"text-row__media\">\n\t\t\t<img loading=\"lazy\" decoding=\"async\" width=\"952\" height=\"534\" src=\"https:\/\/derecho.udd.cl\/actualidad-juridica\/files\/2020\/12\/Postgrado-Derecho-UDD-RRSS-77-680x382.jpg\" class=\"text-row__media-image lazyload\" alt=\"\" sizes=\"auto, (max-width: 952px) 100vw, 952px\" data-src=\"https:\/\/derecho.udd.cl\/actualidad-juridica\/files\/2020\/12\/Postgrado-Derecho-UDD-RRSS-77-952x534.jpg\" data-srcset=\"https:\/\/derecho.udd.cl\/actualidad-juridica\/files\/2020\/12\/Postgrado-Derecho-UDD-RRSS-77-952x534.jpg 952w, https:\/\/derecho.udd.cl\/actualidad-juridica\/files\/2020\/12\/Postgrado-Derecho-UDD-RRSS-77-1366x768.jpg 1366w, https:\/\/derecho.udd.cl\/actualidad-juridica\/files\/2020\/12\/Postgrado-Derecho-UDD-RRSS-77-680x382.jpg 680w\" \/>\t\t<\/div>\n\t<\/div>\n<\/section>\n","protected":false},"excerpt":{"rendered":"","protected":false},"author":51,"featured_media":0,"parent":0,"menu_order":0,"comment_status":"closed","ping_status":"closed","template":"","meta":{"footnotes":""},"class_list":["post-20","page","type-page","status-publish","hentry"],"yoast_head":"<!-- This site is optimized with the Yoast SEO plugin v26.9 - https:\/\/yoast.com\/product\/yoast-seo-wordpress\/ -->\n<title>Acerca de la revista - Revista de Derecho UDD<\/title>\n<meta name=\"robots\" content=\"index, follow, max-snippet:-1, max-image-preview:large, max-video-preview:-1\" \/>\n<link rel=\"canonical\" href=\"https:\/\/derecho.udd.cl\/actualidad-juridica\/acerca-de-la-revista\/\" \/>\n<meta property=\"og:locale\" content=\"es_ES\" \/>\n<meta property=\"og:type\" content=\"article\" \/>\n<meta property=\"og:title\" content=\"Acerca de la revista - Revista de Derecho UDD\" \/>\n<meta property=\"og:url\" content=\"https:\/\/derecho.udd.cl\/actualidad-juridica\/acerca-de-la-revista\/\" \/>\n<meta property=\"og:site_name\" content=\"Revista de Derecho UDD\" \/>\n<meta property=\"article:modified_time\" content=\"2023-10-10T18:55:47+00:00\" \/>\n<meta property=\"og:image\" content=\"https:\/\/derecho.udd.cl\/actualidad-juridica\/files\/2020\/12\/6_1-scaled-e1579180246505.jpg\" \/>\n<meta name=\"twitter:card\" content=\"summary_large_image\" \/>\n<meta name=\"twitter:label1\" content=\"Tiempo de lectura\" \/>\n\t<meta name=\"twitter:data1\" content=\"2 minutos\" \/>\n<script type=\"application\/ld+json\" class=\"yoast-schema-graph\">{\"@context\":\"https:\/\/schema.org\",\"@graph\":[{\"@type\":\"WebPage\",\"@id\":\"https:\/\/derecho.udd.cl\/actualidad-juridica\/acerca-de-la-revista\/\",\"url\":\"https:\/\/derecho.udd.cl\/actualidad-juridica\/acerca-de-la-revista\/\",\"name\":\"Acerca de la revista - Revista de Derecho UDD\",\"isPartOf\":{\"@id\":\"https:\/\/derecho.udd.cl\/actualidad-juridica\/#website\"},\"primaryImageOfPage\":{\"@id\":\"https:\/\/derecho.udd.cl\/actualidad-juridica\/acerca-de-la-revista\/#primaryimage\"},\"image\":{\"@id\":\"https:\/\/derecho.udd.cl\/actualidad-juridica\/acerca-de-la-revista\/#primaryimage\"},\"thumbnailUrl\":\"https:\/\/derecho.udd.cl\/actualidad-juridica\/files\/2020\/12\/6_1-scaled-e1579180246505.jpg\",\"datePublished\":\"2020-12-21T18:29:14+00:00\",\"dateModified\":\"2023-10-10T18:55:47+00:00\",\"breadcrumb\":{\"@id\":\"https:\/\/derecho.udd.cl\/actualidad-juridica\/acerca-de-la-revista\/#breadcrumb\"},\"inLanguage\":\"es\",\"potentialAction\":[{\"@type\":\"ReadAction\",\"target\":[\"https:\/\/derecho.udd.cl\/actualidad-juridica\/acerca-de-la-revista\/\"]}]},{\"@type\":\"ImageObject\",\"inLanguage\":\"es\",\"@id\":\"https:\/\/derecho.udd.cl\/actualidad-juridica\/acerca-de-la-revista\/#primaryimage\",\"url\":\"https:\/\/derecho.udd.cl\/actualidad-juridica\/files\/2020\/12\/6_1-scaled-e1579180246505.jpg\",\"contentUrl\":\"https:\/\/derecho.udd.cl\/actualidad-juridica\/files\/2020\/12\/6_1-scaled-e1579180246505.jpg\",\"width\":2560,\"height\":1692},{\"@type\":\"BreadcrumbList\",\"@id\":\"https:\/\/derecho.udd.cl\/actualidad-juridica\/acerca-de-la-revista\/#breadcrumb\",\"itemListElement\":[{\"@type\":\"ListItem\",\"position\":1,\"name\":\"Portada\",\"item\":\"https:\/\/derecho.udd.cl\/actualidad-juridica\/\"},{\"@type\":\"ListItem\",\"position\":2,\"name\":\"Acerca de la revista\"}]},{\"@type\":\"WebSite\",\"@id\":\"https:\/\/derecho.udd.cl\/actualidad-juridica\/#website\",\"url\":\"https:\/\/derecho.udd.cl\/actualidad-juridica\/\",\"name\":\"Revista de Derecho UDD\",\"description\":\"Revista Actualidad Jur\u00eddica\",\"inLanguage\":\"es\"}]}<\/script>\n<!-- \/ Yoast SEO plugin. -->","yoast_head_json":{"title":"Acerca de la revista - Revista de Derecho UDD","robots":{"index":"index","follow":"follow","max-snippet":"max-snippet:-1","max-image-preview":"max-image-preview:large","max-video-preview":"max-video-preview:-1"},"canonical":"https:\/\/derecho.udd.cl\/actualidad-juridica\/acerca-de-la-revista\/","og_locale":"es_ES","og_type":"article","og_title":"Acerca de la revista - Revista de Derecho UDD","og_url":"https:\/\/derecho.udd.cl\/actualidad-juridica\/acerca-de-la-revista\/","og_site_name":"Revista de Derecho UDD","article_modified_time":"2023-10-10T18:55:47+00:00","og_image":[{"url":"https:\/\/derecho.udd.cl\/actualidad-juridica\/files\/2020\/12\/6_1-scaled-e1579180246505.jpg","type":"","width":"","height":""}],"twitter_card":"summary_large_image","twitter_misc":{"Tiempo de lectura":"2 minutos"},"schema":{"@context":"https:\/\/schema.org","@graph":[{"@type":"WebPage","@id":"https:\/\/derecho.udd.cl\/actualidad-juridica\/acerca-de-la-revista\/","url":"https:\/\/derecho.udd.cl\/actualidad-juridica\/acerca-de-la-revista\/","name":"Acerca de la revista - Revista de Derecho UDD","isPartOf":{"@id":"https:\/\/derecho.udd.cl\/actualidad-juridica\/#website"},"primaryImageOfPage":{"@id":"https:\/\/derecho.udd.cl\/actualidad-juridica\/acerca-de-la-revista\/#primaryimage"},"image":{"@id":"https:\/\/derecho.udd.cl\/actualidad-juridica\/acerca-de-la-revista\/#primaryimage"},"thumbnailUrl":"https:\/\/derecho.udd.cl\/actualidad-juridica\/files\/2020\/12\/6_1-scaled-e1579180246505.jpg","datePublished":"2020-12-21T18:29:14+00:00","dateModified":"2023-10-10T18:55:47+00:00","breadcrumb":{"@id":"https:\/\/derecho.udd.cl\/actualidad-juridica\/acerca-de-la-revista\/#breadcrumb"},"inLanguage":"es","potentialAction":[{"@type":"ReadAction","target":["https:\/\/derecho.udd.cl\/actualidad-juridica\/acerca-de-la-revista\/"]}]},{"@type":"ImageObject","inLanguage":"es","@id":"https:\/\/derecho.udd.cl\/actualidad-juridica\/acerca-de-la-revista\/#primaryimage","url":"https:\/\/derecho.udd.cl\/actualidad-juridica\/files\/2020\/12\/6_1-scaled-e1579180246505.jpg","contentUrl":"https:\/\/derecho.udd.cl\/actualidad-juridica\/files\/2020\/12\/6_1-scaled-e1579180246505.jpg","width":2560,"height":1692},{"@type":"BreadcrumbList","@id":"https:\/\/derecho.udd.cl\/actualidad-juridica\/acerca-de-la-revista\/#breadcrumb","itemListElement":[{"@type":"ListItem","position":1,"name":"Portada","item":"https:\/\/derecho.udd.cl\/actualidad-juridica\/"},{"@type":"ListItem","position":2,"name":"Acerca de la revista"}]},{"@type":"WebSite","@id":"https:\/\/derecho.udd.cl\/actualidad-juridica\/#website","url":"https:\/\/derecho.udd.cl\/actualidad-juridica\/","name":"Revista de Derecho UDD","description":"Revista Actualidad Jur\u00eddica","inLanguage":"es"}]}},"_links":{"self":[{"href":"https:\/\/derecho.udd.cl\/actualidad-juridica\/wp-json\/wp\/v2\/pages\/20","targetHints":{"allow":["GET"]}}],"collection":[{"href":"https:\/\/derecho.udd.cl\/actualidad-juridica\/wp-json\/wp\/v2\/pages"}],"about":[{"href":"https:\/\/derecho.udd.cl\/actualidad-juridica\/wp-json\/wp\/v2\/types\/page"}],"author":[{"embeddable":true,"href":"https:\/\/derecho.udd.cl\/actualidad-juridica\/wp-json\/wp\/v2\/users\/51"}],"replies":[{"embeddable":true,"href":"https:\/\/derecho.udd.cl\/actualidad-juridica\/wp-json\/wp\/v2\/comments?post=20"}],"version-history":[{"count":10,"href":"https:\/\/derecho.udd.cl\/actualidad-juridica\/wp-json\/wp\/v2\/pages\/20\/revisions"}],"predecessor-version":[{"id":5012,"href":"https:\/\/derecho.udd.cl\/actualidad-juridica\/wp-json\/wp\/v2\/pages\/20\/revisions\/5012"}],"wp:attachment":[{"href":"https:\/\/derecho.udd.cl\/actualidad-juridica\/wp-json\/wp\/v2\/media?parent=20"}],"curies":[{"name":"wp","href":"https:\/\/api.w.org\/{rel}","templated":true}]}}